000
CXUS54 KLIX 020112
CF6MCB
PRELIMINARY LOCAL CLIMATOLOGICAL DATA (WS FORM: F-6)
STATION: MCCOMB
MONTH: JULY
YEAR: 2023
LATITUDE: 31 10 N
LONGITUDE: 90 28 W
TEMPERATURE IN F: :PCPN: SNOW: WIND :SUNSHINE: SKY :PK WND
================================================================================
1 2 3 4 5 6A 6B 7 8 9 10 11 12 13 14 15 16 17 18
12Z AVG MX 2MIN
DY MAX MIN AVG DEP HDD CDD WTR SNW DPTH SPD SPD DIR MIN PSBL S-S WX SPD DR
================================================================================
1 98 74 86 6 0 21 0.00 0.0 M 3.6 14 190 M M 3 138 21 220
2 97 76 87 7 0 22 0.15 0.0 M 4.5 14 120 M M 3 138 22 280
3 95 73 84 3 0 19 T 0.0 M 4.2 18 320 M M 2 1 24 330
4 92 74 83 2 0 18 0.04 0.0 M 2.5 18 160 M M 2 13 24 160
5 96 73 85 4 0 20 0.95 0.0 M 4.3 20 160 M M 3 13 25 150
6 91 72 82 1 0 17 0.25 0.0 M 5.3 18 220 M M 3 13 30 270
7 92 71 82 1 0 17 0.00 0.0 M 4.2 14 320 M M 2 1 21 270
8 93 73 83 2 0 18 T 0.0 M 4.7 15 210 M M 1 22 210
9 88 75 82 1 0 17 0.41 0.0 M 5.1 23 320 M M 3 138 29 320
10 87 72 80 -1 0 15 T 0.0 M 4.6 18 330 M M 5 3 26 340
11 92 73 83 2 0 18 0.52 0.0 M 3.9 24 350 M M 3 138 33 350
12 92 72 82 1 0 17 0.00 0.0 M 5.6 15 250 M M 3 3 22 310
13 93 76 85 4 0 20 0.00 0.0 M 4.6 14 230 M M 3 1 20 240
14 95 76 86 5 0 21 0.00 0.0 M 4.3 15 250 M M 2 20 260
15 95 75 85 4 0 20 T 0.0 M 5.1 25 350 M M 2 3 36 360
16 89 70 80 -1 0 15 0.94 0.0 M 5.7 31 320 M M 4 13 42 330
17 93 69 81 0 0 16 0.00 0.0 M 2.4 9 290 M M 0 16 300
18 95 70 83 2 0 18 0.00 0.0 M 3.7 12 190 M M 0 1 15 170
19 97 74 86 5 0 21 0.00 0.0 M 3.9 12 240 M M 1 1 19 290
20 97 74 86 5 0 21 0.00 0.0 M 3.2 10 330 M M 1 1 16 220
21 96 74 85 4 0 20 0.00 0.0 M 2.8 12 210 M M 2 17 220
22 93 74 84 3 0 19 0.67 0.0 M 4.9 22 310 M M 3 13 35 190
23 90 69 80 -1 0 15 0.05 0.0 M 3.7 14 360 M M 5 1 20 340
24 90 65 78 -3 0 13 0.00 0.0 M 1.6 10 80 M M 0 23 70
25 93 67 80 -1 0 15 0.00 0.0 M 1.6 10 150 M M 0 18 15 160
26 94 67 81 0 0 16 0.00 0.0 M 2.0 9 100 M M 0 18 14 90
27 95 71 83 2 0 18 T 0.0 M 3.1 24 170 M M 0 3 30 160
28 95 70 83 2 0 18 0.00 0.0 M 2.4 12 160 M M 1 18 18 160
29 96 71 84 2 0 19 0.00 0.0 M 3.5 16 20 M M 1 3 26 30
30 99 71 85 3 0 20 0.00 0.0 M 4.0 13 360 M M 1 3 19 360
31 98 72 85 3 0 20 0.00 0.0 M 3.8 15 320 M M 1 20 310
================================================================================
SM 2906 2233 0 564 3.98 0.0 118.8 M 60
================================================================================
AV 93.7 72.0 3.8 FASTST M M 2 MAX(MPH)
MISC ----> 31 320 42 330
================================================================================
NOTES:
# LAST OF SEVERAL OCCURRENCES
COLUMN 17 PEAK WIND IN M.P.H.
PRELIMINARY LOCAL CLIMATOLOGICAL DATA (WS FORM: F-6) , PAGE 2
STATION: MCCOMB
MONTH: JULY
YEAR: 2023
LATITUDE: 31 10 N
LONGITUDE: 90 28 W
[TEMPERATURE DATA] [PRECIPITATION DATA] SYMBOLS USED IN COLUMN 16
AVERAGE MONTHLY: 82.9 TOTAL FOR MONTH: 3.98 1 = FOG OR MIST
DPTR FM NORMAL: 1.8 DPTR FM NORMAL: -1.97 2 = FOG REDUCING VISIBILITY
HIGHEST: 99 ON 30 GRTST 24HR 0.95 ON 5- 5 TO 1/4 MILE OR LESS
LOWEST: 65 ON 24 3 = THUNDER
SNOW, ICE PELLETS, HAIL 4 = ICE PELLETS
TOTAL MONTH: 0.0 INCH 5 = HAIL
GRTST 24HR 0.0 6 = FREEZING RAIN OR DRIZZLE
GRTST DEPTH: M ON M 7 = DUSTSTORM OR SANDSTORM:
VSBY 1/2 MILE OR LESS
8 = SMOKE OR HAZE
[NO. OF DAYS WITH] [WEATHER - DAYS WITH] 9 = BLOWING SNOW
X = TORNADO
MAX 32 OR BELOW: 0 0.01 INCH OR MORE: 9
MAX 90 OR ABOVE: 28 0.10 INCH OR MORE: 7
MIN 32 OR BELOW: 0 0.50 INCH OR MORE: 4
MIN 0 OR BELOW: 0 1.00 INCH OR MORE: 0
[HDD (BASE 65) ]
TOTAL THIS MO. 0 CLEAR (SCALE 0-3) 24
DPTR FM NORMAL 0 PTCLDY (SCALE 4-7) 7
TOTAL FM JUL 1 0 CLOUDY (SCALE 8-10) 0
DPTR FM NORMAL 0
[CDD (BASE 65) ]
TOTAL THIS MO. 564
DPTR FM NORMAL 66 [PRESSURE DATA]
TOTAL FM JAN 1 1552 HIGHEST SLP 30.18 ON 25
DPTR FM NORMAL 217 LOWEST SLP 29.84 ON 22
[REMARKS]
#FINAL-07-23#