000
CXAK56 PAFG 011036
CF6MCG
PRELIMINARY LOCAL CLIMATOLOGICAL DATA (WS FORM: F-6)
STATION: MCGRATH AK
MONTH: MAY
YEAR: 2023
LATITUDE: 62 57 N
LONGITUDE: 155 36 W
TEMPERATURE IN F: :PCPN: SNOW: WIND :SUNSHINE: SKY :PK WND
================================================================================
1 2 3 4 5 6A 6B 7 8 9 10 11 12 13 14 15 16 17 18
12Z AVG MX 2MIN
DY MAX MIN AVG DEP HDD CDD WTR SNW DPTH SPD SPD DIR MIN PSBL S-S WX SPD DR
================================================================================
1 M M M M M M M M M M M M M M M M M
2 47 37 42 -2 23 0 T M M 7.9 17 170 M M 6 25 170
3 39 28 34 -10 31 0 0.01 M M 5.4 18 200 M M 9 18 24 200
4 44 25 35 -9 30 0 T M M 2.6 9 150 M M 8 11 150
5 50 32 41 -4 24 0 T M M 1.7 10 290 M M 9 14 280
6 46 33 40 -5 25 0 0.01 M M 4.2 10 260 M M 9 13 290
7 48 28 38 -8 27 0 0.00 M M 5.5 13 40 M M 8 15 30
8 51 28 40 -6 25 0 0.00 M M 6.8 16 100 M M 1 24 120
9 55 33 44 -2 21 0 0.00 M M 2.2 9 70 M M 3 12 70
10 56 31 44 -3 21 0 0.00 M M 6.7 18 90 M M 1 26 90
11 53 34 44 -3 21 0 T M M 2.5 14 260 M M 7 18 220
12 60 32 46 -1 19 0 T M M 3.1 9 40 M M 2 13 40
13 59 30 45 -3 20 0 0.00 M M 8.8 25 200 M M 0 37 200
14 56 38 47 -1 18 0 0.00 M M 7.3 17 210 M M 4 25 210
15 50 39 45 -3 20 0 0.15 M M 4.6 21 210 M M 9 1 29 220
16 51 39 45 -3 20 0 0.03 M M 10.3 28 200 M M 7 35 230
17 50 35 43 -6 22 0 0.05 M M 4.6 16 230 M M 8 23 220
18 61 31 46 -3 19 0 0.00 M M 9.2 20 50 M M 1 26 30
19 74 46 60 11 5 0 0.00 M M 7.7 16 210 M M 0 21 20
20 70 44 57 7 8 0 0.01 M M 3.7 15 120 M M 6 22 200
21 63 45 54 4 11 0 0.00 M M 3.3 12 240 M M 6 16 250
22 64 44 54 4 11 0 0.00 M M 6.3 17 70 M M 3 23 80
23 64 46 55 4 10 0 T M M 3.7 10 30 M M 10 15 350
24 61 49 55 4 10 0 T M M 3.9 12 170 M M 8 15 180
25 61 45 53 2 12 0 T M M 3.4 14 130 M M 7 19 110
26 60 45 53 1 12 0 T M M 6.8 16 200 M M 7 22 200
27 67 44 56 4 9 0 0.00 M M 7.0 20 70 M M 7 25 70
28 56 46 51 -1 14 0 0.03 M M 5.8 15 210 M M 8 20 200
29 54 42 48 -5 17 0 0.00 M M 8.5 18 220 M M 6 24 220
30 56 42 49 -4 16 0 T M M 4.6 12 210 M M 8 16 200
31 52 40 46 -8 19 0 T M M 8.0 18 260 M M 7 25 280
================================================================================
SM 1678 1131 540 0 0.29 M 166.1 M 175
================================================================================
AV 55.9 37.7 5.5 FASTST M M 6 MAX(MPH)
MISC ----> 28 200 37 200
================================================================================
NOTES:
# LAST OF SEVERAL OCCURRENCES
COLUMN 17 PEAK WIND IN M.P.H.
PRELIMINARY LOCAL CLIMATOLOGICAL DATA (WS FORM: F-6) , PAGE 2
STATION: MCGRATH AK
MONTH: MAY
YEAR: 2023
LATITUDE: 62 57 N
LONGITUDE: 155 36 W
[TEMPERATURE DATA] [PRECIPITATION DATA] SYMBOLS USED IN COLUMN 16
AVERAGE MONTHLY: 46.8 TOTAL FOR MONTH: 0.29 1 = FOG OR MIST
DPTR FM NORMAL: -1.6 DPTR FM NORMAL: -0.62 2 = FOG REDUCING VISIBILITY
HIGHEST: 74 ON 19 GRTST 24HR 0.18 ON 15-16 TO 1/4 MILE OR LESS
LOWEST: 25 ON 4 3 = THUNDER
SNOW, ICE PELLETS, HAIL 4 = ICE PELLETS
TOTAL MONTH: M 5 = HAIL
GRTST 24HR M ON M 6 = FREEZING RAIN OR DRIZZLE
GRTST DEPTH: M ON M 7 = DUSTSTORM OR SANDSTORM:
VSBY 1/2 MILE OR LESS
8 = SMOKE OR HAZE
[NO. OF DAYS WITH] [WEATHER - DAYS WITH] 9 = BLOWING SNOW
X = TORNADO
MAX 32 OR BELOW: 0 0.01 INCH OR MORE: 7
MAX 90 OR ABOVE: 0 0.10 INCH OR MORE: 1
MIN 32 OR BELOW: 9 0.50 INCH OR MORE: 0
MIN 0 OR BELOW: 0 1.00 INCH OR MORE: 0
[HDD (BASE 65) ]
TOTAL THIS MO. 540 CLEAR (SCALE 0-3) 7
DPTR FM NORMAL 27 PTCLDY (SCALE 4-7) 14
TOTAL FM JUL 1 12376 CLOUDY (SCALE 8-10) 10
DPTR FM NORMAL -586
[CDD (BASE 65) ]
TOTAL THIS MO. 0
DPTR FM NORMAL 0 [PRESSURE DATA]
TOTAL FM JAN 1 0 HIGHEST SLP M ON M
DPTR FM NORMAL 0 LOWEST SLP 29.29 ON 27
[REMARKS]
#FINAL-05-23#