000
CXUS53 KDMX 010910
CF6MCW
PRELIMINARY LOCAL CLIMATOLOGICAL DATA (WS FORM: F-6)
STATION: MASON CITY IA
MONTH: NOVEMBER
YEAR: 2022
LATITUDE: 43 9 N
LONGITUDE: 93 20 W
TEMPERATURE IN F: :PCPN: SNOW: WIND :SUNSHINE: SKY :PK WND
================================================================================
1 2 3 4 5 6A 6B 7 8 9 10 11 12 13 14 15 16 17 18
12Z AVG MX 2MIN
DY MAX MIN AVG DEP HDD CDD WTR SNW DPTH SPD SPD DIR MIN PSBL S-S WX SPD DR
================================================================================
1 73 36 55 14 10 0 0.00 0.0 0 9.9 17 210 M M 0 24 210
2 74 42 58 18 7 0 0.00 0.0 0 15.5 32 180 M M 0 45 180
3 66 45 56 16 9 0 0.03 0.0 0 13.7 24 180 M M 6 1 33 180
4 45 36 41 2 24 0 0.31 0.0 0 13.3 22 330 M M 10 13 28 290
5 47 34 41 2 24 0 0.05 0.0 0 13.0 22 300 M M 6 1 27 290
6 55 31 43 5 22 0 0.00 0.0 0 16.1 32 290 M M 0 42 290
7 42 20 31 -7 34 0 0.00 0.0 0 9.1 17 80 M M 0 22 100
8 56 32 44 7 21 0 T 0.0 0 19.5 30 140 M M 5 3 40 150
9 68 52 60 23 5 0 0.00 0.0 0 16.8 23 180 M M 9 33 180
10 70 24 47 11 18 0 T 0.0 0 19.8 31 280 M M 9 41 270
11 28 18 23 -13 42 0 0.00 0.0 0 19.6 28 320 M M 9 36 310
12 28 22 25 -11 40 0 T T 0 14.0 21 330 M M 10 1 26 310
13 27 20 24 -11 41 0 0.00 0.0 0 5.3 12 310 M M 7 14 310
14 37 23 30 -5 35 0 0.00 0.0 0 11.9 23 150 M M 10 31 150
15 32 25 29 -5 36 0 0.22 2.3 1 8.2 14 310 M M 10 1 18 300
16 28 19 24 -10 41 0 0.01 0.2 2 12.9 23 300 M M 10 1 28 300
17 30 17 24 -9 41 0 T T 2 17.9 29 310 M M 10 1 34 310
18 19 14 17 -16 48 0 T T 2 18.7 28 310 M M 6 1 35 300
19 21 5 13 -19 52 0 0.01 0.1 2 18.6 35 310 M M 5 18 46 300
20 35 7 21 -11 44 0 0.00 0.0 2 10.5 21 210 M M 1 27 230
21 33 16 25 -6 40 0 0.00 0.0 1 9.4 21 320 M M 0 25 320
22 46 14 30 -1 35 0 0.00 0.0 T 4.4 15 210 M M 0 1 20 210
23 52 18 35 5 30 0 0.00 0.0 0 6.4 17 170 M M 0 1 22 170
24 45 25 35 5 30 0 0.00 0.0 0 9.6 22 320 M M 2 12 29 330
25 50 23 37 7 28 0 0.00 0.0 0 8.8 16 220 M M 0 23 210
26 54 34 44 15 21 0 0.00 0.0 0 14.0 26 200 M M M 39 200
27 43 17 30 1 35 0 0.00 0.0 0 12.5 24 10 M M 0 31 360
28 45 15 30 2 35 0 0.00 0.0 0 9.2 24 180 M M 0 33 170
29 33 16 25 -3 40 0 0.19 1.4 0 18.8 33 330 M M 7 1 45 310
30 19 8 14 -13 51 0 T T 1 18.7 31 300 M M 4 40 280
================================================================================
SM 1301 708 939 0 0.82 4.0 396.1 M 136
================================================================================
AV 43.4 23.6 13.2 FASTST M M 5 MAX(MPH)
MISC ----> 35 310 46 300
================================================================================
NOTES:
# LAST OF SEVERAL OCCURRENCES
COLUMN 17 PEAK WIND IN M.P.H.
PRELIMINARY LOCAL CLIMATOLOGICAL DATA (WS FORM: F-6) , PAGE 2
STATION: MASON CITY IA
MONTH: NOVEMBER
YEAR: 2022
LATITUDE: 43 9 N
LONGITUDE: 93 20 W
[TEMPERATURE DATA] [PRECIPITATION DATA] SYMBOLS USED IN COLUMN 16
AVERAGE MONTHLY: 33.5 TOTAL FOR MONTH: 0.82 1 = FOG OR MIST
DPTR FM NORMAL: -0.4 DPTR FM NORMAL: -0.85 2 = FOG REDUCING VISIBILITY
HIGHEST: 74 ON 2 GRTST 24HR 0.34 ON 3- 4 TO 1/4 MILE OR LESS
LOWEST: 5 ON 19 3 = THUNDER
SNOW, ICE PELLETS, HAIL 4 = ICE PELLETS
TOTAL MONTH: 4.0 INCHES 5 = HAIL
GRTST 24HR 2.3 ON 15-15 6 = FREEZING RAIN OR DRIZZLE
GRTST DEPTH: 2 ON 20,19 7 = DUSTSTORM OR SANDSTORM:
VSBY 1/2 MILE OR LESS
8 = SMOKE OR HAZE
[NO. OF DAYS WITH] [WEATHER - DAYS WITH] 9 = BLOWING SNOW
X = TORNADO
MAX 32 OR BELOW: 9 0.01 INCH OR MORE: 7
MAX 90 OR ABOVE: 0 0.10 INCH OR MORE: 3
MIN 32 OR BELOW: 23 0.50 INCH OR MORE: 0
MIN 0 OR BELOW: 0 1.00 INCH OR MORE: 0
[HDD (BASE 65) ]
TOTAL THIS MO. 939 CLEAR (SCALE 0-3) 12
DPTR FM NORMAL 7 PTCLDY (SCALE 4-7) 8
TOTAL FM JUL 1 1612 CLOUDY (SCALE 8-10) 10
DPTR FM NORMAL -45
[CDD (BASE 65) ]
TOTAL THIS MO. 0
DPTR FM NORMAL 0 [PRESSURE DATA]
TOTAL FM JAN 1 675 HIGHEST SLP 30.61 ON 7
DPTR FM NORMAL 73 LOWEST SLP 29.39 ON 5
[REMARKS]
#FINAL-11-22#