146
CDUS43 KDMX 220638
CLIMCW

CLIMATE REPORT
NATIONAL WEATHER SERVICE DES MOINES IA
138 AM CDT SUN APR 22 2018

...................................

...THE MASON CITY IA CLIMATE SUMMARY FOR APRIL 21 2018...

CLIMATE NORMAL PERIOD 1981 TO 2010
CLIMATE RECORD PERIOD 1893 TO 2018


WEATHER ITEM   OBSERVED TIME   RECORD YEAR NORMAL DEPARTURE LAST
                VALUE   (LST)  VALUE       VALUE  FROM      YEAR
                                                  NORMAL
..................................................................
TEMPERATURE (F)
 YESTERDAY
  MAXIMUM         49    256 PM  93    1980  61    -12       58
  MINIMUM         34    201 AM  19    1934  37     -3       33
  AVERAGE         42                        49     -7       46

PRECIPITATION (IN)
  YESTERDAY        0.00          1.63 1912   0.14  -0.14     0.00
  MONTH TO DATE    4.00                      2.51   1.49     3.37
  SINCE MAR 1      6.14                      4.74   1.40     5.28
  SINCE JAN 1      8.69                      6.56   2.13     9.27

SNOWFALL (IN)
  YESTERDAY        0.0           1.2  1988   0.1   -0.1      0.0
  MONTH TO DATE   26.9                       2.4   24.5      0.0
  SINCE MAR 1     45.4                       8.4   37.0      8.5
  SINCE JUL 1     65.8                      40.9   24.9     47.9
  SNOW DEPTH      MM

DEGREE DAYS
 HEATING
  YESTERDAY       23                        16      7       19
  MONTH TO DATE  762                       429    333      304
  SINCE MAR 1   1825                      1423    402     1322
  SINCE JUL 1   7583                      7274    309     6234

 COOLING
  YESTERDAY        0                         0      0        0
  MONTH TO DATE    0                         0      0        0
  SINCE MAR 1      0                         0      0        0
  SINCE JAN 1      0                         0      0        0
..................................................................


WIND (MPH)
  HIGHEST WIND SPEED    13   HIGHEST WIND DIRECTION    NE (40)
  HIGHEST GUST SPEED    14   HIGHEST GUST DIRECTION    NE (50)
  AVERAGE WIND SPEED     6.6


SKY COVER
  POSSIBLE SUNSHINE  MM
  AVERAGE SKY COVER 0.7


WEATHER CONDITIONS
 THE FOLLOWING WEATHER WAS RECORDED YESTERDAY.
  NO SIGNIFICANT WEATHER WAS OBSERVED.


RELATIVE HUMIDITY (PERCENT)
 HIGHEST    92          1100 PM
 LOWEST     60           600 AM
 AVERAGE    76

..........................................................


THE MASON CITY IA CLIMATE NORMALS FOR TODAY
                         NORMAL    RECORD    YEAR
 MAXIMUM TEMPERATURE (F)   62        93      1980
 MINIMUM TEMPERATURE (F)   38        21      1936


SUNRISE AND SUNSET
APRIL 22 2018.........SUNRISE   620 AM CDT   SUNSET   804 PM CDT
APRIL 23 2018.........SUNRISE   618 AM CDT   SUNSET   805 PM CDT


-  INDICATES NEGATIVE NUMBERS.
R  INDICATES RECORD WAS SET OR TIED.
MM INDICATES DATA IS MISSING.
T  INDICATES TRACE AMOUNT.

$$

SMALL
