000
CDUS43 KDMX 140652
CLIMCW

CLIMATE REPORT
NATIONAL WEATHER SERVICE DES MOINES IA
144 AM CDT SAT APR 14 2018

...................................

...THE MASON CITY IA CLIMATE SUMMARY FOR APRIL 13 2018...

CLIMATE NORMAL PERIOD 1981 TO 2010
CLIMATE RECORD PERIOD 1893 TO 2018

WEATHER ITEM   OBSERVED TIME   RECORD YEAR NORMAL DEPARTURE LAST
                VALUE   (LST)  VALUE       VALUE  FROM      YEAR
                                                  NORMAL
..................................................................
TEMPERATURE (F)
 YESTERDAY
  MAXIMUM         42    247 AM  86    2006  57    -15       58
  MINIMUM         35   1159 PM  18    1950  34      1       45
  AVERAGE         39                        46     -7       52

PRECIPITATION (IN)
  YESTERDAY        1.42R         1.10 1912   0.13   1.29     0.03
  MONTH TO DATE    2.17                      1.47   0.70     1.49
  SINCE MAR 1      4.31                      3.70   0.61     3.40
  SINCE JAN 1      6.86                      5.52   1.34     7.39

SNOWFALL (IN)
  YESTERDAY        0.0           1.5  1928   0.1   -0.1      0.0
  MONTH TO DATE   11.6                       1.6   10.0      0.0
  SINCE MAR 1     30.1                       7.6   22.5      8.5
  SINCE JUL 1     50.5                      40.1   10.4     47.9
  SNOW DEPTH       0

DEGREE DAYS
 HEATING
  YESTERDAY       26                        20      6       13
  MONTH TO DATE  481                       289    192      213
  SINCE MAR 1   1544                      1283    261     1231
  SINCE JUL 1   7302                      7134    168     6143

 COOLING
  YESTERDAY        0                         0      0        0
  MONTH TO DATE    0                         0      0        0
  SINCE MAR 1      0                         0      0        0
  SINCE JAN 1      0                         0      0        0
..................................................................

WIND (MPH)
  HIGHEST WIND SPEED    47   HIGHEST WIND DIRECTION     E (70)
  HIGHEST GUST SPEED    57   HIGHEST GUST DIRECTION     E (80)
  AVERAGE WIND SPEED    25.4

SKY COVER
  POSSIBLE SUNSHINE  MM
  AVERAGE SKY COVER 0.9

WEATHER CONDITIONS
 THE FOLLOWING WEATHER WAS RECORDED YESTERDAY.
  THUNDERSTORM
  HEAVY RAIN
  RAIN
  LIGHT RAIN
  FOG

RELATIVE HUMIDITY (PERCENT)
 HIGHEST    93           300 AM
 LOWEST     86           200 AM
 AVERAGE    90
..........................................................

THE MASON CITY IA CLIMATE NORMALS FOR TODAY
                         NORMAL    RECORD    YEAR
 MAXIMUM TEMPERATURE (F)   58        89      2003
 MINIMUM TEMPERATURE (F)   34        17      1928

SUNRISE AND SUNSET
APRIL 14 2018.........SUNRISE   633 AM CDT   SUNSET   755 PM CDT
APRIL 15 2018.........SUNRISE   631 AM CDT   SUNSET   756 PM CDT

-  INDICATES NEGATIVE NUMBERS.
R  INDICATES RECORD WAS SET OR TIED.
MM INDICATES DATA IS MISSING.
T  INDICATES TRACE AMOUNT.

$$

FAB
