000
CDUS43 KDMX 110630 RRB
CLIMCW

CLIMATE REPORT
NATIONAL WEATHER SERVICE DES MOINES IA
129 AM CDT WED APR 11 2018


...................................

...THE MASON CITY IA CLIMATE SUMMARY FOR APRIL 10 2018...

CLIMATE NORMAL PERIOD 1981 TO 2010
CLIMATE RECORD PERIOD 1893 TO 2018


WEATHER ITEM   OBSERVED TIME   RECORD YEAR NORMAL DEPARTURE LAST
                VALUE   (LST)  VALUE       VALUE  FROM      YEAR
                                                  NORMAL
..................................................................
TEMPERATURE (F)
 YESTERDAY
  MAXIMUM         45    419 PM  90    1930  56    -11       56
  MINIMUM         19    324 AM  18    1960  33    -14       37
  AVERAGE         32                        44    -12       47

PRECIPITATION (IN)
  YESTERDAY        0.00          1.40 2008   0.11  -0.11     0.03
  MONTH TO DATE    0.74                      1.09  -0.35     1.07
  SINCE MAR 1      2.88                      3.32  -0.44     2.98
  SINCE JAN 1      5.43                      5.14   0.29     6.97

SNOWFALL (IN)
  YESTERDAY        0.0           1.5  1929   0.1   -0.1      0.0
  MONTH TO DATE   11.6                       1.3   10.3      0.0
  SINCE MAR 1     30.1                       7.3   22.8      8.5
  SINCE JUL 1     50.5                      39.8   10.7     47.9
  SNOW DEPTH      MM

DEGREE DAYS
 HEATING
  YESTERDAY       33                        21     12       18
  MONTH TO DATE  407                       229    178      166
  SINCE MAR 1   1470                      1223    247     1184
  SINCE JUL 1   7228                      7074    154     6096

 COOLING
  YESTERDAY        0                         0      0        0
  MONTH TO DATE    0                         0      0        0
  SINCE MAR 1      0                         0      0        0
  SINCE JAN 1      0                         0      0        0
..................................................................


WIND (MPH)
  HIGHEST WIND SPEED    16   HIGHEST WIND DIRECTION     S (200)
  HIGHEST GUST SPEED    20   HIGHEST GUST DIRECTION    SW (210)
  AVERAGE WIND SPEED     8.2


SKY COVER
  POSSIBLE SUNSHINE  MM
  AVERAGE SKY COVER 0.9


WEATHER CONDITIONS
 THE FOLLOWING WEATHER WAS RECORDED YESTERDAY.
  NO SIGNIFICANT WEATHER WAS OBSERVED.


RELATIVE HUMIDITY (PERCENT)
 HIGHEST    88           300 AM
 LOWEST     69           100 AM
 AVERAGE    79

..........................................................


THE MASON CITY IA CLIMATE NORMALS FOR TODAY
                         NORMAL    RECORD    YEAR
 MAXIMUM TEMPERATURE (F)   56        84      1968
 MINIMUM TEMPERATURE (F)   33        16      1940


SUNRISE AND SUNSET
APRIL 11 2018.........SUNRISE   638 AM CDT   SUNSET   751 PM CDT
APRIL 12 2018.........SUNRISE   636 AM CDT   SUNSET   753 PM CDT


-  INDICATES NEGATIVE NUMBERS.
R  INDICATES RECORD WAS SET OR TIED.
MM INDICATES DATA IS MISSING.
T  INDICATES TRACE AMOUNT.




$$
