001
CDUS43 KDMX 230648
CLIMCW

CLIMATE REPORT
NATIONAL WEATHER SERVICE DES MOINES IA
143 AM CDT SAT JUN 23 2018

...................................

...THE MASON CITY IA CLIMATE SUMMARY FOR JUNE 22 2018...

CLIMATE NORMAL PERIOD 1981 TO 2010
CLIMATE RECORD PERIOD 1893 TO 2018

WEATHER ITEM   OBSERVED TIME   RECORD YEAR NORMAL DEPARTURE LAST
                VALUE   (LST)  VALUE       VALUE  FROM      YEAR
                                                  NORMAL
..................................................................
TEMPERATURE (F)
 YESTERDAY
  MAXIMUM         78   1229 PM  95    1995  82     -4       78
  MINIMUM         57   1202 AM  44    1972  59     -2       66
  AVERAGE         68                        70     -2       72

PRECIPITATION (IN)
  YESTERDAY        T             2.29 1969   0.17  -0.17     1.57
  MONTH TO DATE    8.56                      3.83   4.73     2.58
  SINCE JUN 1      8.56                      3.83   4.73     2.58
  SINCE JAN 1     24.63                     16.31   8.32    16.73

SNOWFALL (IN)
  YESTERDAY        0.0          MM      MM   0.0    0.0      0.0
  MONTH TO DATE    0.0                       0.0    0.0      0.0
  SINCE JUN 1      0.0                       0.0    0.0      0.0
  SINCE JUL 1     65.8                      41.2   24.6     47.9
  SNOW DEPTH       0

DEGREE DAYS
 HEATING
  YESTERDAY        0                         1     -1        0
  MONTH TO DATE    4                        41    -37        2
  SINCE JUN 1      4                        41    -37        2
  SINCE JUL 1   7818                      7676    142     6673

 COOLING
  YESTERDAY        3                         6     -3        7
  MONTH TO DATE  164                        87     77      165
  SINCE JUN 1    164                        87     77      165
  SINCE JAN 1    287                       122    165      190
..................................................................

WIND (MPH)
  HIGHEST WIND SPEED    15   HIGHEST WIND DIRECTION    NE (60)
  HIGHEST GUST SPEED    20   HIGHEST GUST DIRECTION    NE (60)
  AVERAGE WIND SPEED     5.9

SKY COVER
  POSSIBLE SUNSHINE  MM
  AVERAGE SKY COVER 0.5

WEATHER CONDITIONS
 THE FOLLOWING WEATHER WAS RECORDED YESTERDAY.
  LIGHT RAIN

RELATIVE HUMIDITY (PERCENT)
 HIGHEST   100          1200 AM
 LOWEST     58           400 PM
 AVERAGE    79
..........................................................

THE MASON CITY IA CLIMATE NORMALS FOR TODAY
                         NORMAL    RECORD    YEAR
 MAXIMUM TEMPERATURE (F)   82       101      1934
 MINIMUM TEMPERATURE (F)   59        40      1972

SUNRISE AND SUNSET
JUNE 23 2018..........SUNRISE   534 AM CDT   SUNSET   857 PM CDT
JUNE 24 2018..........SUNRISE   534 AM CDT   SUNSET   857 PM CDT

-  INDICATES NEGATIVE NUMBERS.
R  INDICATES RECORD WAS SET OR TIED.
MM INDICATES DATA IS MISSING.
T  INDICATES TRACE AMOUNT.

$$

FAB
