998
CDUS43 KDMX 120638
CLIMCW

CLIMATE REPORT
NATIONAL WEATHER SERVICE DES MOINES IA
136 AM CDT SAT MAY 12 2018


...................................

...THE MASON CITY IA CLIMATE SUMMARY FOR MAY 11 2018...

CLIMATE NORMAL PERIOD 1981 TO 2010
CLIMATE RECORD PERIOD 1893 TO 2018


WEATHER ITEM   OBSERVED TIME   RECORD YEAR NORMAL DEPARTURE LAST
                VALUE   (LST)  VALUE       VALUE  FROM      YEAR
                                                  NORMAL
..................................................................
TEMPERATURE (F)
 YESTERDAY
  MAXIMUM         49    321 PM  88    1958  69    -20       67
  MINIMUM         45   1159 PM  25    1925  45      0       42
  AVERAGE         47                        57    -10       55

PRECIPITATION (IN)
  YESTERDAY        0.88          1.50 1999   0.14   0.74     0.00
  MONTH TO DATE    4.93                      1.58   3.35     1.04
  SINCE MAR 1     11.07                      7.56   3.51     7.32
  SINCE JAN 1     13.62                      9.38   4.24    11.31

SNOWFALL (IN)
  YESTERDAY        0.0          MM      MM   0.0    0.0      0.0
  MONTH TO DATE    0.0                       0.1   -0.1      0.0
  SINCE MAR 1     45.4                       8.8   36.6      8.5
  SINCE JUL 1     65.8                      41.3   24.5     47.9
  SNOW DEPTH       0

DEGREE DAYS
 HEATING
  YESTERDAY       18                         9      9       10
  MONTH TO DATE   55                       114    -59      122
  SINCE MAR 1   2004                      1663    341     1615
  SINCE JUL 1   7762                      7514    248     6527

 COOLING
  YESTERDAY        0                         1     -1        0
  MONTH TO DATE    3                         3      0        0
  SINCE MAR 1      4                         8     -4        0
  SINCE JAN 1      4                         8     -4        0
..................................................................


WIND (MPH)
  HIGHEST WIND SPEED    26   HIGHEST WIND DIRECTION     E (90)
  HIGHEST GUST SPEED    33   HIGHEST GUST DIRECTION     E (100)
  AVERAGE WIND SPEED    15.4


SKY COVER
  POSSIBLE SUNSHINE  MM
  AVERAGE SKY COVER 0.9


WEATHER CONDITIONS
 THE FOLLOWING WEATHER WAS RECORDED YESTERDAY.
  THUNDERSTORM
  HEAVY RAIN
  RAIN
  LIGHT RAIN
  FOG


RELATIVE HUMIDITY (PERCENT)
 HIGHEST   100           600 AM
 LOWEST     86           200 PM
 AVERAGE    93

..........................................................


THE MASON CITY IA CLIMATE NORMALS FOR TODAY
                         NORMAL    RECORD    YEAR
 MAXIMUM TEMPERATURE (F)   69        90      1907
 MINIMUM TEMPERATURE (F)   45        26      1895


SUNRISE AND SUNSET
MAY 12 2018...........SUNRISE   553 AM CDT   SUNSET   827 PM CDT
MAY 13 2018...........SUNRISE   552 AM CDT   SUNSET   828 PM CDT


-  INDICATES NEGATIVE NUMBERS.
R  INDICATES RECORD WAS SET OR TIED.
MM INDICATES DATA IS MISSING.
T  INDICATES TRACE AMOUNT.

$$

PODIUM
