000
CDUS43 KDMX 310640 RRA
CLIMCW

CLIMATE REPORT
NATIONAL WEATHER SERVICE DES MOINES IA
139 AM CDT SAT MAR 31 2018


...................................

...THE MASON CITY IA CLIMATE SUMMARY FOR MARCH 30 2018...

CLIMATE NORMAL PERIOD 1981 TO 2010
CLIMATE RECORD PERIOD 1893 TO 2018


WEATHER ITEM   OBSERVED TIME   RECORD YEAR NORMAL DEPARTURE LAST
                VALUE   (LST)  VALUE       VALUE  FROM      YEAR
                                                  NORMAL
..................................................................
TEMPERATURE (F)
 YESTERDAY
  MAXIMUM         41    458 PM  78    1967  50     -9       42
  MINIMUM         26    503 AM   0    1964  29     -3       37
  AVERAGE         34                        39     -5       40

PRECIPITATION (IN)
  YESTERDAY        0.00          2.57 2006   0.10  -0.10      T
  MONTH TO DATE    2.05                      2.13  -0.08     1.91
  SINCE MAR 1      2.05                      2.13  -0.08     1.91
  SINCE JAN 1      4.60                      3.95   0.65     5.90

SNOWFALL (IN)
  YESTERDAY        0.0          12.0  1934   0.1   -0.1      0.0
  MONTH TO DATE   18.5                       5.8   12.7      8.5
  SINCE MAR 1     18.5                       5.8   12.7      8.5
  SINCE JUL 1     38.9                      38.3    0.6     47.9
  SNOW DEPTH      MM

DEGREE DAYS
 HEATING
  YESTERDAY       31                        26      5       25
  MONTH TO DATE 1028                       968     60      992
  SINCE MAR 1   1028                       968     60      992
  SINCE JUL 1   6786                      6819    -33     5904

 COOLING
  YESTERDAY        0                         0      0        0
  MONTH TO DATE    0                         0      0        0
  SINCE MAR 1      0                         0      0        0
  SINCE JAN 1      0                         0      0        0
..................................................................


WIND (MPH)
  HIGHEST WIND SPEED    18   HIGHEST WIND DIRECTION    SW (240)
  HIGHEST GUST SPEED    22   HIGHEST GUST DIRECTION    SW (220)
  AVERAGE WIND SPEED     9.0


SKY COVER
  POSSIBLE SUNSHINE  MM
  AVERAGE SKY COVER 0.7


WEATHER CONDITIONS
 THE FOLLOWING WEATHER WAS RECORDED YESTERDAY.
  FOG


RELATIVE HUMIDITY (PERCENT)
 HIGHEST    92           400 AM
 LOWEST     64           200 PM
 AVERAGE    78

..........................................................


THE MASON CITY IA CLIMATE NORMALS FOR TODAY
                         NORMAL    RECORD    YEAR
 MAXIMUM TEMPERATURE (F)   50        83      1978
 MINIMUM TEMPERATURE (F)   29         2      1923


SUNRISE AND SUNSET
MARCH 31 2018.........SUNRISE   657 AM CDT   SUNSET   739 PM CDT
APRIL  1 2018.........SUNRISE   655 AM CDT   SUNSET   740 PM CDT


-  INDICATES NEGATIVE NUMBERS.
R  INDICATES RECORD WAS SET OR TIED.
MM INDICATES DATA IS MISSING.
T  INDICATES TRACE AMOUNT.




$$
