000
CDUS43 KDMX 150701
CLIMCW

CLIMATE REPORT
NATIONAL WEATHER SERVICE DES MOINES IA
156 AM CDT SUN APR 15 2018

...................................

...THE MASON CITY IA CLIMATE SUMMARY FOR APRIL 14 2018...

CLIMATE NORMAL PERIOD 1981 TO 2010
CLIMATE RECORD PERIOD 1893 TO 2018

WEATHER ITEM   OBSERVED TIME   RECORD YEAR NORMAL DEPARTURE LAST
                VALUE   (LST)  VALUE       VALUE  FROM      YEAR
                                                  NORMAL
..................................................................
TEMPERATURE (F)
 YESTERDAY
  MAXIMUM         35    217 AM  89    2003  58    -23       61
  MINIMUM         23   1159 PM  17    1928  34    -11       48
  AVERAGE         29                        46    -17       55

PRECIPITATION (IN)
  YESTERDAY        0.51          1.60 2013   0.12   0.39     0.45
  MONTH TO DATE    2.68                      1.59   1.09     1.94
  SINCE MAR 1      4.82                      3.82   1.00     3.85
  SINCE JAN 1      7.37                      5.64   1.73     7.84

SNOWFALL (IN)
  YESTERDAY        2.0           8.3  1949   0.1    1.9      0.0
  MONTH TO DATE   13.6                       1.7   11.9      0.0
  SINCE MAR 1     32.1                       7.7   24.4      8.5
  SINCE JUL 1     52.5                      40.2   12.3     47.9
  SNOW DEPTH       0

DEGREE DAYS
 HEATING
  YESTERDAY       36                        19     17       10
  MONTH TO DATE  517                       308    209      223
  SINCE MAR 1   1580                      1302    278     1241
  SINCE JUL 1   7338                      7153    185     6153

 COOLING
  YESTERDAY        0                         0      0        0
  MONTH TO DATE    0                         0      0        0
  SINCE MAR 1      0                         0      0        0
  SINCE JAN 1      0                         0      0        0
..................................................................

WIND (MPH)
  HIGHEST WIND SPEED    38   HIGHEST WIND DIRECTION     E (70)
  HIGHEST GUST SPEED    46   HIGHEST GUST DIRECTION     E (70)
  AVERAGE WIND SPEED    25.0

SKY COVER
  POSSIBLE SUNSHINE  MM
  AVERAGE SKY COVER 1.0

WEATHER CONDITIONS
 THE FOLLOWING WEATHER WAS RECORDED YESTERDAY.
  THUNDERSTORM
  FREEZING RAIN
  LT FREEZING RAIN
  HEAVY SNOW
  SNOW
  LIGHT SNOW
  FOG
  FOG W/VISIBILITY <= 1/4 MILE
  HAZE

RELATIVE HUMIDITY (PERCENT)
 HIGHEST   100           900 AM
 LOWEST     78           500 PM
 AVERAGE    89
..........................................................

THE MASON CITY IA CLIMATE NORMALS FOR TODAY
                         NORMAL    RECORD    YEAR
 MAXIMUM TEMPERATURE (F)   58        91      2002
 MINIMUM TEMPERATURE (F)   35         6      1928

SUNRISE AND SUNSET
APRIL 15 2018.........SUNRISE   631 AM CDT   SUNSET   756 PM CDT
APRIL 16 2018.........SUNRISE   630 AM CDT   SUNSET   757 PM CDT

-  INDICATES NEGATIVE NUMBERS.
R  INDICATES RECORD WAS SET OR TIED.
MM INDICATES DATA IS MISSING.
T  INDICATES TRACE AMOUNT.

$$

FAB
