080
CDUS43 KDMX 021059 RRC
CLIMCW

CLIMATE REPORT
NATIONAL WEATHER SERVICE DES MOINES IA
148 AM CDT WED MAY 2 2018

...................................

...THE MASON CITY IA CLIMATE SUMMARY FOR MAY 1 2018...

CLIMATE NORMAL PERIOD 1981 TO 2010
CLIMATE RECORD PERIOD 1893 TO 2018


WEATHER ITEM   OBSERVED TIME   RECORD YEAR NORMAL DEPARTURE LAST
                VALUE   (LST)  VALUE       VALUE  FROM      YEAR
                                                  NORMAL
..................................................................
TEMPERATURE (F)
 YESTERDAY
  MAXIMUM         77    259 PM  92    1992  65     12       44
  MINIMUM         56    639 AM  25    1909  41     15       37
  AVERAGE         67                        53     14       41

PRECIPITATION (IN)
  YESTERDAY        0.76          1.38 1906   0.14   0.62     0.20
  MONTH TO DATE    0.76                      0.14   0.62     0.20
  SINCE MAR 1      6.90                      6.12   0.78     6.48
  SINCE JAN 1      9.45                      7.94   1.51    10.47

SNOWFALL (IN)
  YESTERDAY        0.0           2.0  1911   0.0    0.0      0.0
  MONTH TO DATE    0.0                       0.0    0.0      0.0
  SINCE MAR 1     45.4                       8.7   36.7      8.5
  SINCE JUL 1     65.8                      41.2   24.6     47.9
  SNOW DEPTH       0

DEGREE DAYS
 HEATING
  YESTERDAY        0                        12    -12       24
  MONTH TO DATE    0                        12    -12       24
  SINCE MAR 1   1949                      1561    388     1517
  SINCE JUL 1   7707                      7412    295     6429

 COOLING
  YESTERDAY        2                         0      2        0
  MONTH TO DATE    2                         0      2        0
  SINCE MAR 1      3                         5     -2        0
  SINCE JAN 1      3                         5     -2        0
..................................................................


WIND (MPH)
  HIGHEST WIND SPEED    30   HIGHEST WIND DIRECTION    SW (230)
  HIGHEST GUST SPEED    40   HIGHEST GUST DIRECTION    SW (230)
  AVERAGE WIND SPEED    12.7


SKY COVER
  POSSIBLE SUNSHINE  MM
  AVERAGE SKY COVER 0.8


WEATHER CONDITIONS
 THE FOLLOWING WEATHER WAS RECORDED YESTERDAY.
  THUNDERSTORM
  RAIN
  LIGHT RAIN
  FOG
  HAZE


RELATIVE HUMIDITY (PERCENT)
 HIGHEST    87           500 PM
 LOWEST     57          1200 PM
 AVERAGE    72

..........................................................


THE MASON CITY IA CLIMATE NORMALS FOR TODAY
                         NORMAL    RECORD    YEAR
 MAXIMUM TEMPERATURE (F)   66        89      1965
 MINIMUM TEMPERATURE (F)   42        25      1908


SUNRISE AND SUNSET
MAY  2 2018...........SUNRISE   605 AM CDT   SUNSET   816 PM CDT
MAY  3 2018...........SUNRISE   604 AM CDT   SUNSET   817 PM CDT


-  INDICATES NEGATIVE NUMBERS.
R  INDICATES RECORD WAS SET OR TIED.
MM INDICATES DATA IS MISSING.
T  INDICATES TRACE AMOUNT.




$$
