000
CDUS43 KDMX 150633
CLIMCW

CLIMATE REPORT
NATIONAL WEATHER SERVICE DES MOINES IA
126 AM CDT THU MAR 15 2018

...................................

...THE MASON CITY IA CLIMATE SUMMARY FOR MARCH 14 2018...

CLIMATE NORMAL PERIOD 1981 TO 2010
CLIMATE RECORD PERIOD 1893 TO 2018


WEATHER ITEM   OBSERVED TIME   RECORD YEAR NORMAL DEPARTURE LAST
                VALUE   (LST)  VALUE       VALUE  FROM      YEAR
                                                  NORMAL
..................................................................
TEMPERATURE (F)
 YESTERDAY
  MAXIMUM         47    326 PM  78    2012  41      6       21
  MINIMUM         20    424 AM -11    1993  23     -3       -5
  AVERAGE         34                        32      2        8

PRECIPITATION (IN)
  YESTERDAY        0.00          0.88 1953   0.07  -0.07     0.00
  MONTH TO DATE    0.73                      0.81  -0.08     1.05
  SINCE MAR 1      0.73                      0.81  -0.08     1.05
  SINCE JAN 1      3.28                      2.63   0.65     5.04

SNOWFALL (IN)
  YESTERDAY        0.0           3.0  1918   0.2   -0.2      0.0
                                      1959
  MONTH TO DATE    4.3                       3.1    1.2      8.5
  SINCE MAR 1      4.3                       3.1    1.2      8.5
  SINCE JUL 1     24.7                      35.6  -10.9     47.9
  SNOW DEPTH       0

DEGREE DAYS
 HEATING
  YESTERDAY       31                        33     -2       57
  MONTH TO DATE  505                       502      3      535
  SINCE MAR 1    505                       502      3      535
  SINCE JUL 1   6263                      6353    -90     5447

 COOLING
  YESTERDAY        0                         0      0        0
  MONTH TO DATE    0                         0      0        0
  SINCE MAR 1      0                         0      0        0
  SINCE JAN 1      0                         0      0        0
..................................................................


WIND (MPH)
  HIGHEST WIND SPEED    24   HIGHEST WIND DIRECTION     W (250)
  HIGHEST GUST SPEED    29   HIGHEST GUST DIRECTION     W (250)
  AVERAGE WIND SPEED    12.5


SKY COVER
  POSSIBLE SUNSHINE  MM
  AVERAGE SKY COVER 0.0


WEATHER CONDITIONS
 THE FOLLOWING WEATHER WAS RECORDED YESTERDAY.
  NO SIGNIFICANT WEATHER WAS OBSERVED.


RELATIVE HUMIDITY (PERCENT)
 HIGHEST    92           200 AM
 LOWEST     53           200 PM
 AVERAGE    73

..........................................................


THE MASON CITY IA CLIMATE NORMALS FOR TODAY
                         NORMAL    RECORD    YEAR
 MAXIMUM TEMPERATURE (F)   42        74      2012
 MINIMUM TEMPERATURE (F)   24        -6      2017


SUNRISE AND SUNSET
MARCH 15 2018.........SUNRISE   725 AM CDT   SUNSET   720 PM CDT
MARCH 16 2018.........SUNRISE   724 AM CDT   SUNSET   721 PM CDT


-  INDICATES NEGATIVE NUMBERS.
R  INDICATES RECORD WAS SET OR TIED.
MM INDICATES DATA IS MISSING.
T  INDICATES TRACE AMOUNT.

$$

ANSORGE
