817
CDUS43 KDMX 290654 RRA
CLIMCW

CLIMATE REPORT
NATIONAL WEATHER SERVICE DES MOINES IA
154 AM CDT THU MAR 29 2018

...................................

...THE MASON CITY IA CLIMATE SUMMARY FOR MARCH 28 2018...

CLIMATE NORMAL PERIOD 1981 TO 2010
CLIMATE RECORD PERIOD 1893 TO 2018


WEATHER ITEM   OBSERVED TIME   RECORD YEAR NORMAL DEPARTURE LAST
                VALUE   (LST)  VALUE       VALUE  FROM      YEAR
                                                  NORMAL
..................................................................
TEMPERATURE (F)
 YESTERDAY
  MAXIMUM         39    327 PM  79    1986  49    -10       59
  MINIMUM         15    624 AM   2    1970  28    -13       30
  AVERAGE         27                        38    -11       45

PRECIPITATION (IN)
  YESTERDAY        T             0.76 1951   0.09  -0.09     0.00
  MONTH TO DATE    2.05                      1.94   0.11     1.27
  SINCE MAR 1      2.05                      1.94   0.11     1.27
  SINCE JAN 1      4.60                      3.76   0.84     5.26

SNOWFALL (IN)
  YESTERDAY       MM            10.0  1911   0.1   MM        0.0
  MONTH TO DATE   18.5                       5.5   13.0      8.5
  SINCE MAR 1     18.5                       5.5   13.0      8.5
  SINCE JUL 1     38.9                      38.0    0.9     47.9
  SNOW DEPTH       8

DEGREE DAYS
 HEATING
  YESTERDAY       38                        27     11       20
  MONTH TO DATE  962                       916     46      944
  SINCE MAR 1    962                       916     46      944
  SINCE JUL 1   6720                      6767    -47     5856

 COOLING
  YESTERDAY        0                         0      0        0
  MONTH TO DATE    0                         0      0        0
  SINCE MAR 1      0                         0      0        0
  SINCE JAN 1      0                         0      0        0
..................................................................


WIND (MPH)
  HIGHEST WIND SPEED    17   HIGHEST WIND DIRECTION    NW (320)
  HIGHEST GUST SPEED    22   HIGHEST GUST DIRECTION    NW (320)
  AVERAGE WIND SPEED     7.6


SKY COVER
  POSSIBLE SUNSHINE  MM
  AVERAGE SKY COVER 0.6


WEATHER CONDITIONS
 THE FOLLOWING WEATHER WAS RECORDED YESTERDAY.
  FOG
  FOG W/VISIBILITY <= 1/4 MILE
  HAZE


RELATIVE HUMIDITY (PERCENT)
 HIGHEST   100           100 AM
 LOWEST     85          1100 AM
 AVERAGE    93

..........................................................


THE MASON CITY IA CLIMATE NORMALS FOR TODAY
                         NORMAL    RECORD    YEAR
 MAXIMUM TEMPERATURE (F)   49        84      1986
 MINIMUM TEMPERATURE (F)   28         1      1969


SUNRISE AND SUNSET
MARCH 29 2018.........SUNRISE   700 AM CDT   SUNSET   736 PM CDT
MARCH 30 2018.........SUNRISE   659 AM CDT   SUNSET   737 PM CDT


-  INDICATES NEGATIVE NUMBERS.
R  INDICATES RECORD WAS SET OR TIED.
MM INDICATES DATA IS MISSING.
T  INDICATES TRACE AMOUNT.

$$

SMALL
