000
CDUS43 KDMX 180638
CLIMCW

CLIMATE REPORT
NATIONAL WEATHER SERVICE DES MOINES IA
134 AM CDT WED APR 18 2018

...................................

...THE MASON CITY IA CLIMATE SUMMARY FOR APRIL 17 2018...

CLIMATE NORMAL PERIOD 1981 TO 2010
CLIMATE RECORD PERIOD 1893 TO 2018


WEATHER ITEM   OBSERVED TIME   RECORD YEAR NORMAL DEPARTURE LAST
                VALUE   (LST)  VALUE       VALUE  FROM      YEAR
                                                  NORMAL
..................................................................
TEMPERATURE (F)
 YESTERDAY
  MAXIMUM         36    148 PM  88    1985  59    -23       66
  MINIMUM         18R   619 AM  18    1907  36    -18       45
  AVERAGE         27                        47    -20       56

PRECIPITATION (IN)
  YESTERDAY        0.00          1.25 1976   0.13  -0.13     0.00
  MONTH TO DATE    3.35                      1.98   1.37     2.06
  SINCE MAR 1      5.49                      4.21   1.28     3.97
  SINCE JAN 1      8.04                      6.03   2.01     7.96

SNOWFALL (IN)
  YESTERDAY        0.0           5.0  1939   0.1   -0.1      0.0
  MONTH TO DATE   18.0                       2.0   16.0      0.0
  SINCE MAR 1     36.5                       8.0   28.5      8.5
  SINCE JUL 1     56.9                      40.5   16.4     47.9
  SNOW DEPTH       4

DEGREE DAYS
 HEATING
  YESTERDAY       38                        18     20        9
  MONTH TO DATE  636                       363    273      245
  SINCE MAR 1   1699                      1357    342     1263
  SINCE JUL 1   7457                      7208    249     6175

 COOLING
  YESTERDAY        0                         0      0        0
  MONTH TO DATE    0                         0      0        0
  SINCE MAR 1      0                         0      0        0
  SINCE JAN 1      0                         0      0        0
..................................................................


WIND (MPH)
  HIGHEST WIND SPEED    20   HIGHEST WIND DIRECTION    NE (40)
  HIGHEST GUST SPEED    22   HIGHEST GUST DIRECTION    NE (40)
  AVERAGE WIND SPEED    10.2


SKY COVER
  POSSIBLE SUNSHINE  MM
  AVERAGE SKY COVER 0.0


WEATHER CONDITIONS
 THE FOLLOWING WEATHER WAS RECORDED YESTERDAY.
  NO SIGNIFICANT WEATHER WAS OBSERVED.


RELATIVE HUMIDITY (PERCENT)
 HIGHEST    92           500 AM
 LOWEST     59           100 PM
 AVERAGE    76

..........................................................


THE MASON CITY IA CLIMATE NORMALS FOR TODAY
                         NORMAL    RECORD    YEAR
 MAXIMUM TEMPERATURE (F)   60        93      1985
 MINIMUM TEMPERATURE (F)   36        18      1953


SUNRISE AND SUNSET
APRIL 18 2018.........SUNRISE   626 AM CDT   SUNSET   800 PM CDT
APRIL 19 2018.........SUNRISE   625 AM CDT   SUNSET   801 PM CDT


-  INDICATES NEGATIVE NUMBERS.
R  INDICATES RECORD WAS SET OR TIED.
MM INDICATES DATA IS MISSING.
T  INDICATES TRACE AMOUNT.

$$

REV
