000
CXUS51 KCTP 010800
CF6MDT
PRELIMINARY LOCAL CLIMATOLOGICAL DATA (WS FORM: F-6)
STATION: HARRISBURG PA
MONTH: MARCH
YEAR: 2023
LATITUDE: 40 11 N
LONGITUDE: 76 46 W
TEMPERATURE IN F: :PCPN: SNOW: WIND :SUNSHINE: SKY :PK WND
================================================================================
1 2 3 4 5 6A 6B 7 8 9 10 11 12 13 14 15 16 17 18
12Z AVG MX 2MIN
DY MAX MIN AVG DEP HDD CDD WTR SNW DPTH SPD SPD DIR MIN PSBL S-S WX SPD DR
================================================================================
1 53 26 40 3 25 0 0.00 0.0 0 7.3 20 160 M M 3 29 160
2 59 42 51 14 14 0 0.08 0.0 0 7.2 21 310 M M 8 18 27 310
3 46 32 39 1 26 0 1.41 0.0 0 9.3 23 110 M M 8 1 28 70
4 47 32 40 2 25 0 0.01 0.0 0 11.0 32 300 M M 7 1 39 280
5 57 30 44 6 21 0 0.00 0.0 0 5.7 22 300 M M 4 29 320
6 53 29 41 3 24 0 0.00 0.0 0 4.2 10 280 M M 4 13 280
7 50 35 43 4 22 0 T 0.0 0 16.9 36 320 M M 5 42 330
8 50 34 42 3 23 0 0.00 0.0 0 13.3 28 340 M M 3 33 320
9 50 31 41 2 24 0 0.00 0.0 0 7.5 17 330 M M 2 23 300
10 39 34 37 -3 28 0 0.15 T 0 5.8 14 140 M M 9 1 17 120
11 43 32 38 -2 27 0 0.00 0.0 0 14.2 25 310 M M 8 1 33 300
12 42 25 34 -6 31 0 0.01 0.0 0 5.8 16 160 M M 8 20 140
13 42 36 39 -2 26 0 0.01 0.0 0 8.4 25 300 M M 10 1 31 290
14 39 33 36 -5 29 0 T T T 25.7 40 300 M M 8 47 300
15 50 31 41 0 24 0 0.00 0.0 0 19.9 31 320 M M 3 40 330
16 62 32 47 5 18 0 0.00 0.0 0 6.8 15 220 M M 5 19 230
17 56 41 49 7 16 0 0.11 0.0 0 5.5 21 300 M M 10 33 320
18 49 36 43 1 22 0 0.00 0.0 0 15.8 29 290 M M 6 36 270
19 39 25 32 -11 33 0 0.00 0.0 0 16.7 29 310 M M 3 35 310
20 52 23 38 -5 27 0 0.00 0.0 0 6.7 16 220 M M 0 19 230
21 61 27 44 1 21 0 0.00 0.0 0 4.7 15 220 M M 2 8 20 250
22 65 38 52 8 13 0 0.00 0.0 0 6.6 13 230 M M 8 8 25 220
23 64 46 55 11 10 0 0.55 0.0 0 5.4 15 330 M M 10 138 22 200
24 58 45 52 8 13 0 0.06 0.0 0 4.3 13 350 M M 10 19 320
25 48 42 45 0 20 0 0.21 0.0 0 6.6 16 110 M M 10 1 20 80
26 62 39 51 6 14 0 0.00 0.0 0 9.9 25 290 M M 1 1 30 280
27 65 35 50 4 15 0 0.17 0.0 0 4.2 15 130 M M 5 13 19 120
28 52 39 46 0 19 0 0.00 0.0 0 6.1 15 310 M M 7 20 320
29 57 36 47 1 18 0 T 0.0 0 7.3 35 320 M M 6 43 330
30 49 31 40 -7 25 0 0.00 0.0 0 8.1 23 330 M M 0 29 300
31 58 33 46 -1 19 0 0.01 0.0 0 4.7 14 160 M M 9 8 22 170
================================================================================
SM 1617 1050 672 0 2.78 T 281.6 M 182
================================================================================
AV 52.2 33.9 9.1 FASTST M M 6 MAX(MPH)
MISC ----> 40 300 47 300
================================================================================
NOTES:
# LAST OF SEVERAL OCCURRENCES
COLUMN 17 PEAK WIND IN M.P.H.
PRELIMINARY LOCAL CLIMATOLOGICAL DATA (WS FORM: F-6) , PAGE 2
STATION: HARRISBURG PA
MONTH: MARCH
YEAR: 2023
LATITUDE: 40 11 N
LONGITUDE: 76 46 W
[TEMPERATURE DATA] [PRECIPITATION DATA] SYMBOLS USED IN COLUMN 16
AVERAGE MONTHLY: 43.0 TOTAL FOR MONTH: 2.78 1 = FOG OR MIST
DPTR FM NORMAL: 1.2 DPTR FM NORMAL: -0.92 2 = FOG REDUCING VISIBILITY
HIGHEST: 65 ON 27,22 GRTST 24HR 1.42 ON 3- 4 TO 1/4 MILE OR LESS
LOWEST: 23 ON 20 3 = THUNDER
SNOW, ICE PELLETS, HAIL 4 = ICE PELLETS
TOTAL MONTH: T 5 = HAIL
GRTST 24HR T ON 10-10 6 = FREEZING RAIN OR DRIZZLE
GRTST DEPTH: T 7 = DUSTSTORM OR SANDSTORM:
VSBY 1/2 MILE OR LESS
8 = SMOKE OR HAZE
[NO. OF DAYS WITH] [WEATHER - DAYS WITH] 9 = BLOWING SNOW
X = TORNADO
MAX 32 OR BELOW: 0 0.01 INCH OR MORE: 12
MAX 90 OR ABOVE: 0 0.10 INCH OR MORE: 6
MIN 32 OR BELOW: 14 0.50 INCH OR MORE: 2
MIN 0 OR BELOW: 0 1.00 INCH OR MORE: 1
[HDD (BASE 65) ]
TOTAL THIS MO. 672 CLEAR (SCALE 0-3) 7
DPTR FM NORMAL -48 PTCLDY (SCALE 4-7) 14
TOTAL FM JUL 1 3964 CLOUDY (SCALE 8-10) 10
DPTR FM NORMAL -563
[CDD (BASE 65) ]
TOTAL THIS MO. 0
DPTR FM NORMAL -1 [PRESSURE DATA]
TOTAL FM JAN 1 0 HIGHEST SLP 30.42 ON 21
DPTR FM NORMAL -1 LOWEST SLP 29.27 ON 4
[REMARKS]
#FINAL-03-23#