000
CXUS54 KMEG 011236
CF6MEG
PRELIMINARY LOCAL CLIMATOLOGICAL DATA (WS FORM: F-6)
STATION: MEMPHIS/GERMANTOWN WFO
MONTH: DECEMBER
YEAR: 2022
LATITUDE: 35 7 N
LONGITUDE: 89 48 W
TEMPERATURE IN F: :PCPN: SNOW: WIND :SUNSHINE: SKY :PK WND
================================================================================
1 2 3 4 5 6A 6B 7 8 9 10 11 12 13 14 15 16 17 18
12Z AVG MX 2MIN
DY MAX MIN AVG DEP HDD CDD WTR SNW DPTH SPD SPD DIR MIN PSBL S-S WX SPD DR
================================================================================
1 50 26 38 -8 27 0 0.00 0.0 0 M M M M M M M M
2 65 44 55 9 10 0 0.03 0.0 0 M M M M M M M M
3 66 37 52 7 13 0 T 0.0 0 M M M M M M 1 M M
4 45 32 39 -6 26 0 0.00 0.0 0 M M M M M M M M
5 63 42 53 8 12 0 0.72 0.0 0 M M M M M M 1 M M
6 72 59 66 21 0 1 0.51 0.0 0 M M M M M M 1 M M
7 68 59 64 20 1 0 1.18 0.0 0 M M M M M M 12 M M
8 60 55 58 14 7 0 0.09 0.0 0 M M M M M M 12 M M
9 59 46 53 9 12 0 T 0.0 0 M M M M M M 12 M M
10 51 45 48 4 17 0 0.70 0.0 0 M M M M M M 12 M M
11 53 47 50 7 15 0 0.01 0.0 0 M M M M M M 1 M M
12 51 44 48 5 17 0 0.00 0.0 0 M M M M M M 1 M M
13 63 44 54 11 11 0 1.22 0.0 0 M M M M M M 13 M M
14 61 45 53 10 12 0 0.87 0.0 0 M M M M M M 1 M M
15 49 34 42 -1 23 0 0.00 0.0 0 M M M M M M M M
16 46 30 38 -4 27 0 0.00 0.0 0 M M M M M M M M
17 44 27 36 -6 29 0 0.00 0.0 0 M M M M M M M M
18 45 23 34 -8 31 0 0.00 0.0 0 M M M M M M M M
19 42 28 35 -7 30 0 0.00 0.0 0 M M M M M M M M
20 53 33 43 1 22 0 0.00 0.0 0 M M M M M M M M
21 55 29 42 0 23 0 T 0.0 0 M M M M M M 1 M M
22 46 5 26 -15 39 0 0.18 0.6 0 M M M M M M 19 M M
23 13 0 7 -34 58 0 T T 1 M M M M M M M M
24 27 11 19 -22 46 0 0.00 0.0 1 M M M M M M M M
25 31 21 26 -15 39 0 0.00 0.0 T M M M M M M M M
26 36 21 29 -12 36 0 T T T M M M M M M 14 M M
27 44 28 36 -5 29 0 0.00 0.0 0 M M M M M M M M
28 64 29 47 7 18 0 0.00 0.0 0 M M M M M M M M
29 64 54 59 19 6 0 0.44 0.0 0 M M M M M M 1 M M
30 62 54 58 18 7 0 0.14 0.0 0 M M M M M M 1 M M
31 64 50 57 17 8 0 0.02 0.0 0 M M M M M M 12 M M
================================================================================
SM 1612 1102 651 1 6.11 0.6 M M M
================================================================================
AV 52.0 35.5 M FASTST M M M MAX(MPH)
MISC ----> M M M M
================================================================================
NOTES:
# LAST OF SEVERAL OCCURRENCES
COLUMN 17 PEAK WIND IN M.P.H.
PRELIMINARY LOCAL CLIMATOLOGICAL DATA (WS FORM: F-6) , PAGE 2
STATION: MEMPHIS/GERMANTOWN WFO
MONTH: DECEMBER
YEAR: 2022
LATITUDE: 35 7 N
LONGITUDE: 89 48 W
[TEMPERATURE DATA] [PRECIPITATION DATA] SYMBOLS USED IN COLUMN 16
AVERAGE MONTHLY: 43.8 TOTAL FOR MONTH: 6.11 1 = FOG OR MIST
DPTR FM NORMAL: 1.2 DPTR FM NORMAL: 0.43 2 = FOG REDUCING VISIBILITY
HIGHEST: 72 ON 6 GRTST 24HR 1.22 ON 13-13 TO 1/4 MILE OR LESS
LOWEST: 0 ON 23 3 = THUNDER
SNOW, ICE PELLETS, HAIL 4 = ICE PELLETS
TOTAL MONTH: 0.6 INCH 5 = HAIL
GRTST 24HR 0.6 ON 22-22 6 = FREEZING RAIN OR DRIZZLE
GRTST DEPTH: 1 ON 24,23 7 = DUSTSTORM OR SANDSTORM:
VSBY 1/2 MILE OR LESS
8 = SMOKE OR HAZE
[NO. OF DAYS WITH] [WEATHER - DAYS WITH] 9 = BLOWING SNOW
X = TORNADO
MAX 32 OR BELOW: 3 0.01 INCH OR MORE: 13
MAX 90 OR ABOVE: 0 0.10 INCH OR MORE: 9
MIN 32 OR BELOW: 14 0.50 INCH OR MORE: 6
MIN 0 OR BELOW: 1 1.00 INCH OR MORE: 2
[HDD (BASE 65) ]
TOTAL THIS MO. 651 CLEAR (SCALE 0-3) 0
DPTR FM NORMAL -44 PTCLDY (SCALE 4-7) 0
TOTAL FM JUL 1 1221 CLOUDY (SCALE 8-10) 31
DPTR FM NORMAL -91
[CDD (BASE 65) ]
TOTAL THIS MO. 1
DPTR FM NORMAL 0 [PRESSURE DATA]
TOTAL FM JAN 1 2224 HIGHEST SLP M ON M
DPTR FM NORMAL 248 LOWEST SLP M ON M
[REMARKS]
#FINAL-12-22#