000
CXUS54 KMEG 011619
CLMMEG
CLIMATE REPORT
NATIONAL WEATHER SERVICE MEMPHIS TN
1019 AM CST THU FEB 01 2024
...................................
...THE MEMPHIS/GERMANTOWN WFO CLIMATE SUMMARY FOR THE MONTH OF JANUARY 2024...
CLIMATE NORMAL PERIOD 1991 TO 2020
CLIMATE RECORD PERIOD 1988 TO 2024
WEATHER OBSERVED NORMAL DEPART LAST YEAR`S
VALUE DATE(S) VALUE FROM VALUE DATE(S)
NORMAL
................................................................
TEMPERATURE (F)
RECORD
HIGH 77 01/31/2002
01/30/2002
LOW 1 01/17/2024
HIGHEST 64 01/11 77 -13 74 01/01
LOWEST 1R 01/17 6 -5 26 01/31
AVG. MAXIMUM 45.3 49.4 -4.1 56.3
AVG. MINIMUM 27.7 29.9 -2.2 38.7
MEAN 36.5 39.6 -3.1 47.5
DAYS MAX >= 90 0 0.0 0.0 0
DAYS MAX <= 32 5 2.7 2.3 1
DAYS MIN <= 32 22 19.2 2.8 12
DAYS MIN <= 0 0 0.0 0.0 0
PRECIPITATION (INCHES)
RECORD
MAXIMUM 10.57 2013
MINIMUM 1.34 2015
TOTALS 7.53 4.34 3.19 10.11
DAILY AVG. 0.24 0.14 0.10 0.33
DAYS >= .01 14 10.9 3.1 15
DAYS >= .10 11 6.9 4.1 12
DAYS >= .50 5 3.2 1.8 6
DAYS >= 1.00 3 1.2 1.8 1
GREATEST
24 HR. TOTAL 1.49 01/08 TO 01/08
SNOWFALL (INCHES)
RECORDS
TOTAL 7.6 2011
TOTALS 5.2 0.8 4.4 0.5
SINCE 7/1 5.2 0.9 4.3 MM
SNOWDEPTH AVG. 1 -1
DAYS >= 1.0 2 0.3 1.7 0
GREATEST
SNOW DEPTH 5R 01/16 MM 01/29
01/30
01/31
24 HR TOTAL 2.9R 01/14 TO 01/14
DEGREE DAYS
HEATING TOTAL 875 786 89 534
SINCE 7/1 1907 2103 -196 MM
COOLING TOTAL 0 0 0 2
SINCE 1/1 0 0 0 MM
................................................................
- INDICATES NEGATIVE NUMBERS.
R INDICATES RECORD WAS SET OR TIED.
MM INDICATES DATA IS MISSING.
T INDICATES TRACE AMOUNT.
$$