000
CXUS54 KJAN 011833
CF6MEI
PRELIMINARY LOCAL CLIMATOLOGICAL DATA (WS FORM: F-6)
STATION: MERIDIAN
MONTH: SEPTEMBER
YEAR: 2021
LATITUDE: 32 19 N
LONGITUDE: 88 45 W
TEMPERATURE IN F: :PCPN: SNOW: WIND :SUNSHINE: SKY :PK WND
================================================================================
1 2 3 4 5 6A 6B 7 8 9 10 11 12 13 14 15 16 17 18
12Z AVG MX 2MIN
DY MAX MIN AVG DEP HDD CDD WTR SNW DPTH SPD SPD DIR MIN PSBL S-S WX SPD DR
================================================================================
1 93 70 82 2 0 17 0.67 0.0 0 4.6 41 350 M M 2 13 53 340
2 88 67 78 -2 0 13 0.00 0.0 0 2.9 13 10 M M 4 1 18 50
3 89 66 78 -2 0 13 0.00 0.0 0 2.1 10 20 M M 1 1 14 330
4 87 68 78 -2 0 13 0.00 0.0 0 2.8 9 110 M M 3 13 140
5 90 68 79 -1 0 14 0.00 0.0 0 2.5 8 180 M M 1 12 180
6 84 71 78 -2 0 13 0.17 0.0 0 4.6 14 10 M M 6 13 20 10
7 87 68 78 -2 0 13 0.00 0.0 0 3.5 10 170 M M 3 14 180
8 87 70 79 0 0 14 0.00 0.0 0 1.6 9 350 M M 3 13 12 350
9 83 59 71 -8 0 6 0.00 0.0 0 7.1 22 10 M M 1 30 20
10 82 55 69 -10 0 4 0.00 0.0 0 3.6 17 10 M M 0 22 50
11 83 57 70 -9 0 5 0.00 0.0 0 3.8 13 90 M M 0 20 70
12 86 59 73 -5 0 8 0.00 0.0 0 3.1 16 170 M M 2 23 160
13 83 65 74 -4 0 9 0.31 0.0 0 2.3 14 130 M M 5 138 14 40
14 77 68 73 -5 0 8 0.18 0.0 0 1.8 10 140 M M 5 1 14 150
15 72 65 69 -9 0 4 1.29 0.0 0 6.9 14 60 M M 9 1 21 60
16 87 71 79 2 0 14 0.05 0.0 0 4.9 12 150 M M 10 13 16 70
17 88 75 82 5 0 17 0.13 0.0 0 5.8 13 180 M M 6 13 17 170
18 87 73 80 3 0 15 1.01 0.0 0 4.2 13 40 M M 8 13 16 120
19 86 73 80 3 0 15 T 0.0 0 3.2 12 130 M M 7 1 15 130
20 89 74 82 6 0 17 0.03 0.0 0 3.9 12 160 M M 5 18 14 160
21 89 72 81 5 0 16 0.23 0.0 0 3.0 18 320 M M 4 123 25 320
22 79 58 69 -7 0 4 T 0.0 0 9.3 22 350 M M 4 1 32 360
23 78 53 66 -9 0 1 0.00 0.0 0 4.5 16 350 M M 0 22 350
24 78 50 64 -11 1 0 0.00 0.0 0 2.8 13 20 M M 0 16 50
25 82 51 67 -8 0 2 0.00 0.0 0 2.5 12 30 M M 0 16 340
26 85 54 70 -4 0 5 0.00 0.0 0 1.7 9 70 M M 0 16 40
27 86 56 71 -3 0 6 0.00 0.0 0 1.2 9 200 M M 0 1 12 200
28 81 63 72 -2 0 7 0.52 0.0 0 3.6 17 140 M M 6 123 24 150
29 86 67 77 4 0 12 0.89 0.0 0 2.9 24 170 M M 7 13 32 180
30 82 69 76 3 0 11 0.37 0.0 0 3.2 10 150 M M 6 1 15 140
================================================================================
SM 2534 1935 1 296 5.85 0.0 109.9 M 108
================================================================================
AV 84.5 64.5 3.7 FASTST M M 4 MAX(MPH)
MISC ----> 41 350 53 340
================================================================================
NOTES:
# LAST OF SEVERAL OCCURRENCES
COLUMN 17 PEAK WIND IN M.P.H.
PRELIMINARY LOCAL CLIMATOLOGICAL DATA (WS FORM: F-6) , PAGE 2
STATION: MERIDIAN
MONTH: SEPTEMBER
YEAR: 2021
LATITUDE: 32 19 N
LONGITUDE: 88 45 W
[TEMPERATURE DATA] [PRECIPITATION DATA] SYMBOLS USED IN COLUMN 16
AVERAGE MONTHLY: 74.5 TOTAL FOR MONTH: 5.85 1 = FOG OR MIST
DPTR FM NORMAL: -2.8 DPTR FM NORMAL: 2.68 2 = FOG REDUCING VISIBILITY
HIGHEST: 93 ON 1 GRTST 24HR 1.38 ON 14-15 TO 1/4 MILE OR LESS
LOWEST: 50 ON 24 3 = THUNDER
SNOW, ICE PELLETS, HAIL 4 = ICE PELLETS
TOTAL MONTH: 0.0 INCH 5 = HAIL
GRTST 24HR 0.0 6 = FREEZING RAIN OR DRIZZLE
GRTST DEPTH: 0 7 = DUSTSTORM OR SANDSTORM:
VSBY 1/2 MILE OR LESS
8 = SMOKE OR HAZE
[NO. OF DAYS WITH] [WEATHER - DAYS WITH] 9 = BLOWING SNOW
X = TORNADO
MAX 32 OR BELOW: 0 0.01 INCH OR MORE: 13
MAX 90 OR ABOVE: 2 0.10 INCH OR MORE: 11
MIN 32 OR BELOW: 0 0.50 INCH OR MORE: 5
MIN 0 OR BELOW: 0 1.00 INCH OR MORE: 2
[HDD (BASE 65) ]
TOTAL THIS MO. 1 CLEAR (SCALE 0-3) 14
DPTR FM NORMAL -1 PTCLDY (SCALE 4-7) 13
TOTAL FM JUL 1 1 CLOUDY (SCALE 8-10) 3
DPTR FM NORMAL 1
[CDD (BASE 65) ]
TOTAL THIS MO. 296
DPTR FM NORMAL -74 [PRESSURE DATA]
TOTAL FM JAN 1 1975 HIGHEST SLP 30.23 ON 12
DPTR FM NORMAL -341 LOWEST SLP 29.75 ON 1
[REMARKS]
#FINAL-09-21#