000
CXUS54 KBRO 010800
CF6MFE
PRELIMINARY LOCAL CLIMATOLOGICAL DATA (WS FORM: F-6)
STATION: MCALLEN
MONTH: SEPTEMBER
YEAR: 2021
LATITUDE: 26 10 N
LONGITUDE: 98 14 W
TEMPERATURE IN F: :PCPN: SNOW: WIND :SUNSHINE: SKY :PK WND
================================================================================
1 2 3 4 5 6A 6B 7 8 9 10 11 12 13 14 15 16 17 18
12Z AVG MX 2MIN
DY MAX MIN AVG DEP HDD CDD WTR SNW DPTH SPD SPD DIR MIN PSBL S-S WX SPD DR
================================================================================
1 100 80 90 3 0 25 0.00 0.0 0 13.2 22 120 M M 2 8 29 130
2 101 78 90 3 0 25 0.00 0.0 0 11.6 26 130 M M 3 18 30 140
3 99 77 88 1 0 23 0.00 0.0 0 11.4 22 120 M M 1 18 27 130
4 100 77 89 2 0 24 0.00 0.0 0 11.8 22 130 M M 2 18 29 120
5 101 75 88 1 0 23 0.00 0.0 0 11.5 21 130 M M 0 27 140
6 101 74 88 2 0 23 0.00 0.0 0 7.6 20 90 M M 0 23 90
7 99 76 88 2 0 23 0.00 0.0 0 6.9 25 90 M M 1 138 32 90
8 100 76 88 2 0 23 0.00 0.0 0 5.0 17 90 M M 1 24 60
9 98 72 85 -1 0 20 0.00 0.0 0 6.0 16 80 M M 0 22 70
10 99 73 86 0 0 21 0.00 0.0 0 7.9 21 70 M M 1 28 90
11 97 73 85 -1 0 20 T 0.0 0 7.8 22 110 M M 1 3 28 90
12 92 75 84 -2 0 19 0.52 0.0 0 7.5 26 20 M M 3 13 37 10
13 89 73 81 -4 0 16 1.21 0.0 0 8.7 18 340 M M 6 1 24 340
14 96 74 85 0 0 20 0.00 0.0 0 5.5 17 130 M M 3 22 130
15 96 78 87 2 0 22 T 0.0 0 7.4 15 80 M M 2 20 80
16 96 76 86 1 0 21 0.00 0.0 0 6.1 20 130 M M 4 24 130
17 96 78 87 2 0 22 0.00 0.0 0 7.8 16 150 M M 2 21 150
18 99 78 89 5 0 24 0.00 0.0 0 6.5 18 80 M M 0 18 25 90
19 99 75 87 3 0 22 0.00 0.0 0 6.8 21 100 M M 1 27 120
20 99 75 87 3 0 22 0.00 0.0 0 12.2 24 130 M M 1 18 31 120
21 92 77 85 1 0 20 0.00 0.0 0 10.4 22 120 M M 1 18 33 150
22 82 67 75 -9 0 10 0.24 0.0 0 7.1 24 330 M M 4 138 34 340
23 90 64 77 -7 0 12 0.00 0.0 0 4.8 14 80 M M 0 22 70
24 90 65 78 -6 0 13 0.00 0.0 0 4.7 15 80 M M 0 20 90
25 91 70 81 -2 0 16 0.00 0.0 0 7.0 15 80 M M 2 23 80
26 92 67 80 -3 0 15 0.00 0.0 0 4.7 17 110 M M 1 24 110
27 97 72 85 2 0 20 0.00 0.0 0 8.1 18 120 M M 1 24 120
28 97 76 87 4 0 22 T 0.0 0 14.5 25 130 M M 1 33 150
29 98 79 89 6 0 24 0.00 0.0 0 9.9 22 120 M M 4 29 120
30 94 77 86 3 0 21 0.00 0.0 0 10.2 21 140 M M 2 1 28 140
================================================================================
SM 2880 2227 0 611 1.97 0.0 250.6 M 50
================================================================================
AV 96.0 74.2 8.4 FASTST M M 2 MAX(MPH)
MISC ----> # 26 130 37 10
================================================================================
NOTES:
# LAST OF SEVERAL OCCURRENCES
COLUMN 17 PEAK WIND IN M.P.H.
PRELIMINARY LOCAL CLIMATOLOGICAL DATA (WS FORM: F-6) , PAGE 2
STATION: MCALLEN
MONTH: SEPTEMBER
YEAR: 2021
LATITUDE: 26 10 N
LONGITUDE: 98 14 W
[TEMPERATURE DATA] [PRECIPITATION DATA] SYMBOLS USED IN COLUMN 16
AVERAGE MONTHLY: 85.1 TOTAL FOR MONTH: 1.97 1 = FOG OR MIST
DPTR FM NORMAL: 0.1 DPTR FM NORMAL: -2.64 2 = FOG REDUCING VISIBILITY
HIGHEST: 101 ON 6, 5 GRTST 24HR 1.73 ON 12-13 TO 1/4 MILE OR LESS
LOWEST: 64 ON 23 3 = THUNDER
SNOW, ICE PELLETS, HAIL 4 = ICE PELLETS
TOTAL MONTH: 0.0 INCH 5 = HAIL
GRTST 24HR 0.0 6 = FREEZING RAIN OR DRIZZLE
GRTST DEPTH: 0 7 = DUSTSTORM OR SANDSTORM:
VSBY 1/2 MILE OR LESS
8 = SMOKE OR HAZE
[NO. OF DAYS WITH] [WEATHER - DAYS WITH] 9 = BLOWING SNOW
X = TORNADO
MAX 32 OR BELOW: 0 0.01 INCH OR MORE: 3
MAX 90 OR ABOVE: 28 0.10 INCH OR MORE: 3
MIN 32 OR BELOW: 0 0.50 INCH OR MORE: 2
MIN 0 OR BELOW: 0 1.00 INCH OR MORE: 1
[HDD (BASE 65) ]
TOTAL THIS MO. 0 CLEAR (SCALE 0-3) 26
DPTR FM NORMAL 0 PTCLDY (SCALE 4-7) 4
TOTAL FM JUL 1 0 CLOUDY (SCALE 8-10) 0
DPTR FM NORMAL 0
[CDD (BASE 65) ]
TOTAL THIS MO. 611
DPTR FM NORMAL 12 [PRESSURE DATA]
TOTAL FM JAN 1 3834 HIGHEST SLP M ON M
DPTR FM NORMAL -408 LOWEST SLP 29.71 ON 1
[REMARKS]
#FINAL-09-21#