000
CXUS54 KBRO 031417
CF6MFE
PRELIMINARY LOCAL CLIMATOLOGICAL DATA (WS FORM: F-6)
STATION: MCALLEN
MONTH: OCTOBER
YEAR: 2020
LATITUDE: 26 10 N
LONGITUDE: 98 14 W
TEMPERATURE IN F: :PCPN: SNOW: WIND :SUNSHINE: SKY :PK WND
================================================================================
1 2 3 4 5 6A 6B 7 8 9 10 11 12 13 14 15 16 17 18
12Z AVG MX 2MIN
DY MAX MIN AVG DEP HDD CDD WTR SNW DPTH SPD SPD DIR MIN PSBL S-S WX SPD DR
================================================================================
1 89 60 75 -5 0 10 0.00 0.0 0 4.2 13 80 M M 0 16 80
2 89 62 76 -4 0 11 0.00 0.0 0 5.5 16 80 M M 0 20 80
3 92 64 78 -2 0 13 0.00 0.0 0 7.5 18 110 M M 0 18 23 100
4 91 63 77 -3 0 12 0.00 0.0 0 5.6 15 40 M M 0 18 20 60
5 91 63 77 -2 0 12 0.00 0.0 0 4.9 14 110 M M 0 1 18 110
6 91 67 79 0 0 14 0.00 0.0 0 5.5 17 80 M M 0 21 90
7 91 65 78 -1 0 13 0.00 0.0 0 6.6 15 50 M M 2 1 21 60
8 93 73 83 4 0 18 0.00 0.0 0 9.9 21 10 M M 7 27 20
9 96 74 85 6 0 20 0.00 0.0 0 7.5 16 310 M M 2 8 24 310
10 97 70 84 6 0 19 0.00 0.0 0 7.5 17 130 M M 0 21 130
11 91 76 84 6 0 19 0.00 0.0 0 11.5 20 150 M M 3 1 26 160
12 97 74 86 8 0 21 0.00 0.0 0 8.7 18 100 M M 3 1 23 100
13 96 77 87 9 0 22 0.00 0.0 0 5.6 17 80 M M 3 18 21 80
14 94 76 85 7 0 20 0.00 0.0 0 6.8 20 130 M M 3 24 140
15 96 75 86 8 0 21 0.00 0.0 0 11.1 21 140 M M 1 28 140
16 84 66 75 -2 0 10 0.67 0.0 0 9.6 23 10 M M 9 38 30 360
17 91 66 79 2 0 14 0.00 0.0 0 5.8 15 120 M M 6 8 18 120
18 93 73 83 6 0 18 0.00 0.0 0 10.9 22 130 M M 1 27 120
19 95 78 87 10 0 22 0.00 0.0 0 10.8 20 140 M M 3 26 130
20 92 77 85 9 0 20 0.00 0.0 0 9.6 18 100 M M 2 24 90
21 92 74 83 7 0 18 0.00 0.0 0 8.1 18 80 M M 1 25 70
22 93 75 84 8 0 19 0.00 0.0 0 5.0 18 100 M M 4 22 100
23 94 75 85 9 0 20 0.00 0.0 0 6.5 20 80 M M 2 8 25 60
24 76 64 70 -6 0 5 0.00 0.0 0 8.2 20 20 M M 6 25 50
25 93 70 82 7 0 17 0.00 0.0 0 11.7 23 130 M M 7 28 130
26 91 75 83 8 0 18 0.00 0.0 0 13.6 24 120 M M 3 30 160
27 M 48 M M M M T M 0 11.9 18 300 M M 10 1 24 320
28 72 45 59 -16 6 0 T 0.0 0 11.8 26 310 M M 5 1 34 300
29 81 47 64 -10 1 0 0.00 0.0 0 9.0 24 310 M M 0 37 320
30 75 45 60 -14 5 0 0.00 0.0 0 7.6 16 360 M M 0 21 340
31 81 48 65 -9 0 0 0.00 0.0 0 3.1 9 100 M M 0 1 12 110
================================================================================
SM 2697 2065 12 426 0.67 0.0 251.6 M 83
================================================================================
AV 89.9 66.6 8.1 FASTST M M 3 MAX(MPH)
MISC ----> # 26 310 # 37 320
================================================================================
NOTES:
# LAST OF SEVERAL OCCURRENCES
COLUMN 17 PEAK WIND IN M.P.H.
PRELIMINARY LOCAL CLIMATOLOGICAL DATA (WS FORM: F-6) , PAGE 2
STATION: MCALLEN
MONTH: OCTOBER
YEAR: 2020
LATITUDE: 26 10 N
LONGITUDE: 98 14 W
[TEMPERATURE DATA] [PRECIPITATION DATA] SYMBOLS USED IN COLUMN 16
AVERAGE MONTHLY: 78.3 TOTAL FOR MONTH: 0.67 1 = FOG OR MIST
DPTR FM NORMAL: 1.1 DPTR FM NORMAL: -1.41 2 = FOG REDUCING VISIBILITY
HIGHEST: 97 ON 12,10 GRTST 24HR 0.67 ON 16-16 TO 1/4 MILE OR LESS
LOWEST: 45 ON 30,28 3 = THUNDER
SNOW, ICE PELLETS, HAIL 4 = ICE PELLETS
TOTAL MONTH: 0.0 INCH 5 = HAIL
GRTST 24HR 0.0 6 = FREEZING RAIN OR DRIZZLE
GRTST DEPTH: 0 7 = DUSTSTORM OR SANDSTORM:
VSBY 1/2 MILE OR LESS
8 = SMOKE OR HAZE
[NO. OF DAYS WITH] [WEATHER - DAYS WITH] 9 = BLOWING SNOW
X = TORNADO
MAX 32 OR BELOW: 0 0.01 INCH OR MORE: 1
MAX 90 OR ABOVE: 22 0.10 INCH OR MORE: 1
MIN 32 OR BELOW: 0 0.50 INCH OR MORE: 1
MIN 0 OR BELOW: 0 1.00 INCH OR MORE: 0
[HDD (BASE 65) ]
TOTAL THIS MO. 12 CLEAR (SCALE 0-3) 21
DPTR FM NORMAL 7 PTCLDY (SCALE 4-7) 8
TOTAL FM JUL 1 12 CLOUDY (SCALE 8-10) 2
DPTR FM NORMAL 7
[CDD (BASE 65) ]
TOTAL THIS MO. 426
DPTR FM NORMAL 43 [PRESSURE DATA]
TOTAL FM JAN 1 4694 HIGHEST SLP 30.33 ON 30
DPTR FM NORMAL 512 LOWEST SLP 29.72 ON 15
[REMARKS]
#FINAL-10-20#