000
CXUS51 KPBZ 010730
CF6MGW
PRELIMINARY LOCAL CLIMATOLOGICAL DATA (WS FORM: F-6)
STATION: MORGANTOWN WV
MONTH: MARCH
YEAR: 2023
LATITUDE: 39 39 N
LONGITUDE: 79 55 W
TEMPERATURE IN F: :PCPN: SNOW: WIND :SUNSHINE: SKY :PK WND
================================================================================
1 2 3 4 5 6A 6B 7 8 9 10 11 12 13 14 15 16 17 18
12Z AVG MX 2MIN
DY MAX MIN AVG DEP HDD CDD WTR SNW DPTH SPD SPD DIR MIN PSBL S-S WX SPD DR
================================================================================
1 75 31 53 15 12 0 0.00 M M 7.6 22 230 M M 0 1 29 210
2 65 40 53 15 12 0 0.11 M M 6.1 15 170 M M 4 1 23 200
3 55 35 45 6 20 0 0.58 M M 10.4 28 120 M M 5 1 44 130
4 54 37 46 7 19 0 0.02 M M 7.7 24 230 M M 6 1 38 230
5 57 30 44 5 21 0 0.00 M M 4.2 12 270 M M 0 16 280
6 69 32 51 12 14 0 T M M 3.8 25 350 M M 1 36 350
7 48 30 39 -1 26 0 0.03 M M 9.2 22 350 M M 5 1 30 350
8 49 26 38 -2 27 0 0.00 M M 5.4 12 340 M M 0 17 350
9 52 26 39 -1 26 0 0.00 M M 3.5 10 360 M M 0 14 340
10 48 34 41 0 24 0 0.11 M M 8.3 17 270 M M 9 18 28 270
11 36 31 34 -7 31 0 0.01 M M 5.4 12 10 M M 10 18 19 320
12 42 31 37 -4 28 0 0.02 M M 3.7 12 160 M M 7 1 16 100
13 40 30 35 -7 30 0 0.07 M M 5.8 17 280 M M 9 18 23 280
14 30 26 28 -14 37 0 0.02 M M 8.5 16 290 M M 10 128 26 290
15 47 25 36 -6 29 0 0.00 M M 4.8 12 330 M M 2 18 300
16 62 27 45 3 20 0 T M M 3.0 12 200 M M 1 19 180
17 59 36 48 5 17 0 0.18 M M 8.3 20 230 M M 10 18 34 240
18 41 22 32 -11 33 0 0.00 M M 10.0 20 230 M M 7 32 230
19 34 18 26 -17 39 0 0.00 M M 6.9 15 230 M M 3 21 220
20 49 21 35 -9 30 0 0.00 M M 5.8 12 220 M M 0 16 190
21 60 26 43 -1 22 0 0.00 M M 2.6 9 160 M M 0 13 220
22 60 45 53 9 12 0 T M M 5.8 16 230 M M 10 22 230
23 72 49 61 16 4 0 0.74 M M 8.3 20 350 M M 10 13 31 330
24 50 43 47 2 18 0 0.81 M M 5.8 12 110 M M 10 1 19 100
25 73 47 60 14 5 0 0.19 M M 13.9 33 130 M M 6 1 44 220
26 62 35 49 3 16 0 0.00 M M 4.0 15 270 M M 1 21 280
27 66 43 55 9 10 0 0.00 M M 5.0 18 330 M M 4 24 320
28 52 41 47 0 18 0 0.00 M M 5.5 13 340 M M 8 17 360
29 57 29 43 -4 22 0 0.05 M M 4.9 18 330 M M 4 1 27 230
30 56 29 43 -4 22 0 0.00 M M 2.8 13 360 M M 2 16 10
31 61 42 52 4 13 0 0.22 M M 6.7 15 190 M M 8 1 24 190
================================================================================
SM 1681 1017 657 0 3.16 M 193.7 M 152
================================================================================
AV 54.2 32.8 6.2 FASTST M M 5 MAX(MPH)
MISC ----> 33 130 # 44 130
================================================================================
NOTES:
# LAST OF SEVERAL OCCURRENCES
COLUMN 17 PEAK WIND IN M.P.H.
PRELIMINARY LOCAL CLIMATOLOGICAL DATA (WS FORM: F-6) , PAGE 2
STATION: MORGANTOWN WV
MONTH: MARCH
YEAR: 2023
LATITUDE: 39 39 N
LONGITUDE: 79 55 W
[TEMPERATURE DATA] [PRECIPITATION DATA] SYMBOLS USED IN COLUMN 16
AVERAGE MONTHLY: 43.5 TOTAL FOR MONTH: 3.16 1 = FOG OR MIST
DPTR FM NORMAL: 0.9 DPTR FM NORMAL: -0.49 2 = FOG REDUCING VISIBILITY
HIGHEST: 75 ON 1 GRTST 24HR 1.22 ON 23-24 TO 1/4 MILE OR LESS
LOWEST: 18 ON 19 3 = THUNDER
SNOW, ICE PELLETS, HAIL 4 = ICE PELLETS
TOTAL MONTH: M 5 = HAIL
GRTST 24HR M ON M 6 = FREEZING RAIN OR DRIZZLE
GRTST DEPTH: M ON M 7 = DUSTSTORM OR SANDSTORM:
VSBY 1/2 MILE OR LESS
8 = SMOKE OR HAZE
[NO. OF DAYS WITH] [WEATHER - DAYS WITH] 9 = BLOWING SNOW
X = TORNADO
MAX 32 OR BELOW: 1 0.01 INCH OR MORE: 15
MAX 90 OR ABOVE: 0 0.10 INCH OR MORE: 8
MIN 32 OR BELOW: 18 0.50 INCH OR MORE: 3
MIN 0 OR BELOW: 0 1.00 INCH OR MORE: 0
[HDD (BASE 65) ]
TOTAL THIS MO. 657 CLEAR (SCALE 0-3) 11
DPTR FM NORMAL -39 PTCLDY (SCALE 4-7) 12
TOTAL FM JUL 1 3882 CLOUDY (SCALE 8-10) 8
DPTR FM NORMAL -559
[CDD (BASE 65) ]
TOTAL THIS MO. 0
DPTR FM NORMAL -2 [PRESSURE DATA]
TOTAL FM JAN 1 0 HIGHEST SLP M ON M
DPTR FM NORMAL -2 LOWEST SLP 29.12 ON 3
[REMARKS]
#FINAL-03-23#