000
CXUS51 KPBZ 010730
CF6MGW
PRELIMINARY LOCAL CLIMATOLOGICAL DATA (WS FORM: F-6)
STATION: MORGANTOWN WV
MONTH: SEPTEMBER
YEAR: 2021
LATITUDE: 39 39 N
LONGITUDE: 79 55 W
TEMPERATURE IN F: :PCPN: SNOW: WIND :SUNSHINE: SKY :PK WND
================================================================================
1 2 3 4 5 6A 6B 7 8 9 10 11 12 13 14 15 16 17 18
12Z AVG MX 2MIN
DY MAX MIN AVG DEP HDD CDD WTR SNW DPTH SPD SPD DIR MIN PSBL S-S WX SPD DR
================================================================================
1 75 60 68 -3 0 3 1.34 M M 8.0 26 10 M M 9 18 36 40
2 76 53 65 -6 0 0 0.00 M M 3.6 13 360 M M 3 12 17 340
3 76 49 63 -7 2 0 0.00 M M 2.3 10 360 M M 0 13 320
4 80 57 69 -1 0 4 0.00 M M 2.5 10 230 M M 2 14 220
5 71 65 68 -2 0 3 0.31 M M 5.4 16 240 M M 10 1 24 220
6 80 62 71 1 0 6 0.00 M M 5.5 14 270 M M 5 12 20 270
7 82 60 71 1 0 6 0.00 M M 4.6 12 200 M M 3 19 200
8 80 63 72 3 0 7 0.22 M M 5.3 15 210 M M 6 12 23 150
9 74 56 65 -4 0 0 0.26 M M 2.6 9 280 M M 6 1238 17 280
10 73 52 63 -6 2 0 0.00 M M 3.8 10 360 M M 4 1 14 350
11 77 51 64 -4 1 0 0.00 M M 4.5 13 220 M M 2 1 16 220
12 83 66 75 7 0 10 0.00 M M 8.8 16 220 M M 0 26 220
13 82 66 74 6 0 9 0.00 M M 5.6 12 230 M M 3 16 220
14 84 65 75 8 0 10 0.00 M M 3.7 12 170 M M 2 1 16 170
15 78 66 72 5 0 7 T M M 3.9 12 230 M M 4 20 240
16 84 64 74 7 0 9 0.00 M M 4.4 10 80 M M 5 128 16 100
17 87 66 77 11 0 12 0.00 M M 2.9 7 150 M M 2 8 11 70
18 87 65 76 10 0 11 0.00 M M 1.4 10 350 M M 4 13 350
19 86 61 74 8 0 9 0.00 M M 2.5 8 20 M M 0 12 12 30
20 86 65 76 11 0 11 T M M 6.1 14 130 M M 2 18 120
21 79 66 73 8 0 8 0.25 M M 4.7 14 150 M M 5 1 20 140
22 85 60 73 9 0 8 0.54 M M 9.5 23 150 M M 8 13 32 220
23 61 53 57 -7 8 0 0.04 M M 7.0 16 220 M M 9 1 23 220
24 71 50 61 -3 4 0 0.00 M M 4.5 12 230 M M 1 17 230
25 71 46 59 -4 6 0 T M M 3.5 14 200 M M 2 1 20 220
26 72 49 61 -2 4 0 0.00 M M 5.0 15 280 M M 2 12 23 290
27 79 55 67 5 0 2 0.00 M M 6.7 15 230 M M 0 8 22 210
28 72 59 66 4 0 1 0.45 M M 4.1 10 180 M M 7 13 16 200
29 72 52 62 0 3 0 0.00 M M 1.7 9 360 M M 2 12 13 340
30 71 46 59 -2 6 0 0.00 M M 1.8 10 350 M M 1 12 16 360
================================================================================
SM 2334 1748 36 136 3.41 M 135.9 M 109
================================================================================
AV 77.8 58.3 4.5 FASTST M M 4 MAX(MPH)
MISC ----> 26 10 36 40
================================================================================
NOTES:
# LAST OF SEVERAL OCCURRENCES
COLUMN 17 PEAK WIND IN M.P.H.
PRELIMINARY LOCAL CLIMATOLOGICAL DATA (WS FORM: F-6) , PAGE 2
STATION: MORGANTOWN WV
MONTH: SEPTEMBER
YEAR: 2021
LATITUDE: 39 39 N
LONGITUDE: 79 55 W
[TEMPERATURE DATA] [PRECIPITATION DATA] SYMBOLS USED IN COLUMN 16
AVERAGE MONTHLY: 68.0 TOTAL FOR MONTH: 3.41 1 = FOG OR MIST
DPTR FM NORMAL: 1.5 DPTR FM NORMAL: 0.00 2 = FOG REDUCING VISIBILITY
HIGHEST: 87 ON 18,17 GRTST 24HR 2.48 ON 31- 1 TO 1/4 MILE OR LESS
LOWEST: 46 ON 30,25 3 = THUNDER
SNOW, ICE PELLETS, HAIL 4 = ICE PELLETS
TOTAL MONTH: M 5 = HAIL
GRTST 24HR M ON M 6 = FREEZING RAIN OR DRIZZLE
GRTST DEPTH: M ON M 7 = DUSTSTORM OR SANDSTORM:
VSBY 1/2 MILE OR LESS
8 = SMOKE OR HAZE
[NO. OF DAYS WITH] [WEATHER - DAYS WITH] 9 = BLOWING SNOW
X = TORNADO
MAX 32 OR BELOW: 0 0.01 INCH OR MORE: 8
MAX 90 OR ABOVE: 0 0.10 INCH OR MORE: 7
MIN 32 OR BELOW: 0 0.50 INCH OR MORE: 2
MIN 0 OR BELOW: 0 1.00 INCH OR MORE: 1
[HDD (BASE 65) ]
TOTAL THIS MO. 36 CLEAR (SCALE 0-3) 17
DPTR FM NORMAL -30 PTCLDY (SCALE 4-7) 10
TOTAL FM JUL 1 36 CLOUDY (SCALE 8-10) 3
DPTR FM NORMAL -34
[CDD (BASE 65) ]
TOTAL THIS MO. 136
DPTR FM NORMAL 25 [PRESSURE DATA]
TOTAL FM JAN 1 1110 HIGHEST SLP 30.26 ON 30
DPTR FM NORMAL 200 LOWEST SLP 29.63 ON 22
[REMARKS]
#FINAL-09-21#