000
CXUS53 KTOP 010810
CF6MHK
PRELIMINARY LOCAL CLIMATOLOGICAL DATA (WS FORM: F-6)
STATION: MANHATTAN KS
MONTH: APRIL
YEAR: 2023
LATITUDE: 39 9 N
LONGITUDE: 96 40 W
TEMPERATURE IN F: :PCPN: SNOW: WIND :SUNSHINE: SKY :PK WND
================================================================================
1 2 3 4 5 6A 6B 7 8 9 10 11 12 13 14 15 16 17 18
12Z AVG MX 2MIN
DY MAX MIN AVG DEP HDD CDD WTR SNW DPTH SPD SPD DIR MIN PSBL S-S WX SPD DR
================================================================================
1 62 34 48 -2 17 0 0.00 M M 7.1 20 280 M M 0 42 320
2 80 42 61 10 4 0 0.00 M M 8.2 29 210 M M 0 37 210
3 71 51 61 10 4 0 0.00 M M 12.3 24 60 M M 5 8 30 60
4 90 38 64 13 1 0 0.00 M M 13.9 32 220 M M 1 44 210
5 55 28 42 -10 23 0 0.00 M M 7.1 16 290 M M 2 29 320
6 61 20 41 -11 24 0 0.00 M M 1.2 8 90 M M 3 8 12 250
7 71 28 50 -2 15 0 0.00 M M 7.0 21 170 M M 1 8 30 160
8 74 33 54 2 11 0 0.00 M M 8.5 21 160 M M 1 8 30 180
9 77 39 58 5 7 0 0.00 M M 6.1 21 230 M M 1 26 230
10 82 47 65 12 0 0 0.00 M M 5.2 15 130 M M 1 18 21 140
11 83 39 61 8 4 0 M M M 9.8 24 210 M M 1 128 33 220
12 85 55 70 16 0 5 0.00 M M 15.6 26 210 M M 0 37 230
13 86 50 68 14 0 3 0.00 M M 14.8 30 170 M M 0 41 170
14 90 55 73 19 0 8 0.40 M M 14.2 26 160 M M 2 13 43 160
15 57 44 51 -3 14 0 0.31 M M 7.7 28 70 M M 10 138 36 70
16 65 34 50 -5 15 0 0.00 M M 8.9 21 310 M M 0 42 320
17 80 27 54 -1 11 0 0.00 M M 5.1 18 210 M M 0 8 25 210
18 87 48 68 13 0 3 0.00 M M 13.6 29 160 M M 0 43 210
19 87 67 77 21 0 12 0.05 M M 16.6 36 190 M M 5 3 49 170
20 71 39 55 -1 10 0 0.82 M M 6.6 37 240 M M 6 138 61 240
21 61 36 49 -7 16 0 0.00 M M 6.5 24 280 M M 0 41 280
22 56 29 43 -13 22 0 0.00 M M 5.9 16 330 M M 0 31 340
23 61 25 43 -14 22 0 0.00 M M 1.9 12 250 M M 2 16 360
24 68 39 54 -3 11 0 0.00 M M 11.4 24 210 M M 1 32 200
25 67 42 55 -2 10 0 0.00 M M 5.5 15 170 M M 6 20 170
26 69 37 53 -5 12 0 0.00 M M 6.4 21 80 M M 1 28 100
27 68 49 59 1 6 0 0.00 M M 3.1 12 170 M M 9 21 160
28 59 47 53 -5 12 0 0.00 M M 5.6 15 360 M M 8 18 25 350
29 80 35 58 -1 7 0 0.00 M M 7.0 24 260 M M 1 37 20
30 64 36 50 -9 15 0 0.00 M M 8.0 20 360 M M 0 36 350
================================================================================
SM 2167 1193 293 31 1.58 M 250.8 M 67
================================================================================
AV 72.2 39.8 8.4 FASTST M M 2 MAX(MPH)
MISC ----> 37 240 61 240
================================================================================
NOTES:
# LAST OF SEVERAL OCCURRENCES
COLUMN 17 PEAK WIND IN M.P.H.
PRELIMINARY LOCAL CLIMATOLOGICAL DATA (WS FORM: F-6) , PAGE 2
STATION: MANHATTAN KS
MONTH: APRIL
YEAR: 2023
LATITUDE: 39 9 N
LONGITUDE: 96 40 W
[TEMPERATURE DATA] [PRECIPITATION DATA] SYMBOLS USED IN COLUMN 16
AVERAGE MONTHLY: 56.0 TOTAL FOR MONTH: 1.58 1 = FOG OR MIST
DPTR FM NORMAL: 1.4 DPTR FM NORMAL: -1.55 2 = FOG REDUCING VISIBILITY
HIGHEST: 90 ON 14, 4 GRTST 24HR 0.87 ON 19-20 TO 1/4 MILE OR LESS
LOWEST: 20 ON 6 3 = THUNDER
SNOW, ICE PELLETS, HAIL 4 = ICE PELLETS
TOTAL MONTH: M 5 = HAIL
GRTST 24HR M ON M 6 = FREEZING RAIN OR DRIZZLE
GRTST DEPTH: M ON M 7 = DUSTSTORM OR SANDSTORM:
VSBY 1/2 MILE OR LESS
8 = SMOKE OR HAZE
[NO. OF DAYS WITH] [WEATHER - DAYS WITH] 9 = BLOWING SNOW
X = TORNADO
MAX 32 OR BELOW: 0 0.01 INCH OR MORE: 4
MAX 90 OR ABOVE: 2 0.10 INCH OR MORE: 3
MIN 32 OR BELOW: 6 0.50 INCH OR MORE: 1
MIN 0 OR BELOW: 0 1.00 INCH OR MORE: 0
[HDD (BASE 65) ]
TOTAL THIS MO. 293 CLEAR (SCALE 0-3) 22
DPTR FM NORMAL -38 PTCLDY (SCALE 4-7) 5
TOTAL FM JUL 1 4850 CLOUDY (SCALE 8-10) 3
DPTR FM NORMAL -133
[CDD (BASE 65) ]
TOTAL THIS MO. 31
DPTR FM NORMAL 12 [PRESSURE DATA]
TOTAL FM JAN 1 31 HIGHEST SLP M ON M
DPTR FM NORMAL 8 LOWEST SLP 29.21 ON 4
[REMARKS]
#FINAL-04-23#