000
CXUS56 KMFR 011030
CF6MHS
PRELIMINARY LOCAL CLIMATOLOGICAL DATA (WS FORM: F-6)
STATION: MT SHASTA CITY CA
MONTH: FEBRUARY
YEAR: 2024
LATITUDE: 41 19 N
LONGITUDE: 122 19 W
TEMPERATURE IN F: :PCPN: SNOW: WIND :SUNSHINE: SKY :PK WND
================================================================================
1 2 3 4 5 6A 6B 7 8 9 10 11 12 13 14 15 16 17 18
12Z AVG MX 2MIN
DY MAX MIN AVG DEP HDD CDD WTR SNW DPTH SPD SPD DIR MIN PSBL S-S WX SPD DR
================================================================================
1 44 36 40 3 25 0 0.55 M M 2.2 13 90 M M 9 1 20 70
2 42 33 38 1 27 0 0.02 M M 1.4 6 130 M M 8 1 15 130
3 39 28 34 -3 31 0 0.01 M M 0.5 8 130 M M 7 18 17 130
4 39 28 34 -3 31 0 1.43 M M 2.4 14 220 M M 9 128 32 210
5 40 33 37 0 28 0 2.08 M M 5.1 13 130 M M 10 1 33 130
6 48 31 40 3 25 0 T M M 1.8 10 300 M M 6 12 19 300
7 37 30 34 -3 31 0 0.08 M M 1.3 7 340 M M 8 18 12 350
8 46 30 38 1 27 0 0.00 M M 2.7 6 99 M M 6 M M
9 41 27 34 -4 31 0 T M M 3.1 13 320 M M 7 18 27 340
10 52 30 41 3 24 0 0.00 M M 1.8 7 280 M M 4 8 15 340
11 52 27 40 2 25 0 0.00 M M 0.6 6 130 M M 0 18 14 130
12 55 28 42 4 23 0 0.00 M M 0.3 7 300 M M 0 1 15 130
13 51 29 40 2 25 0 0.00 M M 1.7 9 130 M M 4 1 16 130
14 41 37 39 1 26 0 1.00 M M 5.2 12 90 M M 10 1 20 90
15 44 36 40 2 25 0 T M M 3.2 9 100 M M 10 1 21 140
16 47 38 43 5 22 0 0.01 M M 0.1 5 130 M M 8 1 10 240
17 45 33 39 1 26 0 1.21 M M 1.5 9 130 M M 10 1 27 140
18 44 34 39 1 26 0 1.02 M M 3.3 9 80 M M 10 1 22 130
19 43 33 38 0 27 0 2.26 M M 0.7 8 130 M M 10 1 17 120
20 41 37 39 0 26 0 1.47 M M 4.4 10 90 M M 10 1 20 90
21 46 36 41 2 24 0 0.01 M M 2.2 9 130 M M 9 1 17 130
22 51 32 42 3 23 0 0.05 M M 0.5 8 220 M M 6 1 15 140
23 60 28 44 5 21 0 0.00 M M 1.2 8 300 M M 0 18 14 300
24 62 30 46 7 19 0 0.00 M M 0.1 6 130 M M 0 18 13 110
25 61 29 45 6 20 0 0.00 M M 1.3 9 90 M M 1 1 19 130
26 53 32 43 3 22 0 T M M 4.7 13 340 M M 4 26 320
27 50 27 39 -1 26 0 0.00 M M 2.6 10 300 M M 2 8 24 310
28 55 26 41 1 24 0 T M M 3.4 13 140 M M 4 18 23 120
29 47 34 41 1 24 0 0.72 M M 4.7 13 130 M M 9 1 27 130
================================================================================
SM 1376 912 734 0 11.92 M 64.0 M 181
================================================================================
AV 47.4 31.4 2.2 FASTST M M 6 MAX(MPH)
MISC ----> 14 220 33 130
================================================================================
NOTES:
# LAST OF SEVERAL OCCURRENCES
COLUMN 17 PEAK WIND IN M.P.H.
PRELIMINARY LOCAL CLIMATOLOGICAL DATA (WS FORM: F-6) , PAGE 2
STATION: MT SHASTA CITY CA
MONTH: FEBRUARY
YEAR: 2024
LATITUDE: 41 19 N
LONGITUDE: 122 19 W
[TEMPERATURE DATA] [PRECIPITATION DATA] SYMBOLS USED IN COLUMN 16
AVERAGE MONTHLY: 39.4 TOTAL FOR MONTH: 11.92 1 = FOG OR MIST
DPTR FM NORMAL: 1.3 DPTR FM NORMAL: 5.51 2 = FOG REDUCING VISIBILITY
HIGHEST: 62 ON 24 GRTST 24HR 3.16 ON 4- 5 TO 1/4 MILE OR LESS
LOWEST: 26 ON 28 3 = THUNDER
SNOW, ICE PELLETS, HAIL 4 = ICE PELLETS
TOTAL MONTH: M 5 = HAIL
GRTST 24HR M ON M 6 = FREEZING RAIN OR DRIZZLE
GRTST DEPTH: M ON M 7 = DUSTSTORM OR SANDSTORM:
VSBY 1/2 MILE OR LESS
8 = SMOKE OR HAZE
[NO. OF DAYS WITH] [WEATHER - DAYS WITH] 9 = BLOWING SNOW
X = TORNADO
MAX 32 OR BELOW: 0 0.01 INCH OR MORE: 15
MAX 90 OR ABOVE: 0 0.10 INCH OR MORE: 9
MIN 32 OR BELOW: 17 0.50 INCH OR MORE: 9
MIN 0 OR BELOW: 0 1.00 INCH OR MORE: 7
[HDD (BASE 65) ]
TOTAL THIS MO. 734 CLEAR (SCALE 0-3) 6
DPTR FM NORMAL -18 PTCLDY (SCALE 4-7) 11
TOTAL FM JUL 1 3441 CLOUDY (SCALE 8-10) 12
DPTR FM NORMAL -527
[CDD (BASE 65) ]
TOTAL THIS MO. 0
DPTR FM NORMAL 0 [PRESSURE DATA]
TOTAL FM JAN 1 0 HIGHEST SLP 30.38 ON 23
DPTR FM NORMAL 0 LOWEST SLP 29.39 ON 4
[REMARKS]
#FINAL-02-24#