709
CXUS52 KMFL 011000
CF6MIA
PRELIMINARY LOCAL CLIMATOLOGICAL DATA (WS FORM: F-6)
STATION: MIAMI
MONTH: JUNE
YEAR: 2020
LATITUDE: 25 49 N
LONGITUDE: 80 17 W
TEMPERATURE IN F: :PCPN: SNOW: WIND :SUNSHINE: SKY :PK WND
================================================================================
1 2 3 4 5 6A 6B 7 8 9 10 11 12 13 14 15 16 17 18
12Z AVG MX 2MIN
DY MAX MIN AVG DEP HDD CDD WTR SNW DPTH SPD SPD DIR MIN PSBL S-S WX SPD DR
================================================================================
1 90 77 84 2 0 19 0.00 0.0 0 7.3 17 100 M M 8 21 120
2 89 76 83 1 0 18 0.29 0.0 0 9.5 23 100 M M 9 13 27 90
3 87 75 81 -1 0 16 1.35 0.0 0 5.5 18 140 M M 9 13 23 140
4 84 71 78 -4 0 13 1.77 0.0 0 5.7 23 170 M M 9 13 33 180
5 88 80 84 2 0 19 T 0.0 0 10.3 21 140 M M 10 3 34 160
6 88 82 85 3 0 20 T 0.0 0 11.8 20 130 M M 10 26 130
7 91 82 87 5 0 22 T 0.0 0 10.4 17 160 M M 10 27 150
8 88 79 84 2 0 19 0.15 0.0 0 5.7 13 190 M M 8 138 17 190
9 91 79 85 3 0 20 0.00 0.0 0 7.6 14 130 M M 6 19 150
10 91 80 86 4 0 21 0.00 0.0 0 7.0 13 120 M M 6 3 19 130
11 88 78 83 0 0 18 0.21 0.0 0 8.7 21 80 M M 5 13 26 90
12 88 77 83 0 0 18 0.01 0.0 0 10.0 23 90 M M 6 25 80
13 89 78 84 1 0 19 0.01 0.0 0 10.4 17 80 M M 7 24 90
14 89 74 82 -1 0 17 0.17 0.0 0 6.3 15 90 M M 8 13 19 60
15 88 73 81 -2 0 16 0.84 0.0 0 3.7 24 40 M M 6 138 29 40
16 88 73 81 -2 0 16 0.00 0.0 0 7.7 20 90 M M 4 27 90
17 84 73 79 -4 0 14 0.57 0.0 0 8.5 18 90 M M 6 13 23 90
18 90 73 82 -1 0 17 0.73 0.0 0 5.5 21 210 M M 9 13 27 200
19 90 74 82 -1 0 17 1.00 0.0 0 6.0 20 360 M M 9 13 29 340
20 91 78 85 2 0 20 0.00 0.0 0 5.1 14 110 M M 7 3 20 120
21 91 80 86 3 0 21 0.01 0.0 0 3.0 12 120 M M 7 3 17 150
22 93 79 86 3 0 21 0.00 0.0 0 6.1 16 130 M M 7 22 140
23 93 81 87 4 0 22 0.00 0.0 0 5.9 16 120 M M 5 20 120
24 95 83 89 6 0 24 0.00 0.0 0 6.1 14 110 M M 5 21 140
25 94 84 89 6 0 24 0.00 0.0 0 9.6 16 110 M M 6 21 130
26 94 83 89 6 0 24 0.00 0.0 M 11.0 18 110 M M 5 23 110
27 93 84 89 6 0 24 0.00 0.0 0 9.6 17 90 M M 4 21 90
28 94 83 89 6 0 24 0.00 0.0 0 8.2 14 120 M M 6 19 110
29 94 84 89 6 0 24 0.00 0.0 0 5.5 14 120 M M 7 3 21 130
30 98 80 89 6 0 24 0.00 0.0 0 4.8 16 120 M M 4 3 22 130
================================================================================
SM 2711 2353 0 591 7.11 0.0 222.5 M 208
================================================================================
AV 90.4 78.4 7.4 FASTST M M 7 MAX(MPH)
MISC ----> # 24 40 # 34 160
================================================================================
NOTES:
# LAST OF SEVERAL OCCURRENCES
COLUMN 17 PEAK WIND IN M.P.H.
PRELIMINARY LOCAL CLIMATOLOGICAL DATA (WS FORM: F-6) , PAGE 2
STATION: MIAMI
MONTH: JUNE
YEAR: 2020
LATITUDE: 25 49 N
LONGITUDE: 80 17 W
[TEMPERATURE DATA] [PRECIPITATION DATA] SYMBOLS USED IN COLUMN 16
AVERAGE MONTHLY: 84.4 TOTAL FOR MONTH: 7.11 1 = FOG OR MIST
DPTR FM NORMAL: 1.7 DPTR FM NORMAL: -2.56 2 = FOG REDUCING VISIBILITY
HIGHEST: 98 ON 30 GRTST 24HR 1.77 ON 4- 4 TO 1/4 MILE OR LESS
LOWEST: 71 ON 4 3 = THUNDER
SNOW, ICE PELLETS, HAIL 4 = ICE PELLETS
TOTAL MONTH: 0.0 INCH 5 = HAIL
GRTST 24HR 0.0 6 = FREEZING RAIN OR DRIZZLE
GRTST DEPTH: 0 7 = DUSTSTORM OR SANDSTORM:
VSBY 1/2 MILE OR LESS
8 = SMOKE OR HAZE
[NO. OF DAYS WITH] [WEATHER - DAYS WITH] 9 = BLOWING SNOW
X = TORNADO
MAX 32 OR BELOW: 0 0.01 INCH OR MORE: 13
MAX 90 OR ABOVE: 17 0.10 INCH OR MORE: 10
MIN 32 OR BELOW: 0 0.50 INCH OR MORE: 6
MIN 0 OR BELOW: 0 1.00 INCH OR MORE: 3
[HDD (BASE 65) ]
TOTAL THIS MO. 0 CLEAR (SCALE 0-3) 0
DPTR FM NORMAL 0 PTCLDY (SCALE 4-7) 21
TOTAL FM JUL 1 42 CLOUDY (SCALE 8-10) 9
DPTR FM NORMAL -86
[CDD (BASE 65) ]
TOTAL THIS MO. 591
DPTR FM NORMAL 59 [PRESSURE DATA]
TOTAL FM JAN 1 2428 HIGHEST SLP 30.18 ON 26
DPTR FM NORMAL 540 LOWEST SLP 29.90 ON 13
[REMARKS]
#FINAL-06-20#