000
CXUS53 KIND 010700
CF6MIE
PRELIMINARY LOCAL CLIMATOLOGICAL DATA (WS FORM: F-6)
STATION: MUNCIE IN
MONTH: FEBRUARY
YEAR: 2023
LATITUDE: 40 13 N
LONGITUDE: 85 23 W
TEMPERATURE IN F: :PCPN: SNOW: WIND :SUNSHINE: SKY :PK WND
================================================================================
1 2 3 4 5 6A 6B 7 8 9 10 11 12 13 14 15 16 17 18
12Z AVG MX 2MIN
DY MAX MIN AVG DEP HDD CDD WTR SNW DPTH SPD SPD DIR MIN PSBL S-S WX SPD DR
================================================================================
1 30 10 20 -9 45 0 0.00 M M 3.8 12 330 M M 0 13 330
2 41 22 32 3 33 0 0.00 M M 10.7 23 340 M M 1 31 280
3 28 13 21 -8 44 0 0.00 M M 10.2 21 320 M M 6 28 330
4 45 14 30 1 35 0 0.00 M M 13.3 24 210 M M 1 38 220
5 51 34 43 14 22 0 0.00 M M 13.6 23 250 M M 5 37 200
6 47 30 39 9 26 0 0.00 M M 8.8 15 170 M M 4 8 25 170
7 59 35 47 17 18 0 T M M 12.1 23 250 M M 4 37 250
8 51 26 39 9 26 0 0.18 M M 4.8 13 130 M M 3 128 16 120
9 62 38 50 20 15 0 1.01 M M 18.2 35 240 M M 10 1 53 200
10 43 31 37 7 28 0 0.00 M M 10.3 20 290 M M 7 18 28 290
11 46 22 34 3 31 0 0.00 M M 1.7 8 150 M M 0 11 130
12 54 24 39 8 26 0 0.00 M M 3.6 9 270 M M 0 12 10
13 56 33 45 14 20 0 0.00 M M 9.2 22 290 M M 0 31 280
14 59 29 44 12 21 0 0.01 M M 11.4 25 190 M M 3 37 150
15 66 40 53 21 12 0 0.00 M M 14.7 31 250 M M 2 45 230
16 60 36 48 16 17 0 0.24 M M 11.9 29 280 M M 7 18 39 290
17 36 24 30 -2 35 0 T M M 15.1 25 330 M M 9 8 32 330
18 48 24 36 3 29 0 0.00 M M 13.0 21 210 M M 0 31 210
19 58 40 49 16 16 0 0.00 M M 12.8 25 220 M M 1 35 210
20 57 35 46 13 19 0 0.00 M M 5.7 16 270 M M 1 8 23 270
21 47 37 42 8 23 0 T M M 11.5 26 290 M M 3 40 290
22 46 37 42 8 23 0 0.78 M M 10.0 22 130 M M 10 1238 30 120
23 67 30 49 15 16 0 0.00 M M 14.2 29 280 M M 5 12 41 260
24 39 23 31 -4 34 0 0.00 M M 8.7 24 310 M M 5 31 320
25 46 32 39 4 26 0 0.00 M M 6.3 16 290 M M 5 23 310
26 55 32 44 9 21 0 0.00 M M 6.9 14 270 M M 0 8 19 270
27 66 43 55 19 10 0 0.51 M M 16.2 35 250 M M 10 138 50 260
28 49 37 43 7 22 0 0.00 M M 10.6 32 290 M M 6 44 270
================================================================================
SM 1412 831 693 0 2.73 M 289.3 M 108
================================================================================
AV 50.4 29.7 10.3 FASTST M M 4 MAX(MPH)
MISC ----> # 35 240 53 200
================================================================================
NOTES:
# LAST OF SEVERAL OCCURRENCES
COLUMN 17 PEAK WIND IN M.P.H.
PRELIMINARY LOCAL CLIMATOLOGICAL DATA (WS FORM: F-6) , PAGE 2
STATION: MUNCIE IN
MONTH: FEBRUARY
YEAR: 2023
LATITUDE: 40 13 N
LONGITUDE: 85 23 W
[TEMPERATURE DATA] [PRECIPITATION DATA] SYMBOLS USED IN COLUMN 16
AVERAGE MONTHLY: 40.1 TOTAL FOR MONTH: 2.73 1 = FOG OR MIST
DPTR FM NORMAL: 8.2 DPTR FM NORMAL: 0.46 2 = FOG REDUCING VISIBILITY
HIGHEST: 67 ON 23 GRTST 24HR 1.19 ON 8- 9 TO 1/4 MILE OR LESS
LOWEST: 10 ON 1 3 = THUNDER
SNOW, ICE PELLETS, HAIL 4 = ICE PELLETS
TOTAL MONTH: M 5 = HAIL
GRTST 24HR M ON M 6 = FREEZING RAIN OR DRIZZLE
GRTST DEPTH: M ON M 7 = DUSTSTORM OR SANDSTORM:
VSBY 1/2 MILE OR LESS
8 = SMOKE OR HAZE
[NO. OF DAYS WITH] [WEATHER - DAYS WITH] 9 = BLOWING SNOW
X = TORNADO
MAX 32 OR BELOW: 2 0.01 INCH OR MORE: 6
MAX 90 OR ABOVE: 0 0.10 INCH OR MORE: 5
MIN 32 OR BELOW: 16 0.50 INCH OR MORE: 3
MIN 0 OR BELOW: 0 1.00 INCH OR MORE: 1
[HDD (BASE 65) ]
TOTAL THIS MO. 693 CLEAR (SCALE 0-3) 14
DPTR FM NORMAL -234 PTCLDY (SCALE 4-7) 10
TOTAL FM JUL 1 3506 CLOUDY (SCALE 8-10) 4
DPTR FM NORMAL -529
[CDD (BASE 65) ]
TOTAL THIS MO. 0
DPTR FM NORMAL 0 [PRESSURE DATA]
TOTAL FM JAN 1 0 HIGHEST SLP M ON M
DPTR FM NORMAL 0 LOWEST SLP 29.06 ON 27
[REMARKS]
#FINAL-02-23#