000
CXUS53 KIND 010600
CF6MIE
PRELIMINARY LOCAL CLIMATOLOGICAL DATA (WS FORM: F-6)
STATION: MUNCIE IN
MONTH: JUNE
YEAR: 2021
LATITUDE: 40 13 N
LONGITUDE: 85 23 W
TEMPERATURE IN F: :PCPN: SNOW: WIND :SUNSHINE: SKY :PK WND
================================================================================
1 2 3 4 5 6A 6B 7 8 9 10 11 12 13 14 15 16 17 18
12Z AVG MX 2MIN
DY MAX MIN AVG DEP HDD CDD WTR SNW DPTH SPD SPD DIR MIN PSBL S-S WX SPD DR
================================================================================
1 77 58 68 -1 0 3 0.00 M M 3.5 12 220 M M 4 18 210
2 68 61 65 -5 0 0 0.48 M M 5.8 12 190 M M 8 1 19 190
3 77 64 71 1 0 6 0.01 M M 3.5 9 340 M M 7 12 15 330
4 90 65 78 8 0 13 0.00 M M 8.7 18 330 M M 2 24 320
5 88 66 77 6 0 12 0.00 M M 7.6 18 240 M M 1 25 250
6 88 68 78 7 0 13 T M M 7.8 16 190 M M 3 25 200
7 84 72 78 7 0 13 0.21 M M 5.0 14 290 M M 7 1 19 290
8 83 72 78 6 0 13 0.16 M M 6.7 14 240 M M 4 13 21 230
9 82 70 76 4 0 11 0.02 M M 6.2 15 130 M M 7 21 130
10 89 68 79 7 0 14 0.42 M M 5.5 22 70 M M 5 123 28 70
11 91 70 81 9 0 16 0.00 M M 4.2 15 360 M M 3 128 20 20
12 95 69 82 9 0 17 0.79 M M 4.1 10 280 M M 1 138 14 350
13 88 67 78 5 0 13 0.00 M M 7.7 18 340 M M 1 1 24 340
14 87 63 75 2 0 10 0.00 M M 10.7 24 310 M M 0 32 310
15 83 57 70 -4 0 5 0.00 M M 8.9 23 350 M M 1 30 350
16 82 59 71 -3 0 6 0.00 M M 3.5 13 120 M M 1 16 120
17 88 58 73 -1 0 8 0.00 M M 4.6 12 230 M M 0 15 210
18 92 72 82 8 0 17 0.26 M M 12.1 23 260 M M 2 38 36 210
19 83 70 77 3 0 12 0.53 M M 10.6 29 190 M M 6 13 40 190
20 89 75 82 7 0 17 T M M 9.0 18 190 M M 2 3 28 220
21 81 63 72 -3 0 7 0.01 M M 12.0 24 330 M M 6 32 320
22 73 52 63 -12 2 0 0.00 M M 6.2 15 330 M M 2 20 330
23 78 59 69 -6 0 4 T M M 7.9 16 190 M M 4 25 190
24 83 65 74 -1 0 9 0.00 M M 9.3 18 220 M M 2 28 190
25 82 73 78 2 0 13 0.28 M M 10.9 21 190 M M 9 1 30 200
26 88 75 82 6 0 17 0.00 M M 13.7 24 200 M M 4 38 200
27 89 75 82 6 0 17 0.35 M M 10.0 20 200 M M 3 13 31 220
28 92 74 83 7 0 18 T M M 5.8 13 200 M M 2 19 210
29 94 74 84 8 0 19 0.10 M M 4.5 21 330 M M 1 38 27 350
30 81 71 76 0 0 11 0.56 M M 3.8 20 300 M M 6 138 29 300
================================================================================
SM 2545 2005 2 334 4.18 M 219.8 M 104
================================================================================
AV 84.8 66.8 7.3 FASTST M M 3 MAX(MPH)
MISC ----> 29 190 40 190
================================================================================
NOTES:
# LAST OF SEVERAL OCCURRENCES
COLUMN 17 PEAK WIND IN M.P.H.
PRELIMINARY LOCAL CLIMATOLOGICAL DATA (WS FORM: F-6) , PAGE 2
STATION: MUNCIE IN
MONTH: JUNE
YEAR: 2021
LATITUDE: 40 13 N
LONGITUDE: 85 23 W
[TEMPERATURE DATA] [PRECIPITATION DATA] SYMBOLS USED IN COLUMN 16
AVERAGE MONTHLY: 75.8 TOTAL FOR MONTH: 4.18 1 = FOG OR MIST
DPTR FM NORMAL: 2.5 DPTR FM NORMAL: -0.63 2 = FOG REDUCING VISIBILITY
HIGHEST: 95 ON 12 GRTST 24HR 0.79 ON 12-12 TO 1/4 MILE OR LESS
LOWEST: 52 ON 22 3 = THUNDER
SNOW, ICE PELLETS, HAIL 4 = ICE PELLETS
TOTAL MONTH: M 5 = HAIL
GRTST 24HR M ON M 6 = FREEZING RAIN OR DRIZZLE
GRTST DEPTH: M ON M 7 = DUSTSTORM OR SANDSTORM:
VSBY 1/2 MILE OR LESS
8 = SMOKE OR HAZE
[NO. OF DAYS WITH] [WEATHER - DAYS WITH] 9 = BLOWING SNOW
X = TORNADO
MAX 32 OR BELOW: 0 0.01 INCH OR MORE: 14
MAX 90 OR ABOVE: 6 0.10 INCH OR MORE: 11
MIN 32 OR BELOW: 0 0.50 INCH OR MORE: 3
MIN 0 OR BELOW: 0 1.00 INCH OR MORE: 0
[HDD (BASE 65) ]
TOTAL THIS MO. 2 CLEAR (SCALE 0-3) 16
DPTR FM NORMAL -12 PTCLDY (SCALE 4-7) 12
TOTAL FM JUL 1 4937 CLOUDY (SCALE 8-10) 2
DPTR FM NORMAL -321
[CDD (BASE 65) ]
TOTAL THIS MO. 334
DPTR FM NORMAL 71 [PRESSURE DATA]
TOTAL FM JAN 1 463 HIGHEST SLP M ON M
DPTR FM NORMAL 73 LOWEST SLP 29.54 ON 21
[REMARKS]
#FINAL-06-21#