000
CXUS53 KDMX 051441
CF6MIW
PRELIMINARY LOCAL CLIMATOLOGICAL DATA (WS FORM: F-6)
STATION: MARSHALLTOWN IA
MONTH: DECEMBER
YEAR: 2022
LATITUDE: 42 6 N
LONGITUDE: 92 55 W
TEMPERATURE IN F: :PCPN: SNOW: WIND :SUNSHINE: SKY :PK WND
================================================================================
1 2 3 4 5 6A 6B 7 8 9 10 11 12 13 14 15 16 17 18
12Z AVG MX 2MIN
DY MAX MIN AVG DEP HDD CDD WTR SNW DPTH SPD SPD DIR MIN PSBL S-S WX SPD DR
================================================================================
1 40 10 25 -5 40 0 0.00 0.0 M 13.7 29 160 M M 0 39 160
2 53 20 37 8 28 0 0.00 0.0 M 17.2 39 310 M M 5 53 310
3 25 9 17 -12 48 0 0.00 0.0 M 14.0 35 300 M M 0 45 310
4 41 15 28 0 37 0 0.00 0.0 M 9.0 14 230 M M 0 18 260
5 42 29 36 8 29 0 0.00 0.0 M 9.2 18 360 M M 7 26 360
6 40 19 30 2 35 0 0.00 0.0 M 5.6 15 70 M M 5 18 70
7 41 13 27 0 38 0 0.00 0.0 M 6.1 17 360 M M 0 18 22 10
8 40 17 29 2 36 0 0.21 0.0 M 12.4 21 90 M M 9 18 27 90
9 36 33 35 9 30 0 0.32 0.0 M 9.4 20 100 M M 10 1 27 110
10 37 32 35 9 30 0 0.00 0.0 M 6.0 13 290 M M 10 1 17 300
11 35 31 33 7 32 0 0.00 0.0 M 7.2 13 120 M M 10 1 17 110
12 35 30 33 8 32 0 0.00 0.0 M 15.6 26 130 M M 10 18 35 120
13 39 34 37 12 28 0 0.45 0.0 M 22.7 33 100 M M 10 1 42 100
14 44 32 38 13 27 0 0.01 0.0 M 10.5 21 130 M M 7 1 27 130
15 32 22 27 3 38 0 M M M 18.0 30 260 M M 10 18 42 260
16 23 19 21 -3 44 0 M M M 21.4 31 250 M M 10 18 41 260
17 20 8 14 -10 51 0 T M M 17.5 25 290 M M 9 18 33 280
18 15 3 9 -14 56 0 0.00 0.0 M 9.5 18 300 M M 0 23 300
19 29 4 17 -6 48 0 M M M 11.5 18 300 M M 9 18 24 140
20 23 -5 9 -14 56 0 T M M 10.8 24 320 M M 3 8 30 320
21 17 -5 6 -17 59 0 M M M 9.3 25 310 M M 7 18 31 310
22 12 -11 1 -21 64 0 M M M 27.4 38 300 M M 10 18 50 300
23 0 -10 -5 -27 70 0 0.00 0.0 M 33.6 43 300 M M 10 189 57 290
24 8 -3 3 -19 62 0 0.00 0.0 M 25.6 36 300 M M 4 8 46 290
25 14 -2 6 -16 59 0 M M M 13.2 25 300 M M 4 1 34 300
26 15 -6 5 -16 60 0 M M M 11.3 22 350 M M 6 18 27 350
27 32 -6 13 -8 52 0 0.00 0.0 M 13.3 22 170 M M 0 32 200
28 42 32 37 16 28 0 0.00 0.0 M 13.5 24 190 M M 0 38 170
29 53 31 42 21 23 0 0.00 0.0 M 7.8 26 300 M M 2 1 35 290
30 32 22 27 7 38 0 0.00 0.0 M 8.0 20 300 M M 5 1 26 300
31 36 20 28 8 37 0 0.03 0.0 M 9.8 17 140 M M 5 1 24 140
================================================================================
SM 951 437 1315 0 1.02 0.0 420.1 M 177
================================================================================
AV 30.7 14.1 13.6 FASTST M M 6 MAX(MPH)
MISC ----> 43 300 57 290
================================================================================
NOTES:
# LAST OF SEVERAL OCCURRENCES
COLUMN 17 PEAK WIND IN M.P.H.
PRELIMINARY LOCAL CLIMATOLOGICAL DATA (WS FORM: F-6) , PAGE 2
STATION: MARSHALLTOWN IA
MONTH: DECEMBER
YEAR: 2022
LATITUDE: 42 6 N
LONGITUDE: 92 55 W
[TEMPERATURE DATA] [PRECIPITATION DATA] SYMBOLS USED IN COLUMN 16
AVERAGE MONTHLY: 22.4 TOTAL FOR MONTH: 1.02 1 = FOG OR MIST
DPTR FM NORMAL: -1.9 DPTR FM NORMAL: 0.01 2 = FOG REDUCING VISIBILITY
HIGHEST: 53 ON 29, 2 GRTST 24HR 0.46 ON 13-14 TO 1/4 MILE OR LESS
LOWEST: -11 ON 22 3 = THUNDER
SNOW, ICE PELLETS, HAIL 4 = ICE PELLETS
TOTAL MONTH: 0.0 INCH 5 = HAIL
GRTST 24HR 0.0 6 = FREEZING RAIN OR DRIZZLE
GRTST DEPTH: M ON M 7 = DUSTSTORM OR SANDSTORM:
VSBY 1/2 MILE OR LESS
8 = SMOKE OR HAZE
[NO. OF DAYS WITH] [WEATHER - DAYS WITH] 9 = BLOWING SNOW
X = TORNADO
MAX 32 OR BELOW: 15 0.01 INCH OR MORE: 5
MAX 90 OR ABOVE: 0 0.10 INCH OR MORE: 3
MIN 32 OR BELOW: 29 0.50 INCH OR MORE: 0
MIN 0 OR BELOW: 8 1.00 INCH OR MORE: 0
[HDD (BASE 65) ]
TOTAL THIS MO. 1315 CLEAR (SCALE 0-3) 9
DPTR FM NORMAL 55 PTCLDY (SCALE 4-7) 10
TOTAL FM JUL 1 2706 CLOUDY (SCALE 8-10) 12
DPTR FM NORMAL -44
[CDD (BASE 65) ]
TOTAL THIS MO. 0
DPTR FM NORMAL 0 [PRESSURE DATA]
TOTAL FM JAN 1 916 HIGHEST SLP 30.67 ON 20
DPTR FM NORMAL 188 LOWEST SLP 29.45 ON 15
[REMARKS]
#FINAL-12-22#