000
CXUS53 KEAX 010736
CF6MKC
PRELIMINARY LOCAL CLIMATOLOGICAL DATA (WS FORM: F-6)
STATION: DOWNTOWN KANSAS CITY MO
MONTH: AUGUST
YEAR: 2022
LATITUDE: 39 7 N
LONGITUDE: 94 36 W
TEMPERATURE IN F: :PCPN: SNOW: WIND :SUNSHINE: SKY :PK WND
================================================================================
1 2 3 4 5 6A 6B 7 8 9 10 11 12 13 14 15 16 17 18
12Z AVG MX 2MIN
DY MAX MIN AVG DEP HDD CDD WTR SNW DPTH SPD SPD DIR MIN PSBL S-S WX SPD DR
================================================================================
1 96 76 86 5 0 21 0.00 M M 7.5 16 220 M M 0 21 210
2 98 78 88 7 0 23 0.00 M M 12.5 21 170 M M 0 28 190
3 88 80 84 3 0 19 T M M 7.1 17 210 M M 3 3 25 190
4 92 76 84 3 0 19 0.00 M M 5.2 13 50 M M 5 17 30
5 94 75 85 4 0 20 0.00 M M 6.6 14 100 M M 1 20 130
6 97 80 89 8 0 24 0.00 M M 11.5 20 200 M M 0 28 210
7 97 80 89 8 0 24 0.00 M M 12.5 18 170 M M 0 26 210
8 85 73 79 -2 0 14 0.00 M M 6.5 16 200 M M 6 1 20 220
9 87 69 78 -3 0 13 0.00 M M 6.3 12 60 M M 1 16 60
10 88 65 77 -3 0 12 0.00 M M 5.1 14 30 M M 0 23 40
11 90 65 78 -2 0 13 0.00 M M 4.8 12 50 M M 0 16 60
12 93 70 82 2 0 17 0.00 M M 6.1 15 150 M M 0 21 140
13 99 72 86 6 0 21 0.00 M M 8.1 17 220 M M 0 25 230
14 93 73 83 3 0 18 0.00 M M 7.0 14 50 M M 0 22 80
15 86 71 79 -1 0 14 0.00 M M 11.2 20 90 M M 1 31 70
16 72 65 69 -11 0 4 M M M 8.7 24 120 M M 9 138 35 120
17 84 64 74 -5 0 9 0.00 M M 5.8 13 60 M M 1 19 110
18 87 65 76 -3 0 11 0.00 M M 4.8 13 160 M M 1 20 150
19 81 69 75 -4 0 10 0.22 M M 7.5 20 210 M M 3 13 30 250
20 85 66 76 -3 0 11 0.00 M M 7.2 15 340 M M 1 22 290
21 85 64 75 -4 0 10 0.00 M M 3.7 12 20 M M 2 16 350
22 85 65 75 -3 0 10 0.00 M M 4.8 13 30 M M 2 20 30
23 86 66 76 -2 0 11 0.00 M M 4.0 12 40 M M 2 17 100
24 89 67 78 0 0 13 0.00 M M 3.1 12 100 M M 0 16 90
25 92 70 81 3 0 16 0.00 M M 5.0 15 350 M M 0 22 360
26 92 72 82 5 0 17 0.00 M M 5.7 12 100 M M 0 18 50
27 94 73 84 7 0 19 0.00 M M 9.3 18 130 M M 1 3 27 140
28 89 70 80 3 0 15 0.87 M M 10.1 22 240 M M 4 13 32 250
29 91 75 83 6 0 18 T M M 8.0 29 160 M M 1 42 150
30 87 67 77 1 0 12 0.00 M M 5.0 16 10 M M 1 20 10
31 90 61 76 0 0 11 0.00 M M 2.6 10 250 M M 0 13 240
================================================================================
SM 2772 2182 0 469 1.09 M 213.3 M 45
================================================================================
AV 89.4 70.4 6.9 FASTST M M 1 MAX(MPH)
MISC ----> 29 160 42 150
================================================================================
NOTES:
# LAST OF SEVERAL OCCURRENCES
COLUMN 17 PEAK WIND IN M.P.H.
PRELIMINARY LOCAL CLIMATOLOGICAL DATA (WS FORM: F-6) , PAGE 2
STATION: DOWNTOWN KANSAS CITY MO
MONTH: AUGUST
YEAR: 2022
LATITUDE: 39 7 N
LONGITUDE: 94 36 W
[TEMPERATURE DATA] [PRECIPITATION DATA] SYMBOLS USED IN COLUMN 16
AVERAGE MONTHLY: 79.9 TOTAL FOR MONTH: 1.09 1 = FOG OR MIST
DPTR FM NORMAL: 0.7 DPTR FM NORMAL: -3.59 2 = FOG REDUCING VISIBILITY
HIGHEST: 99 ON 13 GRTST 24HR 0.87 ON 28-28 TO 1/4 MILE OR LESS
LOWEST: 61 ON 31 3 = THUNDER
SNOW, ICE PELLETS, HAIL 4 = ICE PELLETS
TOTAL MONTH: M 5 = HAIL
GRTST 24HR M ON M 6 = FREEZING RAIN OR DRIZZLE
GRTST DEPTH: M ON M 7 = DUSTSTORM OR SANDSTORM:
VSBY 1/2 MILE OR LESS
8 = SMOKE OR HAZE
[NO. OF DAYS WITH] [WEATHER - DAYS WITH] 9 = BLOWING SNOW
X = TORNADO
MAX 32 OR BELOW: 0 0.01 INCH OR MORE: 2
MAX 90 OR ABOVE: 15 0.10 INCH OR MORE: 2
MIN 32 OR BELOW: 0 0.50 INCH OR MORE: 1
MIN 0 OR BELOW: 0 1.00 INCH OR MORE: 0
[HDD (BASE 65) ]
TOTAL THIS MO. 0 CLEAR (SCALE 0-3) 27
DPTR FM NORMAL -1 PTCLDY (SCALE 4-7) 3
TOTAL FM JUL 1 0 CLOUDY (SCALE 8-10) 1
DPTR FM NORMAL 0
[CDD (BASE 65) ]
TOTAL THIS MO. 469
DPTR FM NORMAL 27 [PRESSURE DATA]
TOTAL FM JAN 1 1562 HIGHEST SLP M ON M
DPTR FM NORMAL 106 LOWEST SLP 29.66 ON 28
[REMARKS]
#FINAL-08-22#