657
CXUS55 KEAX 010836
CF6MKC
PRELIMINARY LOCAL CLIMATOLOGICAL DATA (WS FORM: F-6)
STATION: DOWNTOWN KANSAS CITY MO
MONTH: JANUARY
YEAR: 2021
LATITUDE: 39 7 N
LONGITUDE: 94 36 W
TEMPERATURE IN F: :PCPN: SNOW: WIND :SUNSHINE: SKY :PK WND
================================================================================
1 2 3 4 5 6A 6B 7 8 9 10 11 12 13 14 15 16 17 18
12Z AVG MX 2MIN
DY MAX MIN AVG DEP HDD CDD WTR SNW DPTH SPD SPD DIR MIN PSBL S-S WX SPD DR
================================================================================
1 32 24 28 -3 37 0 0.44 M M 9.6 20 350 M M 9 16 26 350
2 33 22 28 -3 37 0 0.00 M M 0.9 7 350 M M 3 18 9 310
3 36 20 28 -3 37 0 0.00 M M 4.8 10 130 M M 9 128 13 130
4 43 27 35 4 30 0 0.00 M M 4.5 14 340 M M 5 1 18 310
5 50 22 36 5 29 0 0.00 M M 3.2 13 160 M M 0 18 19 150
6 43 37 40 9 25 0 0.21 M M 4.8 13 140 M M 8 1 19 130
7 38 28 33 2 32 0 T M M 8.7 15 50 M M 9 18 21 70
8 38 26 32 1 33 0 0.00 M M 4.8 12 320 M M 4 18 16 340
9 36 27 32 1 33 0 0.00 M M 6.2 12 360 M M 9 15 360
10 34 24 29 -2 36 0 0.00 M M 5.9 12 360 M M 9 15 340
11 45 24 35 4 30 0 0.00 M M 7.7 17 210 M M 2 22 220
12 54 29 42 11 23 0 0.00 M M 8.3 15 220 M M 0 19 220
13 57 32 45 14 20 0 0.00 M M 8.5 17 230 M M 0 24 200
14 49 37 43 12 22 0 T M M 14.5 30 300 M M 6 49 300
15 37 31 34 3 31 0 M M M 17.2 29 300 M M 10 1 42 300
16 35 28 32 1 33 0 0.00 M M 8.8 16 310 M M 8 23 300
17 43 22 33 2 32 0 0.00 M M 7.2 21 300 M M 6 29 300
18 40 24 32 1 33 0 0.00 M M 4.0 13 50 M M 7 1 17 100
19 47 26 37 6 28 0 0.00 M M 7.8 21 300 M M 3 12 34 300
20 53 23 38 7 27 0 0.00 M M 10.3 29 220 M M 1 38 210
21 58 27 43 12 22 0 0.00 M M 4.0 17 360 M M 0 24 10
22 37 26 32 1 33 0 0.00 M M 6.8 13 10 M M 2 17 10
23 42 22 32 1 33 0 0.00 M M 8.2 16 130 M M 4 23 120
24 41 36 39 8 26 0 0.00 M M 5.8 14 50 M M 10 18 20 70
25 37 31 34 3 31 0 0.22 M M 10.0 20 70 M M 10 1 31 70
26 31 24 28 -3 37 0 T M M 9.0 16 340 M M 10 1 21 350
27 27 22 25 -6 40 0 0.01 M M 6.0 12 10 M M 10 18 15 30
28 36 23 30 -1 35 0 0.00 M M 7.2 16 170 M M 6 22 170
29 50 29 40 8 25 0 0.00 M M 8.6 17 150 M M 0 23 150
30 50 35 43 11 22 0 0.42 M M 9.0 23 330 M M 7 1 33 320
31 35 31 33 1 32 0 0.00 M M 15.4 22 330 M M 10 8 33 310
================================================================================
SM 1287 839 944 0 1.30 M 237.7 M 177
================================================================================
AV 41.5 27.1 7.7 FASTST M M 6 MAX(MPH)
MISC ----> 30 300 49 300
================================================================================
NOTES:
# LAST OF SEVERAL OCCURRENCES
COLUMN 17 PEAK WIND IN M.P.H.
PRELIMINARY LOCAL CLIMATOLOGICAL DATA (WS FORM: F-6) , PAGE 2
STATION: DOWNTOWN KANSAS CITY MO
MONTH: JANUARY
YEAR: 2021
LATITUDE: 39 7 N
LONGITUDE: 94 36 W
[TEMPERATURE DATA] [PRECIPITATION DATA] SYMBOLS USED IN COLUMN 16
AVERAGE MONTHLY: 34.3 TOTAL FOR MONTH: 1.30 1 = FOG OR MIST
DPTR FM NORMAL: 3.3 DPTR FM NORMAL: 0.16 2 = FOG REDUCING VISIBILITY
HIGHEST: 58 ON 21 GRTST 24HR 0.96 ON 30-30 TO 1/4 MILE OR LESS
LOWEST: 20 ON 3 3 = THUNDER
SNOW, ICE PELLETS, HAIL 4 = ICE PELLETS
TOTAL MONTH: M 5 = HAIL
GRTST 24HR M ON M 6 = FREEZING RAIN OR DRIZZLE
GRTST DEPTH: M ON M 7 = DUSTSTORM OR SANDSTORM:
VSBY 1/2 MILE OR LESS
8 = SMOKE OR HAZE
[NO. OF DAYS WITH] [WEATHER - DAYS WITH] 9 = BLOWING SNOW
X = TORNADO
MAX 32 OR BELOW: 3 0.01 INCH OR MORE: 5
MAX 90 OR ABOVE: 0 0.10 INCH OR MORE: 4
MIN 32 OR BELOW: 27 0.50 INCH OR MORE: 0
MIN 0 OR BELOW: 0 1.00 INCH OR MORE: 0
[HDD (BASE 65) ]
TOTAL THIS MO. 944 CLEAR (SCALE 0-3) 9
DPTR FM NORMAL -111 PTCLDY (SCALE 4-7) 10
TOTAL FM JUL 1 2676 CLOUDY (SCALE 8-10) 12
DPTR FM NORMAL -222
[CDD (BASE 65) ]
TOTAL THIS MO. 0
DPTR FM NORMAL 0 [PRESSURE DATA]
TOTAL FM JAN 1 0 HIGHEST SLP 30.66 ON 28
DPTR FM NORMAL 0 LOWEST SLP 29.47 ON 30
[REMARKS]
#FINAL-01-21#