000
CXHW52 PHFO 011250
CF6MKK
PRELIMINARY LOCAL CLIMATOLOGICAL DATA (WS FORM: F-6)
STATION: MOLOKAI HI
MONTH: MAY
YEAR: 2023
LATITUDE: 21 8 N
LONGITUDE: 157 6 W
TEMPERATURE IN F: :PCPN: SNOW: WIND :SUNSHINE: SKY :PK WND
================================================================================
1 2 3 4 5 6A 6B 7 8 9 10 11 12 13 14 15 16 17 18
12Z AVG MX 2MIN
DY MAX MIN AVG DEP HDD CDD WTR SNW DPTH SPD SPD DIR MIN PSBL S-S WX SPD DR
================================================================================
1 84 65 75 0 0 10 0.00 M M 4.6 18 200 M M 2 22 210
2 81 65 73 -2 0 8 0.08 M M 3.4 10 230 M M 7 13 200
3 84 62 73 -2 0 8 0.00 M M 9.6 21 50 M M 1 30 50
4 85 71 78 3 0 13 0.00 M M 13.5 24 50 M M 1 34 30
5 M M M M M M 0.00 M M 17.0 29 50 M M 1 40 50
6 M M M M M M 0.00 M M 14.8 26 50 M M 1 36 40
7 M M M M M M 0.00 M M 14.2 28 50 M M 1 38 50
8 M M M M M M T M M 13.8 23 40 M M 1 35 50
9 82 68 75 0 0 10 0.00 M M 12.3 24 60 M M 0 35 30
10 82 69 76 1 0 11 T M M 10.8 23 60 M M 5 29 40
11 84 69 77 2 0 12 0.00 M M 6.5 16 50 M M 5 21 40
12 83 63 73 -2 0 8 0.00 M M 5.7 15 360 M M 3 18 40
13 79 62 71 -4 0 6 0.35 M M 6.8 18 350 M M 7 1 23 350
14 80 68 74 -2 0 9 0.07 M M 11.1 20 30 M M 6 1 29 40
15 80 67 74 -2 0 9 0.00 M M 10.2 18 360 M M 1 27 30
16 83 63 73 -3 0 8 0.00 M M 5.7 16 50 M M 4 23 40
17 84 64 74 -2 0 9 T M M 6.2 17 50 M M 3 23 60
18 82 67 75 -1 0 10 0.12 M M 4.6 12 140 M M 3 16 140
19 86 67 77 1 0 12 T M M 5.5 16 170 M M 2 21 120
20 86 64 75 -1 0 10 0.00 M M 5.2 17 150 M M 3 23 150
21 85 71 78 2 0 13 0.00 M M 11.4 22 50 M M 0 32 40
22 83 72 78 2 0 13 T M M 13.5 25 50 M M 5 34 40
23 83 72 78 2 0 13 0.00 M M 13.2 24 40 M M 2 34 30
24 82 70 76 0 0 11 T M M 13.4 25 60 M M 3 36 40
25 82 69 76 0 0 11 0.01 M M 11.9 24 50 M M 7 1 33 50
26 82 70 76 0 0 11 0.00 M M 12.4 23 30 M M 1 30 40
27 82 65 74 -3 0 9 0.00 M M 9.0 17 10 M M 1 25 30
28 83 62 73 -4 0 8 0.09 M M 4.3 14 190 M M 2 1 19 40
29 83 67 75 -2 0 10 0.00 M M 12.0 23 50 M M 0 31 50
30 83 71 77 0 0 12 0.01 M M 10.0 21 50 M M 3 28 50
31 87 68 78 1 0 13 T M M 6.9 17 50 M M 4 23 50
================================================================================
SM 2240 1811 0 277 0.73 M 299.5 M 85
================================================================================
AV 83.0 67.1 9.7 FASTST M M 3 MAX(MPH)
MISC ----> 29 50 40 50
================================================================================
NOTES:
# LAST OF SEVERAL OCCURRENCES
COLUMN 17 PEAK WIND IN M.P.H.
PRELIMINARY LOCAL CLIMATOLOGICAL DATA (WS FORM: F-6) , PAGE 2
STATION: MOLOKAI HI
MONTH: MAY
YEAR: 2023
LATITUDE: 21 8 N
LONGITUDE: 157 6 W
[TEMPERATURE DATA] [PRECIPITATION DATA] SYMBOLS USED IN COLUMN 16
AVERAGE MONTHLY: 75.0 TOTAL FOR MONTH: 0.73 1 = FOG OR MIST
DPTR FM NORMAL: -0.7 DPTR FM NORMAL: -0.42 2 = FOG REDUCING VISIBILITY
HIGHEST: 87 ON 31 GRTST 24HR 0.42 ON 13-14 TO 1/4 MILE OR LESS
LOWEST: 62 ON 28,13 3 = THUNDER
SNOW, ICE PELLETS, HAIL 4 = ICE PELLETS
TOTAL MONTH: M 5 = HAIL
GRTST 24HR M ON M 6 = FREEZING RAIN OR DRIZZLE
GRTST DEPTH: M ON M 7 = DUSTSTORM OR SANDSTORM:
VSBY 1/2 MILE OR LESS
8 = SMOKE OR HAZE
[NO. OF DAYS WITH] [WEATHER - DAYS WITH] 9 = BLOWING SNOW
X = TORNADO
MAX 32 OR BELOW: 0 0.01 INCH OR MORE: 7
MAX 90 OR ABOVE: 0 0.10 INCH OR MORE: 2
MIN 32 OR BELOW: 0 0.50 INCH OR MORE: 0
MIN 0 OR BELOW: 0 1.00 INCH OR MORE: 0
[HDD (BASE 65) ]
TOTAL THIS MO. 0 CLEAR (SCALE 0-3) 22
DPTR FM NORMAL 0 PTCLDY (SCALE 4-7) 9
TOTAL FM JUL 1 0 CLOUDY (SCALE 8-10) 0
DPTR FM NORMAL 0
[CDD (BASE 65) ]
TOTAL THIS MO. 277
DPTR FM NORMAL -55 [PRESSURE DATA]
TOTAL FM JAN 1 1271 HIGHEST SLP 30.16 ON 31
DPTR FM NORMAL 43 LOWEST SLP 29.91 ON 3
[REMARKS]
#FINAL-05-23#