000
CXHW52 PHFO 011250
CF6MKK
PRELIMINARY LOCAL CLIMATOLOGICAL DATA (WS FORM: F-6)
STATION: MOLOKAI HI
MONTH: SEPTEMBER
YEAR: 2022
LATITUDE: 21 8 N
LONGITUDE: 157 6 W
TEMPERATURE IN F: :PCPN: SNOW: WIND :SUNSHINE: SKY :PK WND
================================================================================
1 2 3 4 5 6A 6B 7 8 9 10 11 12 13 14 15 16 17 18
12Z AVG MX 2MIN
DY MAX MIN AVG DEP HDD CDD WTR SNW DPTH SPD SPD DIR MIN PSBL S-S WX SPD DR
================================================================================
1 86 74 80 0 0 15 T M M 10.5 22 30 M M 3 33 50
2 87 73 80 0 0 15 0.02 M M 12.2 23 50 M M 5 1 31 60
3 86 75 81 1 0 16 0.52 M M 11.5 22 50 M M 5 1 29 50
4 88 75 82 2 0 17 0.01 M M 11.3 24 60 M M 2 31 60
5 85 74 80 0 0 15 0.05 M M 11.9 22 30 M M 3 32 30
6 86 76 81 1 0 16 T M M 12.8 24 40 M M 2 33 60
7 86 76 81 1 0 16 0.00 M M 13.2 21 60 M M 4 30 50
8 85 74 80 0 0 15 0.09 M M 9.9 22 50 M M 5 1 29 40
9 84 73 79 -1 0 14 0.32 M M 9.1 17 60 M M 6 18 24 40
10 87 72 80 0 0 15 0.00 M M 9.0 17 50 M M 2 27 50
11 86 70 78 -2 0 13 T M M 6.3 18 50 M M 3 24 50
12 86 72 79 -1 0 14 0.00 M M 9.7 20 40 M M 2 28 30
13 87 74 81 1 0 16 0.01 M M 10.6 21 50 M M 7 18 27 60
14 87 73 80 0 0 15 0.00 M M 9.4 18 20 M M 2 26 40
15 85 68 77 -3 0 12 T M M 4.4 14 10 M M 3 18 360
16 86 70 78 -2 0 13 0.01 M M 2.6 12 120 M M 5 17 300
17 88 68 78 -2 0 13 0.00 M M 5.5 14 50 M M 2 20 30
18 88 70 79 -1 0 14 0.00 M M 9.5 21 50 M M 3 29 50
19 86 75 81 1 0 16 0.00 M M 13.3 26 50 M M 3 35 40
20 87 75 81 1 0 16 0.00 M M 11.8 24 50 M M 3 31 50
21 86 74 80 0 0 15 0.00 M M 10.2 21 30 M M 3 30 10
22 86 67 77 -3 0 12 0.01 M M 5.6 15 10 M M 3 20 10
23 89 69 79 -1 0 14 0.00 M M 4.6 15 160 M M 4 20 160
24 90 72 81 1 0 16 0.00 M M 4.7 16 150 M M 4 21 150
25 88 70 79 -1 0 14 0.06 M M 4.2 16 200 M M 3 1 22 190
26 87 67 77 -3 0 12 0.00 M M 8.1 20 50 M M 1 26 40
27 87 73 80 0 0 15 0.00 M M 11.3 22 50 M M 2 29 50
28 87 73 80 1 0 15 0.00 M M 10.3 20 40 M M 2 28 30
29 86 75 81 2 0 16 0.01 M M 9.8 22 60 M M 5 28 30
30 90 68 79 0 0 14 0.00 M M 7.1 20 50 M M 2 8 29 60
================================================================================
SM 2602 2165 0 439 1.11 M 270.4 M 99
================================================================================
AV 86.7 72.2 9.0 FASTST M M 3 MAX(MPH)
MISC ----> 26 50 35 40
================================================================================
NOTES:
# LAST OF SEVERAL OCCURRENCES
COLUMN 17 PEAK WIND IN M.P.H.
PRELIMINARY LOCAL CLIMATOLOGICAL DATA (WS FORM: F-6) , PAGE 2
STATION: MOLOKAI HI
MONTH: SEPTEMBER
YEAR: 2022
LATITUDE: 21 8 N
LONGITUDE: 157 6 W
[TEMPERATURE DATA] [PRECIPITATION DATA] SYMBOLS USED IN COLUMN 16
AVERAGE MONTHLY: 79.5 TOTAL FOR MONTH: 1.11 1 = FOG OR MIST
DPTR FM NORMAL: -0.2 DPTR FM NORMAL: 0.12 2 = FOG REDUCING VISIBILITY
HIGHEST: 90 ON 30,24 GRTST 24HR 0.53 ON 2- 3 TO 1/4 MILE OR LESS
LOWEST: 67 ON 26,22 3 = THUNDER
SNOW, ICE PELLETS, HAIL 4 = ICE PELLETS
TOTAL MONTH: M 5 = HAIL
GRTST 24HR M ON M 6 = FREEZING RAIN OR DRIZZLE
GRTST DEPTH: M ON M 7 = DUSTSTORM OR SANDSTORM:
VSBY 1/2 MILE OR LESS
8 = SMOKE OR HAZE
[NO. OF DAYS WITH] [WEATHER - DAYS WITH] 9 = BLOWING SNOW
X = TORNADO
MAX 32 OR BELOW: 0 0.01 INCH OR MORE: 11
MAX 90 OR ABOVE: 2 0.10 INCH OR MORE: 2
MIN 32 OR BELOW: 0 0.50 INCH OR MORE: 1
MIN 0 OR BELOW: 0 1.00 INCH OR MORE: 0
[HDD (BASE 65) ]
TOTAL THIS MO. 0 CLEAR (SCALE 0-3) 17
DPTR FM NORMAL 0 PTCLDY (SCALE 4-7) 13
TOTAL FM JUL 1 0 CLOUDY (SCALE 8-10) 0
DPTR FM NORMAL 0
[CDD (BASE 65) ]
TOTAL THIS MO. 439
DPTR FM NORMAL -3 [PRESSURE DATA]
TOTAL FM JAN 1 3060 HIGHEST SLP 30.12 ON 12
DPTR FM NORMAL 97 LOWEST SLP 29.87 ON 9
[REMARKS]
#FINAL-09-22#