000
CXUS54 KMEG 010900
CF6MKL
PRELIMINARY LOCAL CLIMATOLOGICAL DATA (WS FORM: F-6)
STATION: JACKSON
MONTH: OCTOBER
YEAR: 2023
LATITUDE: 35 35 N
LONGITUDE: 88 55 W
TEMPERATURE IN F: :PCPN: SNOW: WIND :SUNSHINE: SKY :PK WND
================================================================================
1 2 3 4 5 6A 6B 7 8 9 10 11 12 13 14 15 16 17 18
12Z AVG MX 2MIN
DY MAX MIN AVG DEP HDD CDD WTR SNW DPTH SPD SPD DIR MIN PSBL S-S WX SPD DR
================================================================================
1 90 57 74 8 0 9 0.00 M M 2.0 10 70 M M 0 15 100
2 90 62 76 10 0 11 0.00 M M 2.1 12 210 M M 3 16 200
3 86 58 72 6 0 7 0.00 M M 3.3 13 160 M M 4 20 170
4 82 54 68 3 0 3 0.00 M M 3.3 14 170 M M 1 22 190
5 69 63 66 1 0 1 0.31 M M 1.7 10 300 M M 9 12 13 290
6 80 55 68 3 0 3 0.00 M M 8.3 21 360 M M 5 12 29 360
7 67 40 54 -10 11 0 0.00 M M 6.1 17 340 M M 0 25 340
8 70 37 54 -10 11 0 0.00 M M 5.5 15 240 M M 0 21 260
9 79 51 65 2 0 0 0.00 M M 6.7 17 250 M M 1 22 250
10 78 46 62 -1 3 0 0.00 M M 2.5 14 260 M M 0 20 260
11 74 54 64 1 1 0 0.00 M M 3.6 10 190 M M 1 17 180
12 81 52 67 5 0 2 0.00 M M 4.4 14 120 M M 3 1 23 120
13 76 53 65 3 0 0 0.00 M M 7.8 15 190 M M 8 1 22 160
14 66 52 59 -3 6 0 T M M 9.7 20 340 M M 6 25 330
15 62 47 55 -6 10 0 T M M 10.9 24 350 M M 10 30 360
16 65 40 53 -8 12 0 0.00 M M 7.4 17 340 M M 2 8 24 330
17 70 36 53 -7 12 0 0.00 M M 1.5 10 290 M M 0 16 300
18 73 49 61 1 4 0 0.00 M M 7.7 16 210 M M 0 25 200
19 80 54 67 7 0 2 0.01 M M 10.0 21 250 M M 3 30 250
20 77 44 61 2 4 0 0.00 M M 6.1 21 320 M M 1 29 330
21 85 40 63 4 2 0 0.00 M M 7.0 24 250 M M 0 35 250
22 75 45 60 2 5 0 0.00 M M 3.3 13 20 M M 0 17 10
23 80 47 64 6 1 0 0.00 M M 3.5 9 170 M M 0 15 170
24 81 63 72 14 0 7 0.00 M M 6.9 14 170 M M 0 23 180
25 81 58 70 13 0 5 0.00 M M 7.8 17 180 M M 2 28 160
26 83 56 70 13 0 5 0.00 M M 8.9 20 200 M M 1 30 200
27 75 63 69 13 0 4 0.14 M M 7.5 22 220 M M 7 1 33 210
28 83 63 73 17 0 8 0.35 M M 4.1 10 320 M M 8 1 16 190
29 66 48 57 1 8 0 0.06 M M 5.4 18 350 M M 9 12 24 350
30 48 34 41 -14 24 0 0.46 M M 10.3 20 340 M M 7 1 27 350
31 51 28 40 -15 25 0 0.00 M M 7.2 17 340 M M 0 26 330
================================================================================
SM 2323 1549 139 67 1.33 M 182.5 M 91
================================================================================
AV 74.9 50.0 5.9 FASTST M M 3 MAX(MPH)
MISC ----> # 24 350 35 250
================================================================================
NOTES:
# LAST OF SEVERAL OCCURRENCES
COLUMN 17 PEAK WIND IN M.P.H.
PRELIMINARY LOCAL CLIMATOLOGICAL DATA (WS FORM: F-6) , PAGE 2
STATION: JACKSON
MONTH: OCTOBER
YEAR: 2023
LATITUDE: 35 35 N
LONGITUDE: 88 55 W
[TEMPERATURE DATA] [PRECIPITATION DATA] SYMBOLS USED IN COLUMN 16
AVERAGE MONTHLY: 62.5 TOTAL FOR MONTH: 1.33 1 = FOG OR MIST
DPTR FM NORMAL: 1.8 DPTR FM NORMAL: -2.30 2 = FOG REDUCING VISIBILITY
HIGHEST: 90 ON 2, 1 GRTST 24HR 0.51 ON 29-30 TO 1/4 MILE OR LESS
LOWEST: 28 ON 31 3 = THUNDER
SNOW, ICE PELLETS, HAIL 4 = ICE PELLETS
TOTAL MONTH: M 5 = HAIL
GRTST 24HR M ON M 6 = FREEZING RAIN OR DRIZZLE
GRTST DEPTH: M ON M 7 = DUSTSTORM OR SANDSTORM:
VSBY 1/2 MILE OR LESS
8 = SMOKE OR HAZE
[NO. OF DAYS WITH] [WEATHER - DAYS WITH] 9 = BLOWING SNOW
X = TORNADO
MAX 32 OR BELOW: 0 0.01 INCH OR MORE: 6
MAX 90 OR ABOVE: 2 0.10 INCH OR MORE: 4
MIN 32 OR BELOW: 1 0.50 INCH OR MORE: 0
MIN 0 OR BELOW: 0 1.00 INCH OR MORE: 0
[HDD (BASE 65) ]
TOTAL THIS MO. 139 CLEAR (SCALE 0-3) 20
DPTR FM NORMAL -48 PTCLDY (SCALE 4-7) 7
TOTAL FM JUL 1 139 CLOUDY (SCALE 8-10) 4
DPTR FM NORMAL -70
[CDD (BASE 65) ]
TOTAL THIS MO. 67
DPTR FM NORMAL 13 [PRESSURE DATA]
TOTAL FM JAN 1 1698 HIGHEST SLP 30.42 ON 31
DPTR FM NORMAL -12 LOWEST SLP 29.74 ON 12
[REMARKS]
#FINAL-10-23#