000
CXUS54 KTSA 010850
CF6MKO
PRELIMINARY LOCAL CLIMATOLOGICAL DATA (WS FORM: F-6)
STATION: MUSKOGEE OKLAHOMA
MONTH: JUNE
YEAR: 2021
LATITUDE: 35 40 N
LONGITUDE: 95 22 W
TEMPERATURE IN F: :PCPN: SNOW: WIND :SUNSHINE: SKY :PK WND
================================================================================
1 2 3 4 5 6A 6B 7 8 9 10 11 12 13 14 15 16 17 18
12Z AVG MX 2MIN
DY MAX MIN AVG DEP HDD CDD WTR SNW DPTH SPD SPD DIR MIN PSBL S-S WX SPD DR
================================================================================
1 67 61 64 -10 1 0 0.22 0.0 M 6.5 13 360 M M 10 1 16 350
2 73 57 65 -9 0 0 T 0.0 M 5.2 12 360 M M 7 1 17 360
3 83 53 68 -6 0 3 0.00 0.0 M 2.1 7 160 M M 2 12 9 170
4 85 61 73 -1 0 8 0.00 0.0 M 4.9 10 150 M M 1 1 17 140
5 80 62 71 -4 0 6 0.01 0.0 M 6.6 15 110 M M 4 1 20 110
6 82 64 73 -2 0 8 T 0.0 M 7.5 15 120 M M 3 23 140
7 77 66 72 -3 0 7 0.61 0.0 M 7.9 21 120 M M 8 123 29 120
8 85 67 76 1 0 11 0.00 0.0 M 5.6 12 140 M M 5 12 17 120
9 89 71 80 4 0 15 0.00 0.0 M 4.8 10 210 M M 5 1 15 200
10 93 71 82 6 0 17 0.00 0.0 M 4.5 12 190 M M 2 1 17 170
11 87 72 80 4 0 15 0.00 0.0 M 8.7 17 180 M M 6 1 25 190
12 95 73 84 8 0 19 T 0.0 M 5.0 18 360 M M 0 25 40
13 94 74 84 7 0 19 0.00 0.0 M 5.9 18 40 M M 0 1 24 40
14 93 65 79 2 0 14 0.00 0.0 M 2.8 9 110 M M 0 13 110
15 96 66 81 4 0 16 0.00 0.0 M 1.6 8 330 M M 0 1 11 340
16 95 69 82 5 0 17 0.00 0.0 M 3.0 9 220 M M 0 1 13 190
17 96 72 84 6 0 19 0.00 0.0 M 5.0 9 200 M M 0 1 15 220
18 93 72 83 5 0 18 0.00 0.0 M 7.0 14 210 M M 0 1 20 200
19 89 69 79 1 0 14 0.00 0.0 M 6.5 15 200 M M 0 12 20 190
20 92 68 80 2 0 15 0.00 0.0 M 9.6 22 190 M M 0 30 180
21 77 60 69 -9 0 4 0.16 0.0 0 8.0 32 350 M M 2 138 43 350
22 82 54 68 -11 0 3 0.00 0.0 0 4.1 15 130 M M 2 12 23 160
23 88 63 76 -3 0 11 0.00 0.0 0 10.3 17 150 M M 2 30 130
24 93 74 84 5 0 19 0.00 0.0 M 11.4 21 180 M M 2 33 190
25 92 75 84 5 0 19 0.00 0.0 M 11.3 21 180 M M 0 33 180
26 87 72 80 1 0 15 0.06 0.0 M 6.4 24 260 M M 0 18 38 280
27 87 67 77 -3 0 12 1.74 0.0 M 6.3 23 300 M M 1 123 34 310
28 86 72 79 -1 0 14 0.46 0.0 M 5.8 25 100 M M 0 13 37 120
29 88 70 79 -1 0 14 T 0.0 M 6.0 15 140 M M 0 23 170
30 87 72 80 0 0 15 0.04 0.0 M 5.3 13 190 M M 0 3 17 210
================================================================================
SM 2611 2012 1 367 3.30 0.0 185.6 M 62
================================================================================
AV 87.0 67.1 6.2 FASTST M M 2 MAX(MPH)
MISC ----> 32 350 43 350
================================================================================
NOTES:
# LAST OF SEVERAL OCCURRENCES
COLUMN 17 PEAK WIND IN M.P.H.
PRELIMINARY LOCAL CLIMATOLOGICAL DATA (WS FORM: F-6) , PAGE 2
STATION: MUSKOGEE OKLAHOMA
MONTH: JUNE
YEAR: 2021
LATITUDE: 35 40 N
LONGITUDE: 95 22 W
[TEMPERATURE DATA] [PRECIPITATION DATA] SYMBOLS USED IN COLUMN 16
AVERAGE MONTHLY: 77.1 TOTAL FOR MONTH: 3.30 1 = FOG OR MIST
DPTR FM NORMAL: 0.0 DPTR FM NORMAL: -1.12 2 = FOG REDUCING VISIBILITY
HIGHEST: 96 ON 17,15 GRTST 24HR 1.75 ON 26-27 TO 1/4 MILE OR LESS
LOWEST: 53 ON 3 3 = THUNDER
SNOW, ICE PELLETS, HAIL 4 = ICE PELLETS
TOTAL MONTH: 0.0 INCH 5 = HAIL
GRTST 24HR 0.0 6 = FREEZING RAIN OR DRIZZLE
GRTST DEPTH: 0 7 = DUSTSTORM OR SANDSTORM:
VSBY 1/2 MILE OR LESS
8 = SMOKE OR HAZE
[NO. OF DAYS WITH] [WEATHER - DAYS WITH] 9 = BLOWING SNOW
X = TORNADO
MAX 32 OR BELOW: 0 0.01 INCH OR MORE: 8
MAX 90 OR ABOVE: 11 0.10 INCH OR MORE: 5
MIN 32 OR BELOW: 0 0.50 INCH OR MORE: 2
MIN 0 OR BELOW: 0 1.00 INCH OR MORE: 1
[HDD (BASE 65) ]
TOTAL THIS MO. 1 CLEAR (SCALE 0-3) 23
DPTR FM NORMAL 0 PTCLDY (SCALE 4-7) 6
TOTAL FM JUL 1 3525 CLOUDY (SCALE 8-10) 1
DPTR FM NORMAL 114
[CDD (BASE 65) ]
TOTAL THIS MO. 367
DPTR FM NORMAL 5 [PRESSURE DATA]
TOTAL FM JAN 1 499 HIGHEST SLP 30.13 ON 29
DPTR FM NORMAL -76 LOWEST SLP 29.67 ON 20
[REMARKS]
#FINAL-06-21#