000
CXUS54 KTSA 131517
CF6MKO
PRELIMINARY LOCAL CLIMATOLOGICAL DATA (WS FORM: F-6)
STATION: MUSKOGEE OKLAHOMA
MONTH: MAY
YEAR: 2021
LATITUDE: 35 40 N
LONGITUDE: 95 22 W
TEMPERATURE IN F: :PCPN: SNOW: WIND :SUNSHINE: SKY :PK WND
================================================================================
1 2 3 4 5 6A 6B 7 8 9 10 11 12 13 14 15 16 17 18
12Z AVG MX 2MIN
DY MAX MIN AVG DEP HDD CDD WTR SNW DPTH SPD SPD DIR MIN PSBL S-S WX SPD DR
================================================================================
1 75 51 63 -1 2 0 T 0.0 M 5.8 15 170 M M 2 22 170
2 75 61 68 4 0 3 0.03 0.0 M 8.4 18 110 M M 6 1 25 100
3 83 60 72 7 0 7 0.80 0.0 M 8.5 29 90 M M 6 138 37 90
4 64 46 55 -10 10 0 0.24 0.0 M 11.5 26 350 M M 8 13 35 360
5 73 41 57 -8 8 0 T 0.0 M 2.5 14 360 M M 2 128 19 360
6 77 47 62 -4 3 0 0.00 0.0 M 7.0 20 360 M M 0 29 10
7 75 46 61 -5 4 0 T 0.0 M 8.5 18 120 M M 3 3 27 130
8 84 58 71 5 0 6 T 0.0 M 13.4 28 190 M M 2 42 190
9 77 54 66 0 0 1 T 0.0 M 16.7 26 290 M M 9 37 200
10 68 53 61 -6 4 0 0.00 0.0 M 9.2 21 40 M M 9 26 30
11 60 51 56 -11 9 0 0.64 0.0 M 9.2 29 90 M M 9 13 36 80
12 69 53 61 -6 4 0 0.00 0.0 M 8.3 16 50 M M 9 22 50
13 73 52 63 -5 2 0 0.00 0.0 M 3.7 10 150 M M 3 8 17 150
14 77 51 64 -4 1 0 0.00 0.0 M 7.7 16 160 M M 1 28 140
15 81 57 69 1 0 4 0.00 0.0 M 8.2 18 200 M M 5 28 190
16 77 62 70 1 0 5 0.27 0.0 M 8.1 24 140 M M 4 1 38 140
17 80 64 72 3 0 7 0.06 0.0 M 4.5 15 220 M M 7 13 21 230
18 78 61 70 1 0 5 0.39 0.0 M 7.5 21 190 M M 4 123 26 190
19 73 64 69 -1 0 4 0.49 0.0 M 7.3 13 160 M M 8 1 19 130
20 75 66 71 1 0 6 0.49 0.0 M 8.5 21 120 M M 8 1 29 120
21 72 68 70 0 0 5 0.06 0.0 M 11.3 21 120 M M 10 1 29 120
22 77 66 72 2 0 7 0.10 0.0 M 6.4 16 160 M M 6 1 28 140
23 81 66 74 3 0 9 0.04 0.0 M 3.2 12 160 M M 6 18 16 160
24 81 67 74 3 0 9 0.02 0.0 M 5.8 16 180 M M 4 1 26 170
25 75 66 71 0 0 6 0.63 0.0 M 6.7 14 130 M M 8 123 20 110
26 85 65 75 3 0 10 0.00 0.0 M 4.0 10 170 M M 7 12 14 170
27 86 66 76 4 0 11 0.81 0.0 M 9.0 24 40 M M 5 13 32 20
28 75 57 66 -6 0 1 0.00 0.0 M 9.7 20 360 M M 4 25 10
29 72 51 62 -11 3 0 0.00 0.0 M 9.1 15 30 M M 0 22 50
30 74 53 64 -9 1 0 0.00 0.0 M 8.7 16 140 M M 2 24 140
31 65 56 61 -12 4 0 0.78 0.0 M 7.1 13 70 M M 6 1 17 70
================================================================================
SM 2337 1779 55 106 5.85 0.0 245.5 M 163
================================================================================
AV 75.4 57.4 7.9 FASTST M M 5 MAX(MPH)
MISC ----> # 29 90 42 190
================================================================================
NOTES:
# LAST OF SEVERAL OCCURRENCES
COLUMN 17 PEAK WIND IN M.P.H.
PRELIMINARY LOCAL CLIMATOLOGICAL DATA (WS FORM: F-6) , PAGE 2
STATION: MUSKOGEE OKLAHOMA
MONTH: MAY
YEAR: 2021
LATITUDE: 35 40 N
LONGITUDE: 95 22 W
[TEMPERATURE DATA] [PRECIPITATION DATA] SYMBOLS USED IN COLUMN 16
AVERAGE MONTHLY: 66.4 TOTAL FOR MONTH: 5.85 1 = FOG OR MIST
DPTR FM NORMAL: -2.3 DPTR FM NORMAL: 0.36 2 = FOG REDUCING VISIBILITY
HIGHEST: 86 ON 27 GRTST 24HR 1.04 ON 3- 4 TO 1/4 MILE OR LESS
LOWEST: 41 ON 5 3 = THUNDER
SNOW, ICE PELLETS, HAIL 4 = ICE PELLETS
TOTAL MONTH: 0.0 INCH 5 = HAIL
GRTST 24HR 0.0 6 = FREEZING RAIN OR DRIZZLE
GRTST DEPTH: M ON M 7 = DUSTSTORM OR SANDSTORM:
VSBY 1/2 MILE OR LESS
8 = SMOKE OR HAZE
[NO. OF DAYS WITH] [WEATHER - DAYS WITH] 9 = BLOWING SNOW
X = TORNADO
MAX 32 OR BELOW: 0 0.01 INCH OR MORE: 16
MAX 90 OR ABOVE: 0 0.10 INCH OR MORE: 11
MIN 32 OR BELOW: 0 0.50 INCH OR MORE: 5
MIN 0 OR BELOW: 0 1.00 INCH OR MORE: 0
[HDD (BASE 65) ]
TOTAL THIS MO. 55 CLEAR (SCALE 0-3) 8
DPTR FM NORMAL 13 PTCLDY (SCALE 4-7) 18
TOTAL FM JUL 1 3524 CLOUDY (SCALE 8-10) 5
DPTR FM NORMAL 115
[CDD (BASE 65) ]
TOTAL THIS MO. 106
DPTR FM NORMAL -49 [PRESSURE DATA]
TOTAL FM JAN 1 132 HIGHEST SLP 30.37 ON 13
DPTR FM NORMAL -81 LOWEST SLP 29.52 ON 2
[REMARKS]
#FINAL-05-21#