000
CXUS53 KMPX 041609
CF6MKT
PRELIMINARY LOCAL CLIMATOLOGICAL DATA (WS FORM: F-6)
STATION: MANKATO MN
MONTH: APRIL
YEAR: 2020
LATITUDE: 44 13 N
LONGITUDE: 93 55 W
TEMPERATURE IN F: :PCPN: SNOW: WIND :SUNSHINE: SKY :PK WND
================================================================================
1 2 3 4 5 6A 6B 7 8 9 10 11 12 13 14 15 16 17 18
12Z AVG MX 2MIN
DY MAX MIN AVG DEP HDD CDD WTR SNW DPTH SPD SPD DIR MIN PSBL S-S WX SPD DR
================================================================================
1 52 36 44 5 21 0 0.01 M M 16.5 22 140 M M 7 25 140
2 59 30 45 5 20 0 0.08 M M 14.7 22 150 M M 7 28 150
3 30 22 26 -14 39 0 0.02 M M 17.1 22 310 M M 10 1 29 320
4 43 16 30 -11 35 0 0.00 M M 5.4 10 310 M M 0 M M
5 55 28 42 1 23 0 0.00 M M 10.6 15 190 M M 1 20 190
6 58 43 51 9 14 0 0.00 M M 12.5 16 130 M M 8 1 21 170
7 71 49 60 18 5 0 T M M 7.9 14 150 M M 4 1 M M
8 55 35 45 2 20 0 T M M 18.9 27 300 M M 2 36 300
9 39 29 34 -9 31 0 T M M 18.6 35 320 M M 4 1 47 340
10 49 25 37 -7 28 0 0.00 M M 7.0 14 310 M M 1 M M
11 60 33 47 3 18 0 0.00 M M 8.9 21 30 M M 4 32 10
12 44 26 35 -10 30 0 0.18 M M 21.8 28 340 M M 10 12 36 10
13 33 20 27 -18 38 0 T M M 15.1 30 270 M M 2 1 39 280
14 28 18 23 -23 42 0 T M M 11.6 20 290 M M 5 1 29 290
15 34 14 24 -22 41 0 T M M 8.3 15 310 M M 3 20 320
16 43 20 32 -15 33 0 0.00 M M 9.4 17 280 M M 2 24 260
17 47 30 39 -8 26 0 0.00 M M 9.7 20 260 M M 3 33 260
18 68 34 51 3 14 0 0.00 M M 14.3 23 320 M M 2 31 280
19 50 33 42 -6 23 0 0.00 M M 9.8 17 10 M M 0 21 340
20 63 34 49 1 16 0 T M M 18.1 29 300 M M 2 40 330
21 49 29 39 -10 26 0 0.00 M M 10.6 16 120 M M 6 18 300
22 75 41 58 9 7 0 T M M 9.0 20 360 M M 3 24 360
23 67 37 52 2 13 0 0.17 M M 8.2 15 70 M M 3 M M
24 66 46 56 6 9 0 T M M 5.4 14 340 M M 7 1 M M
25 67 42 55 4 10 0 T M M 5.3 23 240 M M 5 27 240
26 69 45 57 6 8 0 T M M 6.7 20 130 M M 5 25 220
27 75 51 63 11 2 0 0.00 M M 10.4 18 230 M M 2 31 330
28 61 46 54 2 11 0 0.37 M M 14.5 28 10 M M 9 1 36 10
29 61 44 53 1 12 0 0.00 M M 18.4 24 10 M M 5 35 10
30 68 40 54 1 11 0 M M M 7.2 10 340 M M 0 17 340
================================================================================
SM 1639 996 626 0 0.83 M 351.9 M 122
================================================================================
AV 54.6 33.2 11.7 FASTST M M 4 MAX(MPH)
MISC ----> 35 320 47 340
================================================================================
NOTES:
# LAST OF SEVERAL OCCURRENCES
COLUMN 17 PEAK WIND IN M.P.H.
PRELIMINARY LOCAL CLIMATOLOGICAL DATA (WS FORM: F-6) , PAGE 2
STATION: MANKATO MN
MONTH: APRIL
YEAR: 2020
LATITUDE: 44 13 N
LONGITUDE: 93 55 W
[TEMPERATURE DATA] [PRECIPITATION DATA] SYMBOLS USED IN COLUMN 16
AVERAGE MONTHLY: 43.9 TOTAL FOR MONTH: 0.83 1 = FOG OR MIST
DPTR FM NORMAL: -2.3 DPTR FM NORMAL: -2.23 2 = FOG REDUCING VISIBILITY
HIGHEST: 75 ON 27,22 GRTST 24HR 0.37 ON 28-28 TO 1/4 MILE OR LESS
LOWEST: 14 ON 15 3 = THUNDER
SNOW, ICE PELLETS, HAIL 4 = ICE PELLETS
TOTAL MONTH: M 5 = HAIL
GRTST 24HR M ON M 6 = FREEZING RAIN OR DRIZZLE
GRTST DEPTH: M ON M 7 = DUSTSTORM OR SANDSTORM:
VSBY 1/2 MILE OR LESS
8 = SMOKE OR HAZE
[NO. OF DAYS WITH] [WEATHER - DAYS WITH] 9 = BLOWING SNOW
X = TORNADO
MAX 32 OR BELOW: 2 0.01 INCH OR MORE: 6
MAX 90 OR ABOVE: 0 0.10 INCH OR MORE: 3
MIN 32 OR BELOW: 13 0.50 INCH OR MORE: 0
MIN 0 OR BELOW: 0 1.00 INCH OR MORE: 0
[HDD (BASE 65) ]
TOTAL THIS MO. 626 CLEAR (SCALE 0-3) 14
DPTR FM NORMAL 59 PTCLDY (SCALE 4-7) 13
TOTAL FM JUL 1 6295 CLOUDY (SCALE 8-10) 3
DPTR FM NORMAL -1226
[CDD (BASE 65) ]
TOTAL THIS MO. 0
DPTR FM NORMAL -5 [PRESSURE DATA]
TOTAL FM JAN 1 0 HIGHEST SLP M ON M
DPTR FM NORMAL -5 LOWEST SLP M ON M
[REMARKS]
#FINAL-04-20#
THE PRECIPITATION VALUES ON APRIL 2ND...3RD...12TH AND 23RD ARE FROM THE COCORAHS STATION MN-BU-23.