000
CXUS54 KTSA 051224
CF6MLC
PRELIMINARY LOCAL CLIMATOLOGICAL DATA (WS FORM: F-6)
STATION: MCALESTER OKLAHOMA
MONTH: NOVEMBER
YEAR: 2022
LATITUDE: 34 52 N
LONGITUDE: 95 47 W
TEMPERATURE IN F: :PCPN: SNOW: WIND :SUNSHINE: SKY :PK WND
================================================================================
1 2 3 4 5 6A 6B 7 8 9 10 11 12 13 14 15 16 17 18
12Z AVG MX 2MIN
DY MAX MIN AVG DEP HDD CDD WTR SNW DPTH SPD SPD DIR MIN PSBL S-S WX SPD DR
================================================================================
1 78 43 61 4 4 0 0.00 0.0 M 3.9 14 210 M M 2 20 200
2 73 54 64 7 1 0 0.00 0.0 M 5.5 13 190 M M 6 1 23 180
3 77 64 71 14 0 6 0.00 0.0 M 8.7 15 170 M M 6 31 130
4 76 44 60 4 5 0 0.49 0.0 M 9.7 28 280 M M 10 13 42 280
5 61 39 50 -6 15 0 0.00 0.0 M 6.9 15 260 M M 3 23 270
6 77 53 65 9 0 0 0.00 0.0 M 7.2 15 210 M M 3 27 150
7 78 51 65 10 0 0 0.00 0.0 M 4.5 9 80 M M 6 16 80
8 74 64 69 14 0 4 T 0.0 M 4.3 10 140 M M 8 17 160
9 76 65 71 17 0 6 0.00 0.0 M 6.6 14 160 M M 6 22 160
10 76 52 64 10 1 0 0.05 0.0 M 6.9 20 320 M M 6 13 27 300
11 53 34 44 -10 21 0 0.40 T M 14.8 24 340 M M 10 13 34 20
12 48 26 37 -16 28 0 0.00 0.0 M 7.1 18 360 M M 2 25 330
13 54 22 38 -15 27 0 0.00 0.0 M 2.9 8 120 M M 1 14 130
14 43 33 38 -15 27 0 0.37 M M 4.4 10 100 M M 9 1 18 80
15 44 28 36 -16 29 0 0.00 0.0 M 5.1 15 360 M M 7 1 22 360
16 50 25 38 -14 27 0 0.00 0.0 M 4.8 16 350 M M 1 26 350
17 55 21 38 -14 27 0 0.00 0.0 M 4.0 16 20 M M 3 21 10
18 45 30 38 -13 27 0 T M M 10.5 23 10 M M 10 35 10
19 46 24 35 -16 30 0 0.00 M M 3.3 10 210 M M 5 16 230
20 50 20 35 -15 30 0 0.00 0.0 M 2.7 10 210 M M 1 13 210
21 55 27 41 -9 24 0 0.00 0.0 M 4.5 15 210 M M 2 24 190
22 62 31 47 -3 18 0 0.00 0.0 M 2.8 14 220 M M 1 21 240
23 57 34 46 -3 19 0 0.26 0.0 M 3.7 13 190 M M 8 13 20 170
24 53 48 51 2 14 0 0.79 0.0 M 6.6 15 10 M M 10 13 22 360
25 54 48 51 2 14 0 0.00 0.0 M 7.7 20 10 M M 10 24 20
26 53 48 51 3 14 0 0.72 0.0 M 6.4 16 230 M M 10 18 23 250
27 57 38 48 0 17 0 0.00 0.0 M 6.7 18 250 M M 7 25 240
28 62 31 47 -1 18 0 0.00 0.0 M 5.8 14 160 M M 2 1 25 180
29 77 36 57 10 8 0 0.00 0.0 M 15.1 26 340 M M 5 39 340
30 46 28 37 -10 28 0 0.00 0.0 M 8.6 22 10 M M 2 31 10
================================================================================
SM 1810 1161 473 16 3.08 T 191.7 M 162
================================================================================
AV 60.3 38.7 6.4 FASTST M M 5 MAX(MPH)
MISC ----> 28 280 42 280
================================================================================
NOTES:
# LAST OF SEVERAL OCCURRENCES
COLUMN 17 PEAK WIND IN M.P.H.
PRELIMINARY LOCAL CLIMATOLOGICAL DATA (WS FORM: F-6) , PAGE 2
STATION: MCALESTER OKLAHOMA
MONTH: NOVEMBER
YEAR: 2022
LATITUDE: 34 52 N
LONGITUDE: 95 47 W
[TEMPERATURE DATA] [PRECIPITATION DATA] SYMBOLS USED IN COLUMN 16
AVERAGE MONTHLY: 49.5 TOTAL FOR MONTH: 3.08 1 = FOG OR MIST
DPTR FM NORMAL: -2.6 DPTR FM NORMAL: 0.07 2 = FOG REDUCING VISIBILITY
HIGHEST: 78 ON 7, 1 GRTST 24HR 1.05 ON 23-24 TO 1/4 MILE OR LESS
LOWEST: 20 ON 20 3 = THUNDER
SNOW, ICE PELLETS, HAIL 4 = ICE PELLETS
TOTAL MONTH: T 5 = HAIL
GRTST 24HR T ON 11-11 6 = FREEZING RAIN OR DRIZZLE
GRTST DEPTH: M ON M 7 = DUSTSTORM OR SANDSTORM:
VSBY 1/2 MILE OR LESS
8 = SMOKE OR HAZE
[NO. OF DAYS WITH] [WEATHER - DAYS WITH] 9 = BLOWING SNOW
X = TORNADO
MAX 32 OR BELOW: 0 0.01 INCH OR MORE: 7
MAX 90 OR ABOVE: 0 0.10 INCH OR MORE: 6
MIN 32 OR BELOW: 12 0.50 INCH OR MORE: 2
MIN 0 OR BELOW: 0 1.00 INCH OR MORE: 0
[HDD (BASE 65) ]
TOTAL THIS MO. 473 CLEAR (SCALE 0-3) 12
DPTR FM NORMAL 74 PTCLDY (SCALE 4-7) 10
TOTAL FM JUL 1 599 CLOUDY (SCALE 8-10) 8
DPTR FM NORMAL 46
[CDD (BASE 65) ]
TOTAL THIS MO. 16
DPTR FM NORMAL 4 [PRESSURE DATA]
TOTAL FM JAN 1 2565 HIGHEST SLP 30.51 ON 20
DPTR FM NORMAL 434 LOWEST SLP 29.58 ON 26
[REMARKS]
#FINAL-11-22#