000
CXUS53 KDVN 011000
CF6MLI
PRELIMINARY LOCAL CLIMATOLOGICAL DATA (WS FORM: F-6)
STATION: MOLINE IL
MONTH: JUNE
YEAR: 2020
LATITUDE: 41 27 N
LONGITUDE: 90 31 W
TEMPERATURE IN F: :PCPN: SNOW: WIND :SUNSHINE: SKY :PK WND
================================================================================
1 2 3 4 5 6A 6B 7 8 9 10 11 12 13 14 15 16 17 18
12Z AVG MX 2MIN
DY MAX MIN AVG DEP HDD CDD WTR SNW DPTH SPD SPD DIR MIN PSBL S-S WX SPD DR
================================================================================
1 84 63 74 7 0 9 0.01 0.0 0 9.9 23 190 M M 3 35 200
2 93 69 81 14 0 16 0.00 0.0 0 11.5 22 240 M M 0 30 250
3 84 66 75 7 0 10 1.40 0.0 0 5.8 22 140 M M 5 13 31 140
4 90 64 77 9 0 12 0.06 0.0 0 4.1 28 30 M M 1 13 36 30
5 89 65 77 9 0 12 0.00 0.0 0 4.1 15 310 M M 1 20 210
6 87 66 77 8 0 12 0.00 0.0 0 7.4 18 90 M M 0 26 90
7 89 61 75 6 0 10 0.00 0.0 0 9.9 20 90 M M 0 25 90
8 92 63 78 9 0 13 0.00 0.0 0 10.6 18 140 M M 0 28 110
9 79 70 75 5 0 10 0.76 0.0 0 13.1 28 240 M M 6 1 43 230
10 74 60 67 -3 0 2 0.60 0.0 0 10.5 26 290 M M 4 13 39 310
11 83 56 70 0 0 5 0.00 0.0 0 9.9 24 260 M M 0 31 280
12 87 54 71 0 0 6 0.00 0.0 0 3.2 20 70 M M 0 8 25 70
13 76 58 67 -4 0 2 T 0.0 0 13.1 22 70 M M 3 30 80
14 78 53 66 -5 0 1 T 0.0 0 11.5 20 90 M M 4 27 100
15 82 53 68 -4 0 3 0.00 0.0 0 9.0 16 110 M M 2 22 130
16 85 50 68 -4 0 3 0.00 0.0 0 6.2 16 140 M M 0 21 140
17 86 59 73 1 0 8 0.00 0.0 0 4.6 15 170 M M 1 21 180
18 88 56 72 0 0 7 0.00 0.0 0 4.5 13 180 M M 0 18 140
19 85 63 74 1 0 9 0.24 0.0 0 3.6 29 210 M M 2 13 47 210
20 86 67 77 4 0 12 0.19 0.0 0 5.5 17 230 M M 6 13 22 220
21 88 63 76 3 0 11 0.02 0.0 0 3.5 17 220 M M 2 13 22 220
22 81 61 71 -3 0 6 1.08 0.0 0 5.9 21 310 M M 5 13 27 300
23 79 59 69 -5 0 4 0.00 0.0 0 9.3 20 300 M M 5 26 300
24 82 56 69 -5 0 4 0.00 0.0 0 6.4 18 310 M M 2 26 280
25 87 59 73 -1 0 8 0.00 0.0 0 3.8 13 250 M M 2 20 270
26 88 69 79 5 0 14 0.11 0.0 0 7.9 20 230 M M 4 3 28 250
27 87 68 78 4 0 13 0.01 0.0 0 4.7 15 170 M M 2 21 170
28 87 68 78 3 0 13 0.00 0.0 0 5.2 21 110 M M 1 25 110
29 91 75 83 8 0 18 0.00 0.0 0 8.6 16 190 M M 1 22 190
30 82 70 76 1 0 11 0.00 0.0 0 6.9 16 130 M M 2 21 140
================================================================================
SM 2549 1864 0 264 4.48 0.0 220.2 M 64
================================================================================
AV 85.0 62.1 7.3 FASTST M M 2 MAX(MPH)
MISC ----> 29 210 47 210
================================================================================
NOTES:
# LAST OF SEVERAL OCCURRENCES
COLUMN 17 PEAK WIND IN M.P.H.
PRELIMINARY LOCAL CLIMATOLOGICAL DATA (WS FORM: F-6) , PAGE 2
STATION: MOLINE IL
MONTH: JUNE
YEAR: 2020
LATITUDE: 41 27 N
LONGITUDE: 90 31 W
[TEMPERATURE DATA] [PRECIPITATION DATA] SYMBOLS USED IN COLUMN 16
AVERAGE MONTHLY: 73.6 TOTAL FOR MONTH: 4.48 1 = FOG OR MIST
DPTR FM NORMAL: 2.1 DPTR FM NORMAL: -0.01 2 = FOG REDUCING VISIBILITY
HIGHEST: 93 ON 2 GRTST 24HR 1.40 ON 3- 3 TO 1/4 MILE OR LESS
LOWEST: 50 ON 16 3 = THUNDER
SNOW, ICE PELLETS, HAIL 4 = ICE PELLETS
TOTAL MONTH: 0.0 INCH 5 = HAIL
GRTST 24HR 0.0 6 = FREEZING RAIN OR DRIZZLE
GRTST DEPTH: 0 7 = DUSTSTORM OR SANDSTORM:
VSBY 1/2 MILE OR LESS
8 = SMOKE OR HAZE
[NO. OF DAYS WITH] [WEATHER - DAYS WITH] 9 = BLOWING SNOW
X = TORNADO
MAX 32 OR BELOW: 0 0.01 INCH OR MORE: 11
MAX 90 OR ABOVE: 4 0.10 INCH OR MORE: 7
MIN 32 OR BELOW: 0 0.50 INCH OR MORE: 4
MIN 0 OR BELOW: 0 1.00 INCH OR MORE: 2
[HDD (BASE 65) ]
TOTAL THIS MO. 0 CLEAR (SCALE 0-3) 21
DPTR FM NORMAL -19 PTCLDY (SCALE 4-7) 9
TOTAL FM JUL 1 5781 CLOUDY (SCALE 8-10) 0
DPTR FM NORMAL -420
[CDD (BASE 65) ]
TOTAL THIS MO. 264
DPTR FM NORMAL 50 [PRESSURE DATA]
TOTAL FM JAN 1 322 HIGHEST SLP 30.35 ON 15
DPTR FM NORMAL 32 LOWEST SLP 29.24 ON 9
[REMARKS]
#FINAL-06-20#