000
CXUS53 KDVN 011404
CF6MLI
PRELIMINARY LOCAL CLIMATOLOGICAL DATA (WS FORM: F-6)
STATION: MOLINE IL
MONTH: OCTOBER
YEAR: 2023
LATITUDE: 41 27 N
LONGITUDE: 90 31 W
TEMPERATURE IN F: :PCPN: SNOW: WIND :SUNSHINE: SKY :PK WND
================================================================================
1 2 3 4 5 6A 6B 7 8 9 10 11 12 13 14 15 16 17 18
12Z AVG MX 2MIN
DY MAX MIN AVG DEP HDD CDD WTR SNW DPTH SPD SPD DIR MIN PSBL S-S WX SPD DR
================================================================================
1 88 60 74 14 0 9 0.00 0.0 0 4.6 13 120 M M 0 19 120
2 86 56 71 11 0 6 0.00 0.0 0 3.5 13 170 M M 0 17 140
3 88 60 74 15 0 9 0.00 0.0 0 6.0 18 210 M M 1 27 170
4 84 63 74 15 0 9 0.00 0.0 0 8.3 18 220 M M 3 28 210
5 77 53 65 7 0 0 0.00 0.0 0 8.0 20 300 M M 3 29 310
6 56 45 51 -7 14 0 0.07 0.0 0 12.7 28 290 M M 6 40 280
7 60 43 52 -6 13 0 0.00 0.0 0 8.5 18 310 M M 3 30 300
8 67 45 56 -1 9 0 0.00 0.0 0 3.5 10 60 M M 6 17 120
9 61 37 49 -8 16 0 0.00 0.0 0 5.2 17 280 M M 2 27 270
10 64 33 49 -7 16 0 0.00 0.0 0 4.5 17 270 M M 0 25 260
11 62 33 48 -8 17 0 1.05 0.0 0 7.2 30 100 M M 6 13 41 350
12 71 54 63 8 2 0 0.38 0.0 0 14.0 25 120 M M 5 13 34 110
13 59 54 57 2 8 0 0.60 0.0 0 11.5 21 100 M M 9 13 28 100
14 56 51 54 -1 11 0 0.06 0.0 0 9.9 20 20 M M 10 18 28 10
15 58 47 53 -1 12 0 0.00 0.0 0 9.3 18 320 M M 5 25 310
16 62 38 50 -4 15 0 0.00 0.0 0 4.6 13 10 M M 1 19 20
17 67 34 51 -2 14 0 0.00 0.0 0 2.7 9 220 M M 0 13 260
18 67 47 57 4 8 0 0.03 0.0 0 6.9 21 170 M M 4 30 160
19 59 50 55 3 10 0 0.08 0.0 0 8.6 17 270 M M 9 1 23 270
20 68 43 56 4 9 0 0.00 0.0 0 7.9 21 320 M M 0 30 300
21 69 43 56 4 9 0 0.00 0.0 0 10.8 29 310 M M 2 44 310
22 60 36 48 -3 17 0 0.00 0.0 0 2.6 9 60 M M 0 1 12 50
23 74 41 58 7 7 0 0.00 0.0 0 10.8 22 160 M M 0 31 160
24 81 63 72 22 0 7 0.01 0.0 0 12.3 30 230 M M 4 44 210
25 66 61 64 14 1 0 0.12 0.0 0 5.8 14 180 M M 9 1 21 180
26 68 64 66 16 0 1 0.52 0.0 0 10.1 17 190 M M 8 1 26 190
27 68 38 53 4 12 0 0.01 0.0 0 13.2 23 300 M M 8 1 33 310
28 49 37 43 -6 22 0 T 0.0 0 8.0 16 310 M M 8 26 50
29 41 33 37 -11 28 0 T 0.0 0 8.9 15 320 M M 10 22 350
30 41 28 35 -13 30 0 0.00 0.0 0 10.0 18 320 M M 0 25 280
31 37 30 34 -13 31 0 T T 0 16.1 31 280 M M 7 47 280
================================================================================
SM 2014 1420 331 41 2.93 T 256.0 M 129
================================================================================
AV 65.0 45.8 8.3 FASTST M M 4 MAX(MPH)
MISC ----> 31 280 47 280
================================================================================
NOTES:
# LAST OF SEVERAL OCCURRENCES
COLUMN 17 PEAK WIND IN M.P.H.
PRELIMINARY LOCAL CLIMATOLOGICAL DATA (WS FORM: F-6) , PAGE 2
STATION: MOLINE IL
MONTH: OCTOBER
YEAR: 2023
LATITUDE: 41 27 N
LONGITUDE: 90 31 W
[TEMPERATURE DATA] [PRECIPITATION DATA] SYMBOLS USED IN COLUMN 16
AVERAGE MONTHLY: 55.4 TOTAL FOR MONTH: 2.93 1 = FOG OR MIST
DPTR FM NORMAL: 1.7 DPTR FM NORMAL: 0.12 2 = FOG REDUCING VISIBILITY
HIGHEST: 88 ON 3, 1 GRTST 24HR 1.43 ON 11-12 TO 1/4 MILE OR LESS
LOWEST: 28 ON 30 3 = THUNDER
SNOW, ICE PELLETS, HAIL 4 = ICE PELLETS
TOTAL MONTH: T 5 = HAIL
GRTST 24HR T ON 31-31 6 = FREEZING RAIN OR DRIZZLE
GRTST DEPTH: 0 7 = DUSTSTORM OR SANDSTORM:
VSBY 1/2 MILE OR LESS
8 = SMOKE OR HAZE
[NO. OF DAYS WITH] [WEATHER - DAYS WITH] 9 = BLOWING SNOW
X = TORNADO
MAX 32 OR BELOW: 0 0.01 INCH OR MORE: 11
MAX 90 OR ABOVE: 0 0.10 INCH OR MORE: 5
MIN 32 OR BELOW: 2 0.50 INCH OR MORE: 3
MIN 0 OR BELOW: 0 1.00 INCH OR MORE: 1
[HDD (BASE 65) ]
TOTAL THIS MO. 331 CLEAR (SCALE 0-3) 15
DPTR FM NORMAL -37 PTCLDY (SCALE 4-7) 10
TOTAL FM JUL 1 351 CLOUDY (SCALE 8-10) 6
DPTR FM NORMAL -105
[CDD (BASE 65) ]
TOTAL THIS MO. 41
DPTR FM NORMAL 24 [PRESSURE DATA]
TOTAL FM JAN 1 1141 HIGHEST SLP 30.40 ON 31
DPTR FM NORMAL 100 LOWEST SLP 29.61 ON 13
[REMARKS]
#FINAL-10-23#