000
CXUS53 KDVN 011000
CF6MLI
PRELIMINARY LOCAL CLIMATOLOGICAL DATA (WS FORM: F-6)
STATION: MOLINE IL
MONTH: AUGUST
YEAR: 2023
LATITUDE: 41 27 N
LONGITUDE: 90 31 W
TEMPERATURE IN F: :PCPN: SNOW: WIND :SUNSHINE: SKY :PK WND
================================================================================
1 2 3 4 5 6A 6B 7 8 9 10 11 12 13 14 15 16 17 18
12Z AVG MX 2MIN
DY MAX MIN AVG DEP HDD CDD WTR SNW DPTH SPD SPD DIR MIN PSBL S-S WX SPD DR
================================================================================
1 85 61 73 -2 0 8 0.00 0.0 0 6.7 14 110 M M 1 19 160
2 76 63 70 -5 0 5 0.00 0.0 0 5.5 16 180 M M 7 1 23 180
3 81 64 73 -2 0 8 0.00 0.0 0 1.9 8 100 M M 7 12 11 90
4 87 59 73 -2 0 8 0.00 0.0 0 7.2 18 80 M M 3 12 32 70
5 82 62 72 -3 0 7 0.30 0.0 0 9.1 20 60 M M 4 1 26 50
6 77 59 68 -7 0 3 0.56 0.0 0 5.8 15 60 M M 5 1 19 50
7 80 62 71 -3 0 6 0.07 0.0 0 6.1 16 310 M M 5 1 22 280
8 80 58 69 -5 0 4 0.00 0.0 0 3.9 21 240 M M 1 13 32 220
9 70 57 64 -10 1 0 0.17 0.0 0 1.3 9 160 M M 4 1 12 160
10 85 62 74 0 0 9 0.00 0.0 0 6.3 14 240 M M 4 12 19 240
11 88 66 77 3 0 12 1.03 0.0 0 8.1 24 330 M M 2 13 33 340
12 86 65 76 2 0 11 0.00 0.0 0 7.3 17 330 M M 0 26 340
13 77 61 69 -5 0 4 T 0.0 0 3.4 12 250 M M 5 16 250
14 78 63 71 -3 0 6 0.22 0.0 0 8.3 20 280 M M 7 1 27 280
15 79 56 68 -6 0 3 0.00 0.0 0 7.7 15 310 M M 3 26 340
16 80 54 67 -7 0 2 0.00 0.0 0 6.8 17 190 M M 0 25 190
17 80 57 69 -5 0 4 T 0.0 0 11.2 25 320 M M 2 3 36 320
18 78 51 65 -8 0 0 0.00 0.0 0 3.9 12 210 M M 0 15 210
19 86 60 73 0 0 8 0.00 0.0 0 7.7 18 180 M M 0 27 180
20 92 70 81 8 0 16 0.00 0.0 0 4.7 13 80 M M 1 18 110
21 90 70 80 7 0 15 0.00 0.0 0 7.9 14 80 M M 1 19 80
22 91 64 78 5 0 13 0.00 0.0 0 5.9 12 210 M M 1 16 210
23 97 77 87 14 0 22 0.00 0.0 0 10.1 18 260 M M 0 1 26 270
24 100 78 89 17 0 24 0.00 0.0 0 8.5 21 260 M M 0 30 260
25 90 73 82 10 0 17 0.00 0.0 0 4.0 13 20 M M 1 16 20
26 86 64 75 3 0 10 0.00 0.0 0 9.4 22 60 M M 3 33 60
27 81 58 70 -2 0 5 0.00 0.0 0 4.3 10 60 M M 5 15 50
28 82 52 67 -5 0 2 0.00 0.0 0 2.4 9 240 M M 1 12 270
29 89 61 75 3 0 10 0.00 0.0 0 6.1 16 330 M M 2 23 340
30 79 52 66 -5 0 1 0.00 0.0 0 4.5 14 10 M M 3 8 21 50
31 79 45 62 -9 3 0 0.00 0.0 0 3.7 15 140 M M 0 22 110
================================================================================
SM 2591 1904 4 243 2.35 0.0 189.7 M 78
================================================================================
AV 83.6 61.4 6.1 FASTST M M 3 MAX(MPH)
MISC ----> 25 320 36 320
================================================================================
NOTES:
# LAST OF SEVERAL OCCURRENCES
COLUMN 17 PEAK WIND IN M.P.H.
PRELIMINARY LOCAL CLIMATOLOGICAL DATA (WS FORM: F-6) , PAGE 2
STATION: MOLINE IL
MONTH: AUGUST
YEAR: 2023
LATITUDE: 41 27 N
LONGITUDE: 90 31 W
[TEMPERATURE DATA] [PRECIPITATION DATA] SYMBOLS USED IN COLUMN 16
AVERAGE MONTHLY: 72.5 TOTAL FOR MONTH: 2.35 1 = FOG OR MIST
DPTR FM NORMAL: -0.9 DPTR FM NORMAL: -1.62 2 = FOG REDUCING VISIBILITY
HIGHEST: 100 ON 24 GRTST 24HR 1.03 ON 11-11 TO 1/4 MILE OR LESS
LOWEST: 45 ON 31 3 = THUNDER
SNOW, ICE PELLETS, HAIL 4 = ICE PELLETS
TOTAL MONTH: 0.0 INCH 5 = HAIL
GRTST 24HR 0.0 6 = FREEZING RAIN OR DRIZZLE
GRTST DEPTH: 0 7 = DUSTSTORM OR SANDSTORM:
VSBY 1/2 MILE OR LESS
8 = SMOKE OR HAZE
[NO. OF DAYS WITH] [WEATHER - DAYS WITH] 9 = BLOWING SNOW
X = TORNADO
MAX 32 OR BELOW: 0 0.01 INCH OR MORE: 6
MAX 90 OR ABOVE: 6 0.10 INCH OR MORE: 5
MIN 32 OR BELOW: 0 0.50 INCH OR MORE: 2
MIN 0 OR BELOW: 0 1.00 INCH OR MORE: 1
[HDD (BASE 65) ]
TOTAL THIS MO. 4 CLEAR (SCALE 0-3) 21
DPTR FM NORMAL 0 PTCLDY (SCALE 4-7) 10
TOTAL FM JUL 1 4 CLOUDY (SCALE 8-10) 0
DPTR FM NORMAL 2
[CDD (BASE 65) ]
TOTAL THIS MO. 243
DPTR FM NORMAL -21 [PRESSURE DATA]
TOTAL FM JAN 1 964 HIGHEST SLP M ON M
DPTR FM NORMAL 56 LOWEST SLP 29.67 ON 17
[REMARKS]
#FINAL-08-23#