000
CXUS55 KBYZ 011000
CF6MLS
PRELIMINARY LOCAL CLIMATOLOGICAL DATA (WS FORM: F-6)
STATION: MILES CITY MT
MONTH: MARCH
YEAR: 2021
LATITUDE: 46 25 N
LONGITUDE: 105 53 W
TEMPERATURE IN F: :PCPN: SNOW: WIND :SUNSHINE: SKY :PK WND
================================================================================
1 2 3 4 5 6A 6B 7 8 9 10 11 12 13 14 15 16 17 18
12Z AVG MX 2MIN
DY MAX MIN AVG DEP HDD CDD WTR SNW DPTH SPD SPD DIR MIN PSBL S-S WX SPD DR
================================================================================
1 56 21 39 10 26 0 0.00 M M 9.2 22 240 M M 0 28 240
2 58 28 43 14 22 0 T M M 12.0 21 260 M M 2 27 290
3 60 29 45 15 20 0 0.00 M M 6.3 17 280 M M 2 21 280
4 64 24 44 14 21 0 0.00 M M 5.0 9 300 M M 0 11 40
5 63 24 44 14 21 0 0.00 M M 7.1 12 150 M M 0 14 250
6 60 28 44 13 21 0 T M M 9.4 37 340 M M 1 44 330
7 55 30 43 12 22 0 0.00 M M 7.2 15 300 M M 1 19 280
8 59 24 42 10 23 0 0.00 M M 7.1 16 310 M M 0 22 320
9 42 22 32 0 33 0 T M M 10.9 25 330 M M 6 1 29 330
10 41 21 31 -1 34 0 0.00 M M 5.7 14 30 M M 1 128 16 30
11 35 21 28 -5 37 0 0.00 M M 5.5 15 10 M M 4 18 330
12 56 20 38 5 27 0 0.00 M M 8.0 15 180 M M 0 19 170
13 58 23 41 7 24 0 0.00 M M 5.3 14 150 M M 0 16 150
14 52 28 40 6 25 0 0.00 M M 12.4 26 160 M M 1 30 170
15 43 30 37 3 28 0 0.00 M M 8.4 18 120 M M 5 24 120
16 34 25 30 -5 35 0 0.13 M M 9.0 17 340 M M 8 1 21 340
17 45 19 32 -3 33 0 0.00 M M 4.6 9 40 M M 0 12 14 40
18 60 25 43 7 22 0 0.00 M M 11.8 22 150 M M 0 27 150
19 71 30 51 15 14 0 0.00 M M 11.0 18 160 M M 0 21 220
20 50 36 43 7 22 0 0.01 M M 7.7 24 320 M M 7 30 320
21 53 29 41 4 24 0 0.00 M M 10.8 23 310 M M 2 30 320
22 54 26 40 3 25 0 0.00 M M 9.4 18 290 M M 6 24 290
23 50 22 36 -1 29 0 0.00 M M 13.6 31 350 M M 3 36 350
24 54 21 38 0 27 0 0.00 M M 7.7 20 200 M M 3 28 250
25 55 30 43 5 22 0 0.00 M M 8.0 20 300 M M 4 24 300
26 44 29 37 -2 28 0 0.08 M M 7.3 20 280 M M 8 1 23 280
27 53 29 41 2 24 0 0.00 M M 8.5 21 300 M M 5 26 300
28 71 32 52 13 13 0 0.00 M M 14.6 33 280 M M 0 8 42 290
29 56 22 39 -1 26 0 0.05 M M 26.2 53 290 M M 5 1 66 290
30 36 17 27 -13 38 0 T M M 18.9 32 320 M M 3 42 300
31 53 17 35 -5 30 0 0.00 M M 10.3 24 300 M M 1 31 300
================================================================================
SM 1641 782 796 0 0.27 M 298.9 M 78
================================================================================
AV 52.9 25.2 9.6 FASTST M M 3 MAX(MPH)
MISC ----> 53 290 66 290
================================================================================
NOTES:
# LAST OF SEVERAL OCCURRENCES
COLUMN 17 PEAK WIND IN M.P.H.
PRELIMINARY LOCAL CLIMATOLOGICAL DATA (WS FORM: F-6) , PAGE 2
STATION: MILES CITY MT
MONTH: MARCH
YEAR: 2021
LATITUDE: 46 25 N
LONGITUDE: 105 53 W
[TEMPERATURE DATA] [PRECIPITATION DATA] SYMBOLS USED IN COLUMN 16
AVERAGE MONTHLY: 39.1 TOTAL FOR MONTH: 0.27 1 = FOG OR MIST
DPTR FM NORMAL: 4.4 DPTR FM NORMAL: -0.33 2 = FOG REDUCING VISIBILITY
HIGHEST: 71 ON 28,19 GRTST 24HR 0.13 ON 16-16 TO 1/4 MILE OR LESS
LOWEST: 17 ON 31,30 3 = THUNDER
SNOW, ICE PELLETS, HAIL 4 = ICE PELLETS
TOTAL MONTH: M 5 = HAIL
GRTST 24HR M ON M 6 = FREEZING RAIN OR DRIZZLE
GRTST DEPTH: M ON M 7 = DUSTSTORM OR SANDSTORM:
VSBY 1/2 MILE OR LESS
8 = SMOKE OR HAZE
[NO. OF DAYS WITH] [WEATHER - DAYS WITH] 9 = BLOWING SNOW
X = TORNADO
MAX 32 OR BELOW: 0 0.01 INCH OR MORE: 4
MAX 90 OR ABOVE: 0 0.10 INCH OR MORE: 1
MIN 32 OR BELOW: 30 0.50 INCH OR MORE: 0
MIN 0 OR BELOW: 0 1.00 INCH OR MORE: 0
[HDD (BASE 65) ]
TOTAL THIS MO. 796 CLEAR (SCALE 0-3) 19
DPTR FM NORMAL -146 PTCLDY (SCALE 4-7) 11
TOTAL FM JUL 1 6201 CLOUDY (SCALE 8-10) 1
DPTR FM NORMAL -468
[CDD (BASE 65) ]
TOTAL THIS MO. 0
DPTR FM NORMAL 0 [PRESSURE DATA]
TOTAL FM JAN 1 0 HIGHEST SLP 30.44 ON 31
DPTR FM NORMAL 0 LOWEST SLP 29.12 ON 29
[REMARKS]
#FINAL-03-21#