000
CXUS55 KBYZ 011000
CF6MLS
PRELIMINARY LOCAL CLIMATOLOGICAL DATA (WS FORM: F-6)
STATION: MILES CITY MT
MONTH: OCTOBER
YEAR: 2023
LATITUDE: 46 25 N
LONGITUDE: 105 53 W
TEMPERATURE IN F: :PCPN: SNOW: WIND :SUNSHINE: SKY :PK WND
================================================================================
1 2 3 4 5 6A 6B 7 8 9 10 11 12 13 14 15 16 17 18
12Z AVG MX 2MIN
DY MAX MIN AVG DEP HDD CDD WTR SNW DPTH SPD SPD DIR MIN PSBL S-S WX SPD DR
================================================================================
1 55 51 53 -1 12 0 T M M 12.6 20 300 M M 10 18 25 310
2 62 49 56 2 9 0 0.06 M M 6.0 16 270 M M 7 13 20 270
3 55 46 51 -2 14 0 0.37 M M 12.3 23 320 M M 8 1 30 310
4 64 43 54 1 11 0 T M M 11.9 28 310 M M 4 37 310
5 54 39 47 -5 18 0 0.00 M M 13.4 23 340 M M 6 30 350
6 51 27 39 -13 26 0 0.00 M M 6.3 14 150 M M 0 18 340
7 72 34 53 2 12 0 0.00 M M 5.3 12 240 M M 0 14 260
8 72 40 56 6 9 0 0.00 M M 4.3 10 140 M M 0 13 130
9 76 42 59 9 6 0 0.00 M M 7.5 16 140 M M 0 22 140
10 79 43 61 12 4 0 0.00 M M 8.5 20 130 M M 1 29 140
11 57 43 50 1 15 0 T M M 8.2 17 130 M M 2 22 130
12 50 43 47 -1 18 0 0.15 M M 13.2 23 50 M M 10 28 60
13 50 38 44 -4 21 0 0.00 M M 5.9 10 60 M M 9 13 50
14 55 33 44 -3 21 0 0.00 M M 9.6 18 150 M M 0 24 140
15 65 35 50 3 15 0 0.00 M M 7.8 16 140 M M 0 21 150
16 70 42 56 10 9 0 0.00 M M 4.6 10 150 M M 0 12 150
17 71 43 57 11 8 0 0.03 M M 11.5 44 330 M M 3 56 320
18 64 40 52 7 13 0 0.00 M M 9.4 18 280 M M 2 27 260
19 79 45 62 17 3 0 0.00 M M 6.0 14 290 M M 0 19 320
20 75 45 60 16 5 0 0.00 M M 7.2 16 30 M M 0 21 40
21 62 36 49 5 16 0 0.00 M M 6.3 14 150 M M 0 19 150
22 64 37 51 8 14 0 0.00 M M 6.4 13 330 M M 0 16 160
23 47 40 44 1 21 0 0.26 M M 8.3 22 10 M M 9 1 27 10
24 46 31 39 -3 26 0 0.00 M M 9.0 18 50 M M 10 1 24 30
25 31 19 25 -17 40 0 T M M 14.2 24 50 M M 10 16 34 50
26 20 4 12 -29 53 0 T M M 8.9 17 320 M M 9 128 22 320
27 16 -3 7 -34 58 0 T M M 6.3 13 300 M M 3 1 15 300
28 25 -2 12 -28 53 0 T M M 6.6 15 290 M M 2 12 21 270
29 27 12 20 -20 45 0 T M M 10.8 24 320 M M 7 1 30 320
30 33 9 21 -19 44 0 0.00 M M 9.8 23 340 M M 2 30 340
31 36 6 21 -18 44 0 0.00 M M 5.7 12 160 M M 3 14 140
================================================================================
SM 1683 1010 663 0 0.87 M 263.8 M 117
================================================================================
AV 54.3 32.6 8.5 FASTST M M 4 MAX(MPH)
MISC ----> 44 330 56 320
================================================================================
NOTES:
# LAST OF SEVERAL OCCURRENCES
COLUMN 17 PEAK WIND IN M.P.H.
PRELIMINARY LOCAL CLIMATOLOGICAL DATA (WS FORM: F-6) , PAGE 2
STATION: MILES CITY MT
MONTH: OCTOBER
YEAR: 2023
LATITUDE: 46 25 N
LONGITUDE: 105 53 W
[TEMPERATURE DATA] [PRECIPITATION DATA] SYMBOLS USED IN COLUMN 16
AVERAGE MONTHLY: 43.4 TOTAL FOR MONTH: 0.87 1 = FOG OR MIST
DPTR FM NORMAL: -3.0 DPTR FM NORMAL: -0.10 2 = FOG REDUCING VISIBILITY
HIGHEST: 79 ON 19,10 GRTST 24HR 0.42 ON 2- 3 TO 1/4 MILE OR LESS
LOWEST: -3 ON 27 3 = THUNDER
SNOW, ICE PELLETS, HAIL 4 = ICE PELLETS
TOTAL MONTH: M 5 = HAIL
GRTST 24HR M ON M 6 = FREEZING RAIN OR DRIZZLE
GRTST DEPTH: M ON M 7 = DUSTSTORM OR SANDSTORM:
VSBY 1/2 MILE OR LESS
8 = SMOKE OR HAZE
[NO. OF DAYS WITH] [WEATHER - DAYS WITH] 9 = BLOWING SNOW
X = TORNADO
MAX 32 OR BELOW: 5 0.01 INCH OR MORE: 5
MAX 90 OR ABOVE: 0 0.10 INCH OR MORE: 3
MIN 32 OR BELOW: 9 0.50 INCH OR MORE: 0
MIN 0 OR BELOW: 2 1.00 INCH OR MORE: 0
[HDD (BASE 65) ]
TOTAL THIS MO. 663 CLEAR (SCALE 0-3) 18
DPTR FM NORMAL 83 PTCLDY (SCALE 4-7) 5
TOTAL FM JUL 1 726 CLOUDY (SCALE 8-10) 8
DPTR FM NORMAL -65
[CDD (BASE 65) ]
TOTAL THIS MO. 0
DPTR FM NORMAL -4 [PRESSURE DATA]
TOTAL FM JAN 1 830 HIGHEST SLP 30.61 ON 28
DPTR FM NORMAL 99 LOWEST SLP 29.41 ON 11
[REMARKS]
#FINAL-10-23#