000
CXUS56 KPQR 011301
CF6MMV
PRELIMINARY LOCAL CLIMATOLOGICAL DATA (WS FORM: F-6)
STATION: MCMINNVILLE OR
MONTH: NOVEMBER
YEAR: 2022
LATITUDE: 45 11 N
LONGITUDE: 123 8 W
TEMPERATURE IN F: :PCPN: SNOW: WIND :SUNSHINE: SKY :PK WND
================================================================================
1 2 3 4 5 6A 6B 7 8 9 10 11 12 13 14 15 16 17 18
12Z AVG MX 2MIN
DY MAX MIN AVG DEP HDD CDD WTR SNW DPTH SPD SPD DIR MIN PSBL S-S WX SPD DR
================================================================================
1 52 36 44 -4 21 0 0.23 M M 5.2 20 290 M M 7 13 24 280
2 48 36 42 -6 23 0 0.23 M M 5.0 14 180 M M 8 12 18 180
3 49 37 43 -5 22 0 0.03 M M 7.5 23 180 M M 10 1 31 200
4 58 46 52 4 13 0 2.17 M M 15.7 25 190 M M 10 1 35 200
5 58 40 49 1 16 0 0.01 M M 8.2 22 280 M M 7 1 32 280
6 47 36 42 -5 23 0 0.76 M M 8.4 23 190 M M 10 1 31 190
7 44 36 40 -7 25 0 0.13 M M 9.5 23 170 M M 10 1 31 190
8 53 34 44 -3 21 0 T M M 8.6 20 30 M M 2 1 26 30
9 50 27 39 -8 26 0 0.00 M M 3.9 10 360 M M 0 1 14 360
10 50 30 40 -6 25 0 0.00 M M 1.4 7 350 M M 4 1 8 290
11 49 31 40 -6 25 0 0.19 M M 2.9 9 350 M M 7 18 11 350
12 50 30 40 -6 25 0 0.06 M M 3.5 10 330 M M 5 12 12 320
13 45 29 37 -9 28 0 0.00 M M 1.6 9 350 M M 6 12 11 350
14 58 36 47 1 18 0 0.00 M M 11.3 20 20 M M 0 24 40
15 55 35 45 0 20 0 0.00 M M 9.1 15 40 M M 0 20 360
16 53 29 41 -4 24 0 0.00 M M 5.2 9 330 M M 0 18 13 360
17 50 30 40 -5 25 0 0.00 M M 11.5 20 30 M M 0 26 50
18 52 34 43 -2 22 0 0.00 M M 10.3 15 10 M M 0 20 10
19 50 28 39 -5 26 0 0.00 M M 7.2 13 330 M M 0 16 320
20 47 22 35 -9 30 0 0.00 M M 0.8 6 120 M M 0 9 110
21 48 31 40 -4 25 0 0.00 M M 0.3 7 300 M M 7 1 7 300
22 57 34 46 2 19 0 0.26 M M 6.6 22 210 M M 6 1 30 200
23 46 32 39 -5 26 0 0.00 M M 1.5 6 130 M M 9 12 7 320
24 46 33 40 -3 25 0 0.00 M M 1.8 6 230 M M 8 12 7 120
25 41 34 38 -5 27 0 0.38 M M 2.2 7 160 M M 10 12 8 10
26 47 36 42 -1 23 0 0.00 M M 2.8 12 230 M M 10 12 14 220
27 48 37 43 0 22 0 0.06 M M 9.6 22 200 M M 9 1 29 190
28 48 27 38 -5 27 0 0.17 M M 6.7 14 240 M M 5 1 20 260
29 44 26 35 -7 30 0 0.23 M M 9.0 26 180 M M 9 1 34 180
30 49 38 44 2 21 0 1.12 M M 12.2 26 180 M M 9 1 35 170
================================================================================
SM 1492 990 703 0 6.03 M 189.5 M 168
================================================================================
AV 49.7 33.0 6.3 FASTST M M 6 MAX(MPH)
MISC ----> # 26 180 # 35 200
================================================================================
NOTES:
# LAST OF SEVERAL OCCURRENCES
COLUMN 17 PEAK WIND IN M.P.H.
PRELIMINARY LOCAL CLIMATOLOGICAL DATA (WS FORM: F-6) , PAGE 2
STATION: MCMINNVILLE OR
MONTH: NOVEMBER
YEAR: 2022
LATITUDE: 45 11 N
LONGITUDE: 123 8 W
[TEMPERATURE DATA] [PRECIPITATION DATA] SYMBOLS USED IN COLUMN 16
AVERAGE MONTHLY: 41.4 TOTAL FOR MONTH: 6.03 1 = FOG OR MIST
DPTR FM NORMAL: -3.9 DPTR FM NORMAL: 0.29 2 = FOG REDUCING VISIBILITY
HIGHEST: 58 ON 14, 5 GRTST 24HR 2.18 ON 3- 4 TO 1/4 MILE OR LESS
LOWEST: 22 ON 20 3 = THUNDER
SNOW, ICE PELLETS, HAIL 4 = ICE PELLETS
TOTAL MONTH: M 5 = HAIL
GRTST 24HR M ON M 6 = FREEZING RAIN OR DRIZZLE
GRTST DEPTH: M ON M 7 = DUSTSTORM OR SANDSTORM:
VSBY 1/2 MILE OR LESS
8 = SMOKE OR HAZE
[NO. OF DAYS WITH] [WEATHER - DAYS WITH] 9 = BLOWING SNOW
X = TORNADO
MAX 32 OR BELOW: 0 0.01 INCH OR MORE: 15
MAX 90 OR ABOVE: 0 0.10 INCH OR MORE: 11
MIN 32 OR BELOW: 13 0.50 INCH OR MORE: 3
MIN 0 OR BELOW: 0 1.00 INCH OR MORE: 2
[HDD (BASE 65) ]
TOTAL THIS MO. 703 CLEAR (SCALE 0-3) 9
DPTR FM NORMAL 111 PTCLDY (SCALE 4-7) 10
TOTAL FM JUL 1 938 CLOUDY (SCALE 8-10) 11
DPTR FM NORMAL -195
[CDD (BASE 65) ]
TOTAL THIS MO. 0
DPTR FM NORMAL 0 [PRESSURE DATA]
TOTAL FM JAN 1 450 HIGHEST SLP 30.54 ON 16
DPTR FM NORMAL 166 LOWEST SLP 29.47 ON 6
[REMARKS]
#FINAL-11-22#