000
CXUS56 KPQR 011155
CF6MMV
PRELIMINARY LOCAL CLIMATOLOGICAL DATA (WS FORM: F-6)
STATION: MCMINNVILLE OR
MONTH: APRIL
YEAR: 2022
LATITUDE: 45 11 N
LONGITUDE: 123 8 W
TEMPERATURE IN F: :PCPN: SNOW: WIND :SUNSHINE: SKY :PK WND
================================================================================
1 2 3 4 5 6A 6B 7 8 9 10 11 12 13 14 15 16 17 18
12Z AVG MX 2MIN
DY MAX MIN AVG DEP HDD CDD WTR SNW DPTH SPD SPD DIR MIN PSBL S-S WX SPD DR
================================================================================
1 60 34 47 -1 18 0 0.04 M M 5.1 20 250 M M 5 1 23 240
2 58 37 48 0 17 0 0.01 M M 5.5 12 160 M M 5 15 150
3 54 40 47 -1 18 0 0.13 M M 10.3 23 180 M M 8 30 190
4 54 38 46 -2 19 0 0.81 M M 17.6 32 260 M M 7 1 42 270
5 55 35 45 -3 20 0 0.18 M M 6.0 20 320 M M 3 1 26 320
6 67 33 50 2 15 0 0.00 M M 6.8 12 340 M M 0 16 30
7 75 42 59 10 6 0 0.00 M M 6.3 21 250 M M 0 26 250
8 57 37 47 -2 18 0 0.02 M M 11.5 23 300 M M 5 29 250
9 53 34 44 -5 21 0 0.18 M M 8.6 22 260 M M 5 1 27 270
10 45 33 39 -10 26 0 0.75 M M 7.9 18 230 M M 8 1 23 220
11 49 33 41 -8 24 0 0.34 M M 10.8 18 340 M M 8 1 25 290
12 46 36 41 -8 24 0 0.34 M M 9.1 25 240 M M 8 1 32 230
13 50 31 41 -9 24 0 0.15 M M 7.1 17 190 M M 6 1 23 230
14 48 29 39 -11 26 0 0.18 M M 5.0 21 270 M M 6 26 270
15 54 27 41 -9 24 0 0.00 M M 2.5 10 340 M M 3 12 21 350
16 51 30 41 -9 24 0 0.02 M M 8.2 28 230 M M 3 36 230
17 55 32 44 -6 21 0 0.00 M M 4.6 10 260 M M 4 14 230
18 51 41 46 -4 19 0 0.38 M M 6.6 22 250 M M 9 1 29 240
19 51 39 45 -5 20 0 0.43 M M 4.5 14 200 M M 9 1 19 190
20 55 38 47 -4 18 0 0.43 M M 6.1 26 180 M M 8 12 35 180
21 54 44 49 -2 16 0 0.26 M M 8.8 21 170 M M 9 13 26 170
22 60 39 50 -1 15 0 0.06 M M 3.0 10 280 M M 6 12 13 310
23 65 35 50 -1 15 0 0.00 M M 2.0 8 300 M M 0 1 11 150
24 68 36 52 0 13 0 0.00 M M 4.5 16 270 M M 0 12 20 260
25 59 42 51 -1 14 0 0.02 M M 7.3 16 250 M M 8 21 250
26 55 40 48 -4 17 0 0.04 M M 7.1 21 260 M M 5 1 26 260
27 57 42 50 -2 15 0 0.08 M M 3.9 16 270 M M 8 1 19 270
28 56 42 49 -3 16 0 0.01 M M 5.9 20 250 M M 8 25 250
29 58 42 50 -3 15 0 0.34 M M 4.1 13 210 M M 10 1 19 180
30 56 44 50 -3 15 0 0.19 M M 6.8 15 250 M M 7 1 20 250
================================================================================
SM 1676 1105 553 0 5.39 M 203.5 M 171
================================================================================
AV 55.9 36.8 6.8 FASTST M M 6 MAX(MPH)
MISC ----> 32 260 42 270
================================================================================
NOTES:
# LAST OF SEVERAL OCCURRENCES
COLUMN 17 PEAK WIND IN M.P.H.
PRELIMINARY LOCAL CLIMATOLOGICAL DATA (WS FORM: F-6) , PAGE 2
STATION: MCMINNVILLE OR
MONTH: APRIL
YEAR: 2022
LATITUDE: 45 11 N
LONGITUDE: 123 8 W
[TEMPERATURE DATA] [PRECIPITATION DATA] SYMBOLS USED IN COLUMN 16
AVERAGE MONTHLY: 46.4 TOTAL FOR MONTH: 5.39 1 = FOG OR MIST
DPTR FM NORMAL: -3.7 DPTR FM NORMAL: 2.40 2 = FOG REDUCING VISIBILITY
HIGHEST: 75 ON 7 GRTST 24HR 1.05 ON 10-11 TO 1/4 MILE OR LESS
LOWEST: 27 ON 15 3 = THUNDER
SNOW, ICE PELLETS, HAIL 4 = ICE PELLETS
TOTAL MONTH: M 5 = HAIL
GRTST 24HR M ON M 6 = FREEZING RAIN OR DRIZZLE
GRTST DEPTH: M ON M 7 = DUSTSTORM OR SANDSTORM:
VSBY 1/2 MILE OR LESS
8 = SMOKE OR HAZE
[NO. OF DAYS WITH] [WEATHER - DAYS WITH] 9 = BLOWING SNOW
X = TORNADO
MAX 32 OR BELOW: 0 0.01 INCH OR MORE: 24
MAX 90 OR ABOVE: 0 0.10 INCH OR MORE: 15
MIN 32 OR BELOW: 5 0.50 INCH OR MORE: 2
MIN 0 OR BELOW: 0 1.00 INCH OR MORE: 0
[HDD (BASE 65) ]
TOTAL THIS MO. 553 CLEAR (SCALE 0-3) 5
DPTR FM NORMAL 105 PTCLDY (SCALE 4-7) 18
TOTAL FM JUL 1 4140 CLOUDY (SCALE 8-10) 7
DPTR FM NORMAL -126
[CDD (BASE 65) ]
TOTAL THIS MO. 0
DPTR FM NORMAL -1 [PRESSURE DATA]
TOTAL FM JAN 1 0 HIGHEST SLP 30.47 ON 6
DPTR FM NORMAL -1 LOWEST SLP 29.36 ON 11
[REMARKS]
#FINAL-04-22#