000
CXUS56 KPQR 011201
CF6MMV
PRELIMINARY LOCAL CLIMATOLOGICAL DATA (WS FORM: F-6)
STATION: MCMINNVILLE OR
MONTH: AUGUST
YEAR: 2023
LATITUDE: 45 11 N
LONGITUDE: 123 8 W
TEMPERATURE IN F: :PCPN: SNOW: WIND :SUNSHINE: SKY :PK WND
================================================================================
1 2 3 4 5 6A 6B 7 8 9 10 11 12 13 14 15 16 17 18
12Z AVG MX 2MIN
DY MAX MIN AVG DEP HDD CDD WTR SNW DPTH SPD SPD DIR MIN PSBL S-S WX SPD DR
================================================================================
1 89 50 70 1 0 5 0.00 M M 4.2 13 10 M M 0 16 70
2 90 52 71 2 0 6 0.00 M M 4.5 15 230 M M 0 19 230
3 88 51 70 1 0 5 0.00 M M 4.6 14 230 M M 0 18 240
4 88 54 71 2 0 6 0.00 M M 4.6 12 10 M M 0 14 30
5 87 61 74 6 0 9 0.00 M M 5.2 14 10 M M 5 17 10
6 85 63 74 6 0 9 0.03 M M 4.1 14 20 M M 5 16 20
7 86 60 73 5 0 8 0.00 M M 4.3 16 240 M M 3 8 18 250
8 88 53 71 3 0 6 0.00 M M 4.5 14 230 M M 0 17 230
9 82 56 69 1 0 4 T M M 4.8 16 260 M M 4 21 260
10 82 59 71 3 0 6 0.00 M M 5.1 15 360 M M 5 20 20
11 87 52 70 2 0 5 0.00 M M 4.1 15 360 M M 0 18 10
12 91 52 72 4 0 7 0.00 M M 5.9 17 10 M M 0 21 10
13 101 57 79 11 0 14 0.00 M M 7.2 16 20 M M 0 21 40
14 107 64 86 18 0 21 0.00 M M 4.6 13 350 M M 0 16 350
15 101 65 83 15 0 18 0.00 M M 3.4 13 220 M M 0 8 15 220
16 103 65 84 16 0 19 0.00 M M 3.5 13 220 M M 0 8 16 220
17 94 63 79 11 0 14 0.00 M M 5.8 17 230 M M 0 21 230
18 84 53 69 2 0 4 0.00 M M 4.3 17 10 M M 0 22 10
19 91 44 68 1 0 3 0.00 M M 4.6 14 10 M M 0 8 18 360
20 89 51 70 3 0 5 0.00 M M 4.4 13 10 M M 9 8 15 10
21 81 51 66 -1 0 1 0.00 M M 5.9 17 240 M M 1 8 19 240
22 77 46 62 -5 3 0 0.00 M M 6.5 17 280 M M 2 22 280
23 79 49 64 -3 1 0 0.00 M M 5.0 14 10 M M 1 17 360
24 92 49 71 4 0 6 0.00 M M 4.5 12 320 M M 0 15 40
25 92 62 77 10 0 12 0.05 M M 6.5 16 230 M M 3 138 20 230
26 89 55 72 6 0 7 0.00 M M 5.9 17 220 M M 0 18 21 230
27 80 58 69 3 0 4 0.00 M M 7.8 20 220 M M 1 24 220
28 70 58 64 -2 1 0 0.00 M M 2.8 9 240 M M 9 18 11 250
29 78 57 68 2 0 3 0.01 M M 7.7 18 280 M M 8 1 24 280
30 80 55 68 2 0 3 0.00 M M 4.5 14 270 M M 5 17 270
31 64 58 61 -5 4 0 0.72 M M 3.5 10 150 M M 9 1 12 350
================================================================================
SM 2695 1723 9 210 0.81 M 154.3 M 70
================================================================================
AV 86.9 55.6 5.0 FASTST M M 2 MAX(MPH)
MISC ----> 20 220 # 24 220
================================================================================
NOTES:
# LAST OF SEVERAL OCCURRENCES
COLUMN 17 PEAK WIND IN M.P.H.
PRELIMINARY LOCAL CLIMATOLOGICAL DATA (WS FORM: F-6) , PAGE 2
STATION: MCMINNVILLE OR
MONTH: AUGUST
YEAR: 2023
LATITUDE: 45 11 N
LONGITUDE: 123 8 W
[TEMPERATURE DATA] [PRECIPITATION DATA] SYMBOLS USED IN COLUMN 16
AVERAGE MONTHLY: 71.3 TOTAL FOR MONTH: 0.81 1 = FOG OR MIST
DPTR FM NORMAL: 3.8 DPTR FM NORMAL: 0.45 2 = FOG REDUCING VISIBILITY
HIGHEST: 107 ON 14 GRTST 24HR 0.72 ON 31-31 TO 1/4 MILE OR LESS
LOWEST: 44 ON 19 3 = THUNDER
SNOW, ICE PELLETS, HAIL 4 = ICE PELLETS
TOTAL MONTH: M 5 = HAIL
GRTST 24HR M ON M 6 = FREEZING RAIN OR DRIZZLE
GRTST DEPTH: M ON M 7 = DUSTSTORM OR SANDSTORM:
VSBY 1/2 MILE OR LESS
8 = SMOKE OR HAZE
[NO. OF DAYS WITH] [WEATHER - DAYS WITH] 9 = BLOWING SNOW
X = TORNADO
MAX 32 OR BELOW: 0 0.01 INCH OR MORE: 4
MAX 90 OR ABOVE: 10 0.10 INCH OR MORE: 1
MIN 32 OR BELOW: 0 0.50 INCH OR MORE: 1
MIN 0 OR BELOW: 0 1.00 INCH OR MORE: 0
[HDD (BASE 65) ]
TOTAL THIS MO. 9 CLEAR (SCALE 0-3) 22
DPTR FM NORMAL -20 PTCLDY (SCALE 4-7) 6
TOTAL FM JUL 1 11 CLOUDY (SCALE 8-10) 3
DPTR FM NORMAL -49
[CDD (BASE 65) ]
TOTAL THIS MO. 210
DPTR FM NORMAL 103 [PRESSURE DATA]
TOTAL FM JAN 1 440 HIGHEST SLP 30.23 ON 6
DPTR FM NORMAL 198 LOWEST SLP 29.72 ON 17
[REMARKS]
#FINAL-08-23#