000
CXUS54 KMOB 010638
CF6MOB
PRELIMINARY LOCAL CLIMATOLOGICAL DATA (WS FORM: F-6)
STATION: MOBILE
MONTH: JULY
YEAR: 2022
LATITUDE: 30 40 N
LONGITUDE: 88 15 W
TEMPERATURE IN F: :PCPN: SNOW: WIND :SUNSHINE: SKY :PK WND
================================================================================
1 2 3 4 5 6A 6B 7 8 9 10 11 12 13 14 15 16 17 18
12Z AVG MX 2MIN
DY MAX MIN AVG DEP HDD CDD WTR SNW DPTH SPD SPD DIR MIN PSBL S-S WX SPD DR
================================================================================
1 88 75 82 0 0 17 0.61 0.0 0 5.1 20 140 M M 6 138 22 140
2 90 75 83 1 0 18 1.15 0.0 0 3.1 21 210 M M 6 1238 26 200
3 90 76 83 1 0 18 0.62 0.0 0 2.5 21 190 M M 5 138 25 190
4 88 76 82 0 0 17 0.15 0.0 0 2.1 13 150 M M 6 123 16 150
5 86 74 80 -2 0 15 0.90 0.0 0 2.7 15 180 M M 5 138 20 170
6 92 73 83 1 0 18 0.00 0.0 0 3.5 12 250 M M 4 1 19 290
7 93 75 84 2 0 19 0.00 0.0 0 3.5 16 150 M M 3 3 22 150
8 92 77 85 3 0 20 0.15 0.0 0 4.9 15 170 M M 3 3 19 200
9 95 75 85 3 0 20 0.60 0.0 0 4.2 30 340 M M 5 13 39 340
10 92 74 83 1 0 18 0.10 0.0 0 3.8 13 180 M M 6 138 17 180
11 95 71 83 1 0 18 0.48 0.0 0 3.8 31 70 M M 6 13 44 60
12 91 74 83 1 0 18 T 0.0 0 5.9 15 120 M M 8 18 22 120
13 90 77 84 2 0 19 0.00 0.0 0 5.5 16 170 M M 5 3 22 180
14 92 74 83 1 0 18 0.21 0.0 0 4.2 18 150 M M 6 138 18 150
15 90 72 81 -1 0 16 1.30 0.0 0 3.7 28 80 M M 5 138 35 80
16 94 73 84 2 0 19 0.08 0.0 0 2.4 17 130 M M 4 3 25 130
17 93 75 84 2 0 19 0.00 0.0 0 4.1 14 210 M M 3 138 20 230
18 93 75 84 2 0 19 0.05 0.0 0 4.3 16 220 M M 4 23 210
19 92 78 85 3 0 20 0.03 0.0 0 6.5 14 200 M M 4 3 20 210
20 91 75 83 1 0 18 0.82 0.0 0 5.6 22 220 M M 4 138 31 240
21 93 79 86 4 0 21 0.00 0.0 0 7.2 17 210 M M 4 24 200
22 90 73 82 0 0 17 0.29 0.0 0 4.6 24 170 M M 7 13 34 170
23 92 77 85 3 0 20 T 0.0 0 5.6 15 150 M M 4 19 150
24 91 74 83 1 0 18 0.98 0.0 0 2.9 18 130 M M 5 13 22 130
25 86 75 81 -1 0 16 0.71 0.0 0 2.8 20 130 M M 6 138 27 130
26 92 75 84 2 0 19 0.03 0.0 0 4.5 15 160 M M 5 8 19 160
27 93 76 85 3 0 20 0.00 0.0 0 4.6 13 180 M M 4 17 190
28 90 76 83 1 0 18 0.03 0.0 0 4.0 14 190 M M 4 3 17 210
29 88 75 82 0 0 17 0.00 0.0 0 3.8 18 190 M M 4 25 180
30 89 75 82 0 0 17 0.60 0.0 0 3.3 14 160 M M 5 138 17 150
31 92 73 83 1 0 18 0.00 0.0 0 4.6 15 170 M M 3 1 21 160
================================================================================
SM 2823 2322 0 565 9.89 0.0 129.3 M 149
================================================================================
AV 91.1 74.9 4.2 FASTST M M 5 MAX(MPH)
MISC ----> 31 70 44 60
================================================================================
NOTES:
# LAST OF SEVERAL OCCURRENCES
COLUMN 17 PEAK WIND IN M.P.H.
PRELIMINARY LOCAL CLIMATOLOGICAL DATA (WS FORM: F-6) , PAGE 2
STATION: MOBILE
MONTH: JULY
YEAR: 2022
LATITUDE: 30 40 N
LONGITUDE: 88 15 W
[TEMPERATURE DATA] [PRECIPITATION DATA] SYMBOLS USED IN COLUMN 16
AVERAGE MONTHLY: 83.0 TOTAL FOR MONTH: 9.89 1 = FOG OR MIST
DPTR FM NORMAL: 1.0 DPTR FM NORMAL: 2.20 2 = FOG REDUCING VISIBILITY
HIGHEST: 95 ON 11, 9 GRTST 24HR 1.66 ON 24-25 TO 1/4 MILE OR LESS
LOWEST: 71 ON 11 3 = THUNDER
SNOW, ICE PELLETS, HAIL 4 = ICE PELLETS
TOTAL MONTH: 0.0 INCH 5 = HAIL
GRTST 24HR 0.0 6 = FREEZING RAIN OR DRIZZLE
GRTST DEPTH: 0 7 = DUSTSTORM OR SANDSTORM:
VSBY 1/2 MILE OR LESS
8 = SMOKE OR HAZE
[NO. OF DAYS WITH] [WEATHER - DAYS WITH] 9 = BLOWING SNOW
X = TORNADO
MAX 32 OR BELOW: 0 0.01 INCH OR MORE: 21
MAX 90 OR ABOVE: 25 0.10 INCH OR MORE: 16
MIN 32 OR BELOW: 0 0.50 INCH OR MORE: 10
MIN 0 OR BELOW: 0 1.00 INCH OR MORE: 2
[HDD (BASE 65) ]
TOTAL THIS MO. 0 CLEAR (SCALE 0-3) 0
DPTR FM NORMAL 0 PTCLDY (SCALE 4-7) 31
TOTAL FM JUL 1 0 CLOUDY (SCALE 8-10) 0
DPTR FM NORMAL 0
[CDD (BASE 65) ]
TOTAL THIS MO. 565
DPTR FM NORMAL 38 [PRESSURE DATA]
TOTAL FM JAN 1 1766 HIGHEST SLP 30.21 ON 31
DPTR FM NORMAL 309 LOWEST SLP 29.81 ON 11
[REMARKS]
#FINAL-07-22#