000
CXUS51 KPHI 010915
CF6MPO
PRELIMINARY LOCAL CLIMATOLOGICAL DATA (WS FORM: F-6)
STATION: MOUNT POCONO PA
MONTH: DECEMBER
YEAR: 2022
LATITUDE: 41 8 N
LONGITUDE: 75 24 W
TEMPERATURE IN F: :PCPN: SNOW: WIND :SUNSHINE: SKY :PK WND
================================================================================
1 2 3 4 5 6A 6B 7 8 9 10 11 12 13 14 15 16 17 18
12Z AVG MX 2MIN
DY MAX MIN AVG DEP HDD CDD WTR SNW DPTH SPD SPD DIR MIN PSBL S-S WX SPD DR
================================================================================
1 34 23 29 -4 36 0 0.00 M M 17.6 29 270 M M 5 39 260
2 36 15 26 -6 39 0 0.00 M M 6.1 14 170 M M 3 21 160
3 49 33 41 9 24 0 0.25 M M 14.3 25 270 M M 9 1 34 260
4 37 24 31 -1 34 0 0.00 M M 8.4 23 300 M M 3 32 300
5 40 22 31 0 34 0 0.00 M M 6.4 15 210 M M 0 20 210
6 50 32 41 10 24 0 0.74 M M 7.3 14 160 M M 9 123 21 170
7 54 45 50 19 15 0 0.14 M M 8.2 24 290 M M 10 12 32 290
8 45 32 39 9 26 0 0.00 M M 11.9 24 320 M M 9 31 310
9 40 26 33 3 32 0 0.00 M M 9.3 16 330 M M 0 22 350
10 37 23 30 0 35 0 0.01 M M 5.8 12 90 M M 1 1 17 70
11 31 25 28 -1 37 0 0.39 M M 5.5 15 310 M M 10 12 19 310
12 31 20 26 -3 39 0 T M M 12.6 22 310 M M 10 1 29 310
13 29 14 22 -7 43 0 0.00 M M 12.0 21 320 M M 1 25 310
14 28 20 24 -4 41 0 0.00 M M 14.9 28 330 M M 1 37 310
15 31 23 27 -1 38 0 1.47 M M 12.0 21 80 M M 7 1246 34 80
16 33 31 32 4 33 0 0.47 M M 12.4 22 70 M M 10 16 32 60
17 32 22 27 -1 38 0 0.01 M M 12.1 22 270 M M 8 1 29 270
18 29 21 25 -2 40 0 T M M 11.9 21 270 M M 8 1 27 270
19 25 21 23 -4 42 0 0.00 M M 13.8 22 290 M M 9 29 270
20 27 16 22 -5 43 0 0.00 M M 13.5 25 320 M M 6 31 320
21 39 11 25 -2 40 0 0.00 M M 3.5 12 330 M M 0 14 330
22 36 19 28 2 37 0 1.08 M M 8.9 17 80 M M 7 12 29 70
23 49 -5 22 -4 43 0 0.96 M M 19.9 38 260 M M 10 129 48 250
24 4 -5 0 -26 65 0 T M M 18.2 31 250 M M 9 9 43 270
25 18 4 11 -15 54 0 0.00 M M 17.4 30 250 M M 3 37 250
26 20 6 13 -12 52 0 0.00 M M 11.6 18 270 M M 3 24 260
27 24 16 20 -5 45 0 0.00 M M 9.4 17 270 M M 10 23 260
28 40 23 32 7 33 0 0.00 M M 8.6 21 210 M M 3 27 220
29 50 30 40 15 25 0 0.00 M M 8.2 20 260 M M 1 25 260
30 56 42 49 25 16 0 0.00 M M 5.9 12 200 M M 6 17 200
31 49 43 46 22 19 0 0.10 M M 6.1 16 220 M M 9 12 23 220
================================================================================
SM 1103 672 1122 0 5.62 M 333.7 M 180
================================================================================
AV 35.6 21.7 10.8 FASTST M M 6 MAX(MPH)
MISC ----> 38 260 48 250
================================================================================
NOTES:
# LAST OF SEVERAL OCCURRENCES
COLUMN 17 PEAK WIND IN M.P.H.
PRELIMINARY LOCAL CLIMATOLOGICAL DATA (WS FORM: F-6) , PAGE 2
STATION: MOUNT POCONO PA
MONTH: DECEMBER
YEAR: 2022
LATITUDE: 41 8 N
LONGITUDE: 75 24 W
[TEMPERATURE DATA] [PRECIPITATION DATA] SYMBOLS USED IN COLUMN 16
AVERAGE MONTHLY: 28.6 TOTAL FOR MONTH: 5.62 1 = FOG OR MIST
DPTR FM NORMAL: 0.5 DPTR FM NORMAL: 1.84 2 = FOG REDUCING VISIBILITY
HIGHEST: 56 ON 30 GRTST 24HR 2.00 ON 22-23 TO 1/4 MILE OR LESS
LOWEST: -5 ON 24,23 3 = THUNDER
SNOW, ICE PELLETS, HAIL 4 = ICE PELLETS
TOTAL MONTH: M 5 = HAIL
GRTST 24HR M ON M 6 = FREEZING RAIN OR DRIZZLE
GRTST DEPTH: M ON M 7 = DUSTSTORM OR SANDSTORM:
VSBY 1/2 MILE OR LESS
8 = SMOKE OR HAZE
[NO. OF DAYS WITH] [WEATHER - DAYS WITH] 9 = BLOWING SNOW
X = TORNADO
MAX 32 OR BELOW: 13 0.01 INCH OR MORE: 11
MAX 90 OR ABOVE: 0 0.10 INCH OR MORE: 9
MIN 32 OR BELOW: 27 0.50 INCH OR MORE: 4
MIN 0 OR BELOW: 2 1.00 INCH OR MORE: 2
[HDD (BASE 65) ]
TOTAL THIS MO. 1122 CLEAR (SCALE 0-3) 11
DPTR FM NORMAL -22 PTCLDY (SCALE 4-7) 7
TOTAL FM JUL 1 2586 CLOUDY (SCALE 8-10) 13
DPTR FM NORMAL -179
[CDD (BASE 65) ]
TOTAL THIS MO. 0
DPTR FM NORMAL 0 [PRESSURE DATA]
TOTAL FM JAN 1 387 HIGHEST SLP 30.53 ON 2
DPTR FM NORMAL 99 LOWEST SLP 29.04 ON 23
[REMARKS]
#FINAL-12-22#