000
CXUS53 KMQT 041402
CF6MQT
PRELIMINARY LOCAL CLIMATOLOGICAL DATA (WS FORM: F-6)
STATION: MARQUETTE MI
MONTH: JULY
YEAR: 2021
LATITUDE: 46 31 N
LONGITUDE: 87 33 W
TEMPERATURE IN F: :PCPN: SNOW: WIND :SUNSHINE: SKY :PK WND
================================================================================
1 2 3 4 5 6A 6B 7 8 9 10 11 12 13 14 15 16 17 18
12Z AVG MX 2MIN
DY MAX MIN AVG DEP HDD CDD WTR SNW DPTH SPD SPD DIR MIN PSBL S-S WX SPD DR
================================================================================
1 62 49 56 -8 9 0 0.00 0.0 0 M M M M M M 17 45
2 74 43 59 -5 6 0 T 0.0 0 M M M M M M 14 45
3 90 65 78 14 0 13 0.00 0.0 0 M M M M M M 22 270
4 89 66 78 13 0 13 0.00 0.0 0 M M M M M M 23 225
5 87 69 78 13 0 13 T 0.0 0 M M M M M M 20 270
6 69 50 60 -5 5 0 0.07 0.0 0 M M M M M M 17 360
7 57 50 54 -11 11 0 T 0.0 0 M M M M M M 16 45
8 66 46 56 -9 9 0 0.00 0.0 0 M M M M M M 17 90
9 73 41 57 -8 8 0 0.00 0.0 0 M M M M M M 15 90
10 81 46 64 -1 1 0 0.00 0.0 0 M M M M M M 14 225
11 80 50 65 0 0 0 0.00 0.0 0 M M M M M M 12 45
12 81 48 65 0 0 0 0.00 0.0 0 M M M M M M 16 135
13 80 57 69 4 0 4 0.00 0.0 0 M M M M M M 16 135
14 79 59 69 3 0 4 0.23 0.0 0 M M M M M M 13 16 45
15 72 51 62 -4 3 0 0.00 0.0 0 M M M M M M 1 22 315
16 79 48 64 -2 1 0 0.00 0.0 0 M M M M M M 13 90
17 83 52 68 2 0 3 0.00 0.0 0 M M M M M M 8 13 90
18 85 60 73 7 0 8 0.00 0.0 0 M M M M M M 14 90
19 86 63 75 9 0 10 0.00 0.0 0 M M M M M M 17 270
20 71 51 61 -5 4 0 T 0.0 0 M M M M M M 1 21 315
21 71 44 58 -8 7 0 0.00 0.0 0 M M M M M M 18 45
22 79 60 70 4 0 5 T 0.0 0 M M M M M M 17 180
23 82 61 72 6 0 7 0.11 0.0 0 M M M M M M 3 28 270
24 83 63 73 7 0 8 0.39 0.0 0 M M M M M M 13 28 270
25 84 57 71 5 0 6 0.00 0.0 0 M M M M M M 26 270
26 84 58 71 5 0 6 0.07 0.0 0 M M M M M M 3 17 270
27 76 56 66 1 0 1 0.10 0.0 0 M M M M M M 3 13 90
28 83 52 68 3 0 3 0.12 0.0 0 M M M M M M 16 225
29 68 54 61 -4 4 0 T 0.0 0 M M M M M M 21 315
30 67 44 56 -9 9 0 0.00 0.0 0 M M M M M M 15 90
31 76 56 66 1 0 1 0.71 T 0 M M M M M M 35 27 315
================================================================================
SM 2397 1669 77 105 1.80 T M M M
================================================================================
AV 77.3 53.8 M FASTST M M M MAX(MPH)
MISC ----> M M # 28 270
================================================================================
NOTES:
# LAST OF SEVERAL OCCURRENCES
COLUMN 17 PEAK WIND IN M.P.H.
PRELIMINARY LOCAL CLIMATOLOGICAL DATA (WS FORM: F-6) , PAGE 2
STATION: MARQUETTE MI
MONTH: JULY
YEAR: 2021
LATITUDE: 46 31 N
LONGITUDE: 87 33 W
[TEMPERATURE DATA] [PRECIPITATION DATA] SYMBOLS USED IN COLUMN 16
AVERAGE MONTHLY: 65.6 TOTAL FOR MONTH: 1.80 1 = FOG OR MIST
DPTR FM NORMAL: 0.3 DPTR FM NORMAL: -1.30 2 = FOG REDUCING VISIBILITY
HIGHEST: 90 ON 3 GRTST 24HR 0.71 ON 31-31 TO 1/4 MILE OR LESS
LOWEST: 41 ON 9 3 = THUNDER
SNOW, ICE PELLETS, HAIL 4 = ICE PELLETS
TOTAL MONTH: T 5 = HAIL
GRTST 24HR T ON 31-31 6 = FREEZING RAIN OR DRIZZLE
GRTST DEPTH: 0 7 = DUSTSTORM OR SANDSTORM:
VSBY 1/2 MILE OR LESS
8 = SMOKE OR HAZE
[NO. OF DAYS WITH] [WEATHER - DAYS WITH] 9 = BLOWING SNOW
X = TORNADO
MAX 32 OR BELOW: 0 0.01 INCH OR MORE: 8
MAX 90 OR ABOVE: 1 0.10 INCH OR MORE: 6
MIN 32 OR BELOW: 0 0.50 INCH OR MORE: 1
MIN 0 OR BELOW: 0 1.00 INCH OR MORE: 0
[HDD (BASE 65) ]
TOTAL THIS MO. 77 CLEAR (SCALE 0-3) 0
DPTR FM NORMAL -5 PTCLDY (SCALE 4-7) 0
TOTAL FM JUL 1 77 CLOUDY (SCALE 8-10) 31
DPTR FM NORMAL 1
[CDD (BASE 65) ]
TOTAL THIS MO. 105
DPTR FM NORMAL 15 [PRESSURE DATA]
TOTAL FM JAN 1 209 HIGHEST SLP M ON M
DPTR FM NORMAL 60 LOWEST SLP M ON M
[REMARKS]
#FINAL-07-21#