360
CXUS53 KMQT 010900
CF6MQT
PRELIMINARY LOCAL CLIMATOLOGICAL DATA (WS FORM: F-6)
STATION: MARQUETTE MI
MONTH: AUGUST
YEAR: 2020
LATITUDE: 46 31 N
LONGITUDE: 87 33 W
TEMPERATURE IN F: :PCPN: SNOW: WIND :SUNSHINE: SKY :PK WND
================================================================================
1 2 3 4 5 6A 6B 7 8 9 10 11 12 13 14 15 16 17 18
12Z AVG MX 2MIN
DY MAX MIN AVG DEP HDD CDD WTR SNW DPTH SPD SPD DIR MIN PSBL S-S WX SPD DR
================================================================================
1 80 53 67 2 0 2 0.00 0.0 0 M M M M M M 12 45
2 65 51 58 -7 7 0 0.34 0.0 0 M M M M M M 1 25 315
3 62 50 56 -9 9 0 0.00 0.0 0 M M M M M M 17 45
4 60 44 52 -13 13 0 T 0.0 0 M M M M M M 19 360
5 72 42 57 -8 8 0 0.00 0.0 0 M M M M M M 18 315
6 79 49 64 -1 1 0 0.00 0.0 0 M M M M M M 16 270
7 80 53 67 2 0 2 0.00 0.0 0 M M M M M M 20 180
8 79 60 70 5 0 5 0.74 0.0 0 M M M M M M 3 M M
9 87 65 76 11 0 11 0.54 0.0 0 M M M M M M 3 33 270
10 75 57 66 1 0 1 0.03 0.0 0 M M M M M M 21 270
11 81 50 66 1 0 1 0.00 0.0 0 M M M M M M 24 270
12 84 56 70 6 0 5 0.00 0.0 0 M M M M M M 12 135
13 78 64 71 7 0 6 0.01 0.0 0 M M M M M M 12 135
14 84 63 74 10 0 9 0.00 0.0 0 M M M M M M 19 180
15 74 60 67 3 0 2 T 0.0 0 M M M M M M 24 270
16 73 53 63 -1 2 0 T 0.0 0 M M M M M M 15 315
17 68 51 60 -4 5 0 0.00 0.0 0 M M M M M M 18 360
18 65 50 58 -6 7 0 0.00 0.0 0 M M M M M M 18 45
19 71 54 63 -1 2 0 0.22 0.0 0 M M M M M M 18 135
20 71 61 66 3 0 1 T 0.0 0 M M M M M M 1 19 315
21 74 61 68 5 0 3 0.18 0.0 0 M M M M M M 123 12 225
22 77 60 69 6 0 4 T 0.0 0 M M M M M M 12 225
23 81 59 70 7 0 5 0.22 0.0 0 M M M M M M 123 19 270
24 79 61 70 7 0 5 0.00 0.0 0 M M M M M M 1 21 270
25 74 57 66 3 0 1 0.00 0.0 0 M M M M M M 16 45
26 72 56 64 2 1 0 0.81 0.0 0 M M M M M M 3 20 270
27 74 55 65 3 0 0 0.00 0.0 0 M M M M M M 17 270
28 65 52 59 -3 6 0 2.06 0.0 0 M M M M M M 12 21 90
29 62 53 58 -4 7 0 0.03 0.0 0 M M M M M M 1 29 270
30 62 47 55 -7 10 0 T 0.0 0 M M M M M M 15 45
31 65 46 56 -5 9 0 0.06 0.0 0 M M M M M M 27 180
================================================================================
SM 2273 1693 87 63 5.24 0.0 M M M
================================================================================
AV 73.3 54.6 M FASTST M M 0 MAX(MPH)
MISC ----> M M # 33 270
================================================================================
NOTES:
# LAST OF SEVERAL OCCURRENCES
COLUMN 17 PEAK WIND IN M.P.H.
PRELIMINARY LOCAL CLIMATOLOGICAL DATA (WS FORM: F-6) , PAGE 2
STATION: MARQUETTE MI
MONTH: AUGUST
YEAR: 2020
LATITUDE: 46 31 N
LONGITUDE: 87 33 W
[TEMPERATURE DATA] [PRECIPITATION DATA] SYMBOLS USED IN COLUMN 16
AVERAGE MONTHLY: 64.0 TOTAL FOR MONTH: 5.24 1 = FOG OR MIST
DPTR FM NORMAL: 0.3 DPTR FM NORMAL: 2.19 2 = FOG REDUCING VISIBILITY
HIGHEST: 87 ON 9 GRTST 24HR 2.06 ON 28-28 TO 1/4 MILE OR LESS
LOWEST: 42 ON 5 3 = THUNDER
SNOW, ICE PELLETS, HAIL 4 = ICE PELLETS
TOTAL MONTH: 0.0 INCH 5 = HAIL
GRTST 24HR 0.0 6 = FREEZING RAIN OR DRIZZLE
GRTST DEPTH: 0 7 = DUSTSTORM OR SANDSTORM:
VSBY 1/2 MILE OR LESS
8 = SMOKE OR HAZE
[NO. OF DAYS WITH] [WEATHER - DAYS WITH] 9 = BLOWING SNOW
X = TORNADO
MAX 32 OR BELOW: 0 0.01 INCH OR MORE: 12
MAX 90 OR ABOVE: 0 0.10 INCH OR MORE: 8
MIN 32 OR BELOW: 0 0.50 INCH OR MORE: 4
MIN 0 OR BELOW: 0 1.00 INCH OR MORE: 1
[HDD (BASE 65) ]
TOTAL THIS MO. 87 CLEAR (SCALE 0-3) 0
DPTR FM NORMAL -19 PTCLDY (SCALE 4-7) 0
TOTAL FM JUL 1 126 CLOUDY (SCALE 8-10) 0
DPTR FM NORMAL -59
[CDD (BASE 65) ]
TOTAL THIS MO. 63
DPTR FM NORMAL -3 [PRESSURE DATA]
TOTAL FM JAN 1 318 HIGHEST SLP M ON M
DPTR FM NORMAL 98 LOWEST SLP M ON M
[REMARKS]
#FINAL-08-20#