000
CXUS51 KLWX 041453
CF6MRB
PRELIMINARY LOCAL CLIMATOLOGICAL DATA (WS FORM: F-6)
STATION: MARTINSBURG WV
MONTH: DECEMBER
YEAR: 2023
LATITUDE: 39 24 N
LONGITUDE: 77 58 W
TEMPERATURE IN F: :PCPN: SNOW: WIND :SUNSHINE: SKY :PK WND
================================================================================
1 2 3 4 5 6A 6B 7 8 9 10 11 12 13 14 15 16 17 18
12Z AVG MX 2MIN
DY MAX MIN AVG DEP HDD CDD WTR SNW DPTH SPD SPD DIR MIN PSBL S-S WX SPD DR
================================================================================
1 43 30 37 -3 28 0 0.06 M M 1.7 7 100 M M 6 18 9 180
2 57 34 46 7 19 0 T M M 0.9 7 360 M M 6 128 8 340
3 54 48 51 12 14 0 0.25 M M 6.1 31 270 M M 8 12 40 260
4 49 36 43 4 22 0 0.00 M M 5.8 20 280 M M 4 26 270
5 44 32 38 0 27 0 0.04 M M 4.1 15 300 M M 8 1 19 330
6 42 31 37 -1 28 0 0.03 M M 8.4 24 310 M M 7 1 38 300
7 48 29 39 1 26 0 0.00 M M 4.9 15 200 M M 7 21 190
8 57 28 43 5 22 0 0.00 M M 2.3 14 150 M M 0 18 17 150
9 53 32 43 6 22 0 0.00 M M 2.1 7 330 M M 2 18 9 140
10 52 36 44 7 21 0 0.98 M M 5.6 18 320 M M 9 1 24 320
11 43 27 35 -2 30 0 0.10 M M 11.8 23 290 M M 7 1 33 290
12 47 22 35 -2 30 0 0.00 M M 5.0 12 200 M M 0 18 190
13 46 24 35 -1 30 0 0.00 M M 5.5 17 290 M M 0 24 320
14 48 18 33 -3 32 0 0.00 M M 3.9 13 270 M M 0 17 310
15 56 24 40 4 25 0 0.00 M M 5.3 15 280 M M 0 19 280
16 55 22 39 3 26 0 0.00 M M 1.6 8 110 M M 0 12 110
17 49 33 41 5 24 0 1.31 M M 4.4 18 360 M M 9 12 23 350
18 50 33 42 7 23 0 0.24 M M 18.5 31 280 M M 8 1 42 290
19 37 28 33 -2 32 0 0.00 M M 14.2 26 290 M M 5 36 320
20 46 18 32 -3 33 0 0.00 M M 2.4 9 320 M M 0 13 270
21 36 19 28 -7 37 0 0.00 M M 0.1 3 180 M M 6 5 80
22 42 23 33 -2 32 0 0.00 M M 0.6 8 140 M M 7 1 11 140
23 44 30 37 3 28 0 0.00 M M 2.0 7 100 M M 6 9 110
24 52 37 45 11 20 0 0.03 M M 1.6 7 20 M M 10 8 40
25 52 35 44 10 21 0 0.00 M M 2.0 8 90 M M 3 1 15 340
26 47 41 44 10 21 0 0.30 M M 2.7 8 110 M M 10 1 11 110
27 48 45 47 13 18 0 0.23 M M 4.2 12 30 M M 10 1 15 40
28 58 43 51 17 14 0 0.00 M M 3.7 12 260 M M 7 1 22 310
29 49 32 41 7 24 0 0.00 M M 7.4 16 260 M M 6 19 260
30 46 30 38 5 27 0 0.00 M M 9.8 21 280 M M 8 25 280
31 45 36 41 8 24 0 T M M 4.4 18 290 M M 9 23 280
================================================================================
SM 1495 956 780 0 3.57 M 153.0 M 168
================================================================================
AV 48.2 30.8 4.9 FASTST M M 5 MAX(MPH)
MISC ----> # 31 270 42 290
================================================================================
NOTES:
# LAST OF SEVERAL OCCURRENCES
COLUMN 17 PEAK WIND IN M.P.H.
PRELIMINARY LOCAL CLIMATOLOGICAL DATA (WS FORM: F-6) , PAGE 2
STATION: MARTINSBURG WV
MONTH: DECEMBER
YEAR: 2023
LATITUDE: 39 24 N
LONGITUDE: 77 58 W
[TEMPERATURE DATA] [PRECIPITATION DATA] SYMBOLS USED IN COLUMN 16
AVERAGE MONTHLY: 39.5 TOTAL FOR MONTH: 3.57 1 = FOG OR MIST
DPTR FM NORMAL: 3.5 DPTR FM NORMAL: 0.57 2 = FOG REDUCING VISIBILITY
HIGHEST: 58 ON 28 GRTST 24HR 1.55 ON 17-18 TO 1/4 MILE OR LESS
LOWEST: 18 ON 20,14 3 = THUNDER
SNOW, ICE PELLETS, HAIL 4 = ICE PELLETS
TOTAL MONTH: 0.0 INCH 5 = HAIL
GRTST 24HR M ON M 6 = FREEZING RAIN OR DRIZZLE
GRTST DEPTH: 0 7 = DUSTSTORM OR SANDSTORM:
VSBY 1/2 MILE OR LESS
8 = SMOKE OR HAZE
[NO. OF DAYS WITH] [WEATHER - DAYS WITH] 9 = BLOWING SNOW
X = TORNADO
MAX 32 OR BELOW: 0 0.01 INCH OR MORE: 11
MAX 90 OR ABOVE: 0 0.10 INCH OR MORE: 7
MIN 32 OR BELOW: 19 0.50 INCH OR MORE: 2
MIN 0 OR BELOW: 0 1.00 INCH OR MORE: 1
[HDD (BASE 65) ]
TOTAL THIS MO. 780 CLEAR (SCALE 0-3) 8
DPTR FM NORMAL -121 PTCLDY (SCALE 4-7) 14
TOTAL FM JUL 1 1855 CLOUDY (SCALE 8-10) 9
DPTR FM NORMAL -43
[CDD (BASE 65) ]
TOTAL THIS MO. 0
DPTR FM NORMAL 0 [PRESSURE DATA]
TOTAL FM JAN 1 754 HIGHEST SLP 30.75 ON 14
DPTR FM NORMAL -258 LOWEST SLP 29.29 ON 18
[REMARKS]
#FINAL-12-23#